{"id":967,"date":"2020-04-26T09:34:03","date_gmt":"2020-04-26T09:34:03","guid":{"rendered":"https:\/\/fjalvarezjimenez.wordpress.com\/?page_id=967"},"modified":"2020-04-26T09:34:03","modified_gmt":"2020-04-26T09:34:03","slug":"udis-registros","status":"publish","type":"page","link":"https:\/\/blogsaverroes.juntadeandalucia.es\/fjavieralvarezjimenez\/udis-registros\/","title":{"rendered":"UDI&#8217;s &amp; Registros"},"content":{"rendered":"\n<h3 class=\"wp-block-heading\">REGISTROS Y EJEMPLOS DE UDIS.<\/h3>\n\n\n\n<ul><li>Modelo Secuenciaci\u00f3n de contenidos CODE y Scratch en Ed. Infantil<a href=\"https:\/\/fjalvarezjimenez.files.wordpress.com\/2018\/02\/secuenciacic3b3n-en-infantil-rellena.pdf\"> (plantilla + ejemplo)<\/a><\/li><li><a href=\"https:\/\/fjalvarezjimenez.files.wordpress.com\/2018\/02\/propuestadidactica-170311075504.pdf\">Ejemplo <\/a>de propuesta did\u00e1ctica y evaluaci\u00f3n por R\u00fabricas.<\/li><li><a href=\"https:\/\/fjalvarezjimenez.files.wordpress.com\/2018\/02\/unidad-1-animaciones-creativecommons-v2.pdf\">Transposici\u00f3n did\u00e1ctica <\/a>Tema 01 \u2013 Animaci\u00f3n y Sem\u00e1foro. 6\u00ba de Ed. Primaria.<\/li><\/ul>\n","protected":false},"excerpt":{"rendered":"<p>REGISTROS Y EJEMPLOS DE UDIS. Modelo Secuenciaci\u00f3n de contenidos CODE y Scratch en Ed. Infantil (plantilla + ejemplo) Ejemplo de propuesta did\u00e1ctica y evaluaci\u00f3n por R\u00fabricas. Transposici\u00f3n did\u00e1ctica Tema 01 \u2013 Animaci\u00f3n y Sem\u00e1foro. 6\u00ba de Ed. Primaria.<\/p>\n","protected":false},"author":6095,"featured_media":0,"parent":0,"menu_order":0,"comment_status":"closed","ping_status":"closed","template":"","meta":{"ngg_post_thumbnail":0,"footnotes":""},"aioseo_notices":[],"_links":{"self":[{"href":"https:\/\/blogsaverroes.juntadeandalucia.es\/fjavieralvarezjimenez\/wp-json\/wp\/v2\/pages\/967"}],"collection":[{"href":"https:\/\/blogsaverroes.juntadeandalucia.es\/fjavieralvarezjimenez\/wp-json\/wp\/v2\/pages"}],"about":[{"href":"https:\/\/blogsaverroes.juntadeandalucia.es\/fjavieralvarezjimenez\/wp-json\/wp\/v2\/types\/page"}],"author":[{"embeddable":true,"href":"https:\/\/blogsaverroes.juntadeandalucia.es\/fjavieralvarezjimenez\/wp-json\/wp\/v2\/users\/6095"}],"replies":[{"embeddable":true,"href":"https:\/\/blogsaverroes.juntadeandalucia.es\/fjavieralvarezjimenez\/wp-json\/wp\/v2\/comments?post=967"}],"version-history":[{"count":0,"href":"https:\/\/blogsaverroes.juntadeandalucia.es\/fjavieralvarezjimenez\/wp-json\/wp\/v2\/pages\/967\/revisions"}],"wp:attachment":[{"href":"https:\/\/blogsaverroes.juntadeandalucia.es\/fjavieralvarezjimenez\/wp-json\/wp\/v2\/media?parent=967"}],"curies":[{"name":"wp","href":"https:\/\/api.w.org\/{rel}","templated":true}]}}