{"id":123,"date":"2021-03-18T21:43:48","date_gmt":"2021-03-18T20:43:48","guid":{"rendered":"https:\/\/fpiesalmadraba.wordpress.com\/?page_id=123"},"modified":"2023-01-17T07:12:23","modified_gmt":"2023-01-17T07:12:23","slug":"requisitos-de-acceso","status":"publish","type":"page","link":"https:\/\/blogsaverroes.juntadeandalucia.es\/fpiesalmadraba\/admisiones\/requisitos-de-acceso\/","title":{"rendered":"Requisitos de acceso"},"content":{"rendered":"\r\n<h3 id=\"requisitos-acceso\" class=\"has-text-align-center wp-block-heading\"><span class=\"uppercase\"><span class=\"has-inline-color\" style=\"color: #74c4f3\">Requisitos de acceso<\/span><\/span><\/h3>\r\n\r\n\r\n\r\n<div class=\"wp-block-group\">\r\n<div class=\"wp-block-group__inner-container is-layout-flow wp-block-group-is-layout-flow\">\r\n<div class=\"wp-block-columns is-layout-flex wp-container-core-columns-layout-1 wp-block-columns-is-layout-flex\">\r\n<div class=\"wp-block-column is-layout-flow wp-block-column-is-layout-flow\">\r\n<div class=\"wp-block-group\">\r\n<div class=\"wp-block-group__inner-container is-layout-flow wp-block-group-is-layout-flow\">\r\n<h4 class=\"has-text-align-center wp-block-heading\"><span class=\"has-inline-color\" style=\"color: #5c6c9b\">Grado medio<\/span><\/h4>\r\n<\/div>\r\n<\/div>\r\n\r\n\r\n\r\n<p class=\"has-small-font-size\">Al menos, debes tener uno de los siguientes requisitos:<\/p>\r\n\r\n\r\n\r\n<ul style=\"font-size: 16px\">\r\n<li>Graduado E.S.O.<\/li>\r\n<li>T\u00edtulo de FP I<\/li>\r\n<li>2\u00ba B.U.P.<\/li>\r\n<li>F.P. B\u00e1sica (actualmente no es necesario que sea de la misma rama que el C.F.G.M. al que quiero acceder).<\/li>\r\n<li>Superada la prueba de acceso a C.F.G.M.<\/li>\r\n<\/ul>\r\n<\/div>\r\n\r\n\r\n\r\n<div class=\"wp-block-column is-layout-flow wp-block-column-is-layout-flow\">\r\n<h4 class=\"has-text-align-center wp-block-heading\"><span class=\"has-inline-color\" style=\"color: #9daac6\">Grado superior<\/span><\/h4>\r\n\r\n\r\n\r\n<p class=\"has-small-font-size\">Al menos, debes tener uno de los siguientes requisitos:<\/p>\r\n\r\n\r\n\r\n<ul style=\"font-size: 16px\">\r\n<li>Bachillerato.<\/li>\r\n<li>T\u00edtulo de FP II<\/li>\r\n<li>B.U.P. y C.O.U.<\/li>\r\n<li>Prueba de acceso a la universidad para mayores de 25 a\u00f1os.<\/li>\r\n<li>C.F. Grado Medio (actualmente no es necesario que sea de la misma rama que el C.F.G.S. al que quiero acceder).<\/li>\r\n<li>Superada la prueba de acceso a C.F.G.S.<\/li>\r\n<\/ul>\r\n<\/div>\r\n<\/div>\r\n<\/div>\r\n<\/div>\r\n\r\n\r\n<hr class=\"wp-block-separator alignwide has-text-color has-background has-secondary-background-color has-secondary-color is-style-wide\">\r\n\r\n\r\n<h3 id=\"pruebas-acceso\" class=\"has-text-align-center wp-block-heading\"><span class=\"uppercase\"><span class=\"has-inline-color\" style=\"color: #303030\">Pruebas de acceso<\/span><\/span><\/h3>\r\n\r\n\r\n\r\n<div class=\"wp-block-group\">\r\n<div class=\"wp-block-group__inner-container is-layout-flow wp-block-group-is-layout-flow\">\r\n<div class=\"wp-block-columns is-layout-flex wp-container-core-columns-layout-2 wp-block-columns-is-layout-flex\">\r\n<div class=\"wp-block-column is-layout-flow wp-block-column-is-layout-flow\">\r\n<div class=\"wp-block-group\">\r\n<div class=\"wp-block-group__inner-container is-layout-flow wp-block-group-is-layout-flow\">\r\n<h4 class=\"has-text-align-center wp-block-heading\"><span class=\"has-inline-color\" style=\"color: #5c6c9b\">Grado medio<\/span><\/h4>\r\n<\/div>\r\n<\/div>\r\n\r\n\r\n\r\n<p class=\"has-small-font-size\">Requisito para su realizaci\u00f3n:<\/p>\r\n\r\n\r\n\r\n<figure class=\"wp-block-table is-style-regular\">\r\n<table class=\"has-subtle-light-gray-background-color has-background\">\r\n<tbody>\r\n<tr>\r\n<td>Tener cumplidos <strong>17 a\u00f1os de edad<\/strong> o cumplirlos en el a\u00f1o natural de celebraci\u00f3n de la prueba.<\/td>\r\n<\/tr>\r\n<\/tbody>\r\n<\/table>\r\n<\/figure>\r\n<\/div>\r\n\r\n\r\n\r\n<div class=\"wp-block-column is-layout-flow wp-block-column-is-layout-flow\">\r\n<h4 class=\"has-text-align-center wp-block-heading\"><span class=\"has-inline-color\" style=\"color: #9daac6\">Grado superior<\/span><\/h4>\r\n\r\n\r\n\r\n<p class=\"has-small-font-size\">Requisito para su realizaci\u00f3n:<\/p>\r\n\r\n\r\n\r\n<figure class=\"wp-block-table\">\r\n<table class=\"has-subtle-light-gray-background-color has-background\">\r\n<tbody>\r\n<tr>\r\n<td>Tener cumplidos <strong>19 a\u00f1os de edad<\/strong> o cumplirlos en el a\u00f1o natural de celebraci\u00f3n de la prueba.<\/td>\r\n<\/tr>\r\n<\/tbody>\r\n<\/table>\r\n<\/figure>\r\n\r\n\r\n\r\n<p>&nbsp;<\/p>\r\n<\/div>\r\n<\/div>\r\n<\/div>\r\n<\/div>\r\n\r\n\r\n\r\n<p>Puedes consultar la informaci\u00f3n detallada de convocatoria, centros de realizaci\u00f3n y fechas en&nbsp;<a href=\"https:\/\/www.juntadeandalucia.es\/educacion\/portals\/web\/formacion-profesional-andaluza\/quiero-formarme\/pruebas-y-procedimientos\/pruebas-acceso\/inscripcion\" target=\"_blank\" rel=\"noreferrer noopener\">la web de la Consejer\u00eda de Educaci\u00f3n de la Junta de Andaluc\u00eda.<\/a><\/p>\r\n\r\n\r\n\r\n<div class=\"wp-block-columns is-layout-flex wp-container-core-columns-layout-3 wp-block-columns-is-layout-flex\">\r\n<div class=\"wp-block-column is-layout-flow wp-block-column-is-layout-flow\" style=\"flex-basis: 100%\">\r\n<p>Puedes encontrar m\u00e1s informaci\u00f3n en la web de la Junta de Andaluc\u00eda.<\/p>\r\n<\/div>\r\n\r\n\r\n\r\n<div class=\"wp-block-column is-layout-flow wp-block-column-is-layout-flow\" style=\"flex-basis: 15%\">\r\n<div class=\"wp-block-buttons is-layout-flex wp-block-buttons-is-layout-flex\">\r\n<div class=\"wp-block-button\"><a class=\"wp-block-button__link\" href=\"https:\/\/www.juntadeandalucia.es\/educacion\/portals\/web\/formacion-profesional-andaluza\" target=\"_blank\" rel=\"noreferrer noopener\">Ir<\/a><\/div>\r\n<\/div>\r\n<\/div>\r\n<\/div>\r\n\r\n\r\n\r\n<p>&nbsp;<\/p>\r\n","protected":false},"excerpt":{"rendered":"<p>Requisitos de acceso Grado medio Al menos, debes tener uno de los siguientes requisitos: Graduado E.S.O. T\u00edtulo de FP I 2\u00ba B.U.P. F.P. B\u00e1sica (actualmente&hellip;<\/p>\n","protected":false},"author":10364,"featured_media":0,"parent":45,"menu_order":0,"comment_status":"closed","ping_status":"closed","template":"","meta":{"ngg_post_thumbnail":0,"footnotes":""},"aioseo_notices":[],"_links":{"self":[{"href":"https:\/\/blogsaverroes.juntadeandalucia.es\/fpiesalmadraba\/wp-json\/wp\/v2\/pages\/123"}],"collection":[{"href":"https:\/\/blogsaverroes.juntadeandalucia.es\/fpiesalmadraba\/wp-json\/wp\/v2\/pages"}],"about":[{"href":"https:\/\/blogsaverroes.juntadeandalucia.es\/fpiesalmadraba\/wp-json\/wp\/v2\/types\/page"}],"author":[{"embeddable":true,"href":"https:\/\/blogsaverroes.juntadeandalucia.es\/fpiesalmadraba\/wp-json\/wp\/v2\/users\/10364"}],"replies":[{"embeddable":true,"href":"https:\/\/blogsaverroes.juntadeandalucia.es\/fpiesalmadraba\/wp-json\/wp\/v2\/comments?post=123"}],"version-history":[{"count":1,"href":"https:\/\/blogsaverroes.juntadeandalucia.es\/fpiesalmadraba\/wp-json\/wp\/v2\/pages\/123\/revisions"}],"predecessor-version":[{"id":590,"href":"https:\/\/blogsaverroes.juntadeandalucia.es\/fpiesalmadraba\/wp-json\/wp\/v2\/pages\/123\/revisions\/590"}],"up":[{"embeddable":true,"href":"https:\/\/blogsaverroes.juntadeandalucia.es\/fpiesalmadraba\/wp-json\/wp\/v2\/pages\/45"}],"wp:attachment":[{"href":"https:\/\/blogsaverroes.juntadeandalucia.es\/fpiesalmadraba\/wp-json\/wp\/v2\/media?parent=123"}],"curies":[{"name":"wp","href":"https:\/\/api.w.org\/{rel}","templated":true}]}}