{"id":228,"date":"2023-06-06T10:22:12","date_gmt":"2023-06-06T10:22:12","guid":{"rendered":"https:\/\/blogsaverroes.juntadeandalucia.es\/fpiesmontesorientales\/?page_id=228"},"modified":"2023-06-06T10:22:12","modified_gmt":"2023-06-06T10:22:12","slug":"tecnico-en-atencion-a-personas-en-situacion-de-dependencia","status":"publish","type":"page","link":"https:\/\/blogsaverroes.juntadeandalucia.es\/fpiesmontesorientales\/tecnico-en-atencion-a-personas-en-situacion-de-dependencia\/","title":{"rendered":"T\u00e9cnico en Atenci\u00f3n a Personas en Situaci\u00f3n de Dependencia"},"content":{"rendered":"<p><iframe class=\"wp-embedded-content\" sandbox=\"allow-scripts\" security=\"restricted\" title=\"DEPENDENCIA\" frameborder='0' width='800' height='1600' src='https:\/\/view.genial.ly\/647ef794e2102a00183f0885#?secret=HsV8E96Wy8' data-secret='HsV8E96Wy8' scrolling='yes'><\/iframe><\/p>\n","protected":false},"excerpt":{"rendered":"","protected":false},"author":17997,"featured_media":0,"parent":0,"menu_order":0,"comment_status":"closed","ping_status":"closed","template":"","meta":{"ngg_post_thumbnail":0,"footnotes":""},"aioseo_notices":[],"_links":{"self":[{"href":"https:\/\/blogsaverroes.juntadeandalucia.es\/fpiesmontesorientales\/wp-json\/wp\/v2\/pages\/228"}],"collection":[{"href":"https:\/\/blogsaverroes.juntadeandalucia.es\/fpiesmontesorientales\/wp-json\/wp\/v2\/pages"}],"about":[{"href":"https:\/\/blogsaverroes.juntadeandalucia.es\/fpiesmontesorientales\/wp-json\/wp\/v2\/types\/page"}],"author":[{"embeddable":true,"href":"https:\/\/blogsaverroes.juntadeandalucia.es\/fpiesmontesorientales\/wp-json\/wp\/v2\/users\/17997"}],"replies":[{"embeddable":true,"href":"https:\/\/blogsaverroes.juntadeandalucia.es\/fpiesmontesorientales\/wp-json\/wp\/v2\/comments?post=228"}],"version-history":[{"count":1,"href":"https:\/\/blogsaverroes.juntadeandalucia.es\/fpiesmontesorientales\/wp-json\/wp\/v2\/pages\/228\/revisions"}],"predecessor-version":[{"id":229,"href":"https:\/\/blogsaverroes.juntadeandalucia.es\/fpiesmontesorientales\/wp-json\/wp\/v2\/pages\/228\/revisions\/229"}],"wp:attachment":[{"href":"https:\/\/blogsaverroes.juntadeandalucia.es\/fpiesmontesorientales\/wp-json\/wp\/v2\/media?parent=228"}],"curies":[{"name":"wp","href":"https:\/\/api.w.org\/{rel}","templated":true}]}}