{"id":63,"date":"2022-02-24T09:12:17","date_gmt":"2022-02-24T09:12:17","guid":{"rendered":"https:\/\/blogsaverroes.juntadeandalucia.es\/fpmadera\/?page_id=63"},"modified":"2022-05-09T09:11:12","modified_gmt":"2022-05-09T09:11:12","slug":"formacion-en-dual","status":"publish","type":"page","link":"https:\/\/blogsaverroes.juntadeandalucia.es\/fpmadera\/formacion-en-dual\/","title":{"rendered":"FORMACI\u00d3N EN DUAL"},"content":{"rendered":"\t\t<div data-elementor-type=\"wp-page\" data-elementor-id=\"63\" class=\"elementor elementor-63\">\n\t\t\t\t\t\t<section class=\"elementor-section elementor-top-section elementor-element elementor-element-396c31d elementor-section-boxed elementor-section-height-default elementor-section-height-default\" data-id=\"396c31d\" data-element_type=\"section\">\n\t\t\t\t\t\t<div class=\"elementor-container elementor-column-gap-default\">\n\t\t\t\t\t<div class=\"elementor-column elementor-col-100 elementor-top-column elementor-element elementor-element-5b0b3a7\" data-id=\"5b0b3a7\" data-element_type=\"column\">\n\t\t\t<div class=\"elementor-widget-wrap elementor-element-populated\">\n\t\t\t\t\t\t<div class=\"elementor-element elementor-element-4f9bba5 elementor-widget elementor-widget-heading\" data-id=\"4f9bba5\" data-element_type=\"widget\" data-widget_type=\"heading.default\">\n\t\t\t\t<div class=\"elementor-widget-container\">\n\t\t\t\t\t<h2 class=\"elementor-heading-title elementor-size-default\">Justificaci\u00f3n del Proyecto en Dual<\/h2>\t\t\t\t<\/div>\n\t\t\t\t<\/div>\n\t\t\t\t\t<\/div>\n\t\t<\/div>\n\t\t\t\t\t<\/div>\n\t\t<\/section>\n\t\t\t\t<section class=\"elementor-section elementor-top-section elementor-element elementor-element-5bb4a4e elementor-section-boxed elementor-section-height-default elementor-section-height-default\" data-id=\"5bb4a4e\" data-element_type=\"section\">\n\t\t\t\t\t\t<div class=\"elementor-container elementor-column-gap-default\">\n\t\t\t\t\t<div class=\"elementor-column elementor-col-100 elementor-top-column elementor-element elementor-element-632532b\" data-id=\"632532b\" data-element_type=\"column\">\n\t\t\t<div class=\"elementor-widget-wrap elementor-element-populated\">\n\t\t\t\t\t\t<div class=\"elementor-element elementor-element-8589b77 elementor-widget elementor-widget-text-editor\" data-id=\"8589b77\" data-element_type=\"widget\" data-widget_type=\"text-editor.default\">\n\t\t\t\t<div class=\"elementor-widget-container\">\n\t\t\t\t\t\t\t\t\t<p><span style=\"color: #000080\">Los Centros de Formaci\u00f3n Profesional tenemos un importante papel como dinamizadores sociales y econ\u00f3micos.<\/span><br><span style=\"color: #000080\">Ofrecemos a nuestro entorno empresarial, profesionales formados y nuestra labor cobra m\u00e1s sentido si hay una&nbsp;<\/span><span style=\"color: #000080\">fuerte implicaci\u00f3n entre el Centro educativo y su entorno empresarial. Debido a la relaci\u00f3n que existe entre la&nbsp;<\/span><span style=\"color: #000080\">actividad que desarrollan dichas empresas y los resultados de aprendizajes de cada m\u00f3dulo del ciclo. La relaci\u00f3n&nbsp;<\/span><span style=\"color: #000080\">con las empresas no puede quedarse en la mera realizaci\u00f3n del m\u00f3dulo de FCT.<\/span><br><span style=\"color: #000080\">El alumnado de Formaci\u00f3n Profesional de Grado Medio, presenta un perfil caracter\u00edstico que se adaptar\u00eda de&nbsp;<\/span><span style=\"color: #000080\">manera inmediata a un entorno laboral real, rompiendo una din\u00e1mica y trayectoria negativa en las aulas,&nbsp;<\/span><span style=\"color: #000080\">prestando mucha m\u00e1s atenci\u00f3n, mayor motivaci\u00f3n, siendo mucho m\u00e1s receptivos y aprendiendo con mayor&nbsp;<\/span><span style=\"color: #000080\">rapidez dependiendo del tipo de actividad que se les asigne.<\/span><br><span style=\"color: #000080\">Cuando las acciones de aprendizaje son realizadas directamente por profesionales del sector el alumnado no&nbsp;<\/span><span style=\"color: #000080\">solo encuentra un refuerzo positivo a su trabajo, sino tambi\u00e9n a las ense\u00f1anzas recibidas en el centro educativo&nbsp;<\/span><span style=\"color: #000080\">que adquieren un mayor valor para este alumnado, enriqueciendo el proceso de ense\u00f1anza con un aprendizaje&nbsp;<\/span><span style=\"color: #000080\">mucho m\u00e1s significativo.<\/span><br><span style=\"color: #000080\">Por otro lado, las empresas relacionadas con este sector productivo ofrecen oportunidades de especializaci\u00f3n y&nbsp;<\/span><span style=\"color: #000080\">est\u00e1n dentro de la estrategia industrial de Andaluc\u00eda. Poseen un perfil profesional de sus trabajadores donde&nbsp;<\/span><span style=\"color: #000080\">abundan personas que pasan de los 50 a\u00f1os y precisan renovar la plantilla en un futuro cercano, la formaci\u00f3n&nbsp;<\/span><span style=\"color: #000080\">que requiere para incorporarse a su puesto de trabajo ha de ser impartida preferentemente por la empresa.<\/span><\/p>\n<p><span style=\"color: #000080\">El<strong>&nbsp;I.E.S. Pe\u00f1a del \u00c1guila<\/strong>&nbsp;quiere poner a disposici\u00f3n de las empresas de Mancha Real y alrededores personas&nbsp;<\/span><span style=\"color: #000080\">formadas en el sector de la madera. Apuesta por sumarse al carro de la FP Dual, como iniciativa innovadora en l<\/span><span style=\"color: #000080\">a formaci\u00f3n y pensando en la integraci\u00f3n laboral de calidad del alumnado.<\/span><\/p>\n<p><span style=\"color: #000080\">El proyecto nace como apoyo al tejido empresarial del sector de la madera y el mueble existente en la localidad,&nbsp;<\/span><span style=\"color: #000080\">uno de los referentes a nivel nacional. Esta F.P. de Grado Medio se ajusta a los objetivos que se marcan en la&nbsp;<\/span><span style=\"color: #000080\">normativa vigente que regula esta modalidad de ense\u00f1anza y considera adecuada como primera experiencia, el&nbsp;<\/span><span style=\"color: #000080\">desarrollo de la&nbsp;<strong>Formaci\u00f3n Profesional en alternancia en el centro I.E.S. Pe\u00f1a del \u00c1guila con empresas del sector&nbsp;<\/strong><\/span><span style=\"color: #000080\"><strong>de la madera y el mueble<\/strong>&nbsp;de Mancha Real y localidades cercanas, con intenci\u00f3n de ampliar la oferta educativa&nbsp;<\/span><span style=\"color: #000080\">del centro y ofrecer m\u00e1s opciones en cuanto a modalidades educativas para un futuro, al tiempo que pretende<\/span><br><span style=\"color: #000080\">alcanzar objetivos de \u00e9xito educativo para el alumnado<\/span><\/p>\n<p>.<\/p>\t\t\t\t\t\t\t\t<\/div>\n\t\t\t\t<\/div>\n\t\t\t\t\t<\/div>\n\t\t<\/div>\n\t\t\t\t\t<\/div>\n\t\t<\/section>\n\t\t\t\t<\/div>\n\t\t","protected":false},"excerpt":{"rendered":"<p>Justificaci\u00f3n del Proyecto en Dual Los Centros de Formaci\u00f3n Profesional tenemos un importante papel como dinamizadores sociales y econ\u00f3micos.Ofrecemos a nuestro entorno empresarial, profesionales formados y nuestra labor cobra m\u00e1s sentido si hay una&nbsp;fuerte&#46;&#46;&#46;<\/p>\n","protected":false},"author":12045,"featured_media":0,"parent":0,"menu_order":0,"comment_status":"closed","ping_status":"closed","template":"","meta":{"ngg_post_thumbnail":0,"footnotes":""},"aioseo_notices":[],"_links":{"self":[{"href":"https:\/\/blogsaverroes.juntadeandalucia.es\/fpmadera\/wp-json\/wp\/v2\/pages\/63"}],"collection":[{"href":"https:\/\/blogsaverroes.juntadeandalucia.es\/fpmadera\/wp-json\/wp\/v2\/pages"}],"about":[{"href":"https:\/\/blogsaverroes.juntadeandalucia.es\/fpmadera\/wp-json\/wp\/v2\/types\/page"}],"author":[{"embeddable":true,"href":"https:\/\/blogsaverroes.juntadeandalucia.es\/fpmadera\/wp-json\/wp\/v2\/users\/12045"}],"replies":[{"embeddable":true,"href":"https:\/\/blogsaverroes.juntadeandalucia.es\/fpmadera\/wp-json\/wp\/v2\/comments?post=63"}],"version-history":[{"count":4,"href":"https:\/\/blogsaverroes.juntadeandalucia.es\/fpmadera\/wp-json\/wp\/v2\/pages\/63\/revisions"}],"predecessor-version":[{"id":154,"href":"https:\/\/blogsaverroes.juntadeandalucia.es\/fpmadera\/wp-json\/wp\/v2\/pages\/63\/revisions\/154"}],"wp:attachment":[{"href":"https:\/\/blogsaverroes.juntadeandalucia.es\/fpmadera\/wp-json\/wp\/v2\/media?parent=63"}],"curies":[{"name":"wp","href":"https:\/\/api.w.org\/{rel}","templated":true}]}}

FORMACIÓN EN DUAL

<div data-elementor-type="wp-page" data-elementor-id="63" class="elementor elementor-63">
						<section class="elementor-section elementor-top-section elementor-element elementor-element-396c31d elementor-section-boxed elementor-section-height-default elementor-section-height-default" data-id="396c31d" data-element_type="section">
						<div class="elementor-container elementor-column-gap-default">
					<div class="elementor-column elementor-col-100 elementor-top-column elementor-element elementor-element-5b0b3a7" data-id="5b0b3a7" data-element_type="column">
			<div class="elementor-widget-wrap elementor-element-populated">
						<div class="elementor-element elementor-element-4f9bba5 elementor-widget elementor-widget-heading" data-id="4f9bba5" data-element_type="widget" data-widget_type="heading.default">
				<div class="elementor-widget-container">
					<h2 class="elementor-heading-title elementor-size-default">Justificación del Proyecto en Dual</h2>				</div>
				</div>
					</div>
		</div>
					</div>
		</section>
				<section class="elementor-section elementor-top-section elementor-element elementor-element-5bb4a4e elementor-section-boxed elementor-section-height-default elementor-section-height-default" data-id="5bb4a4e" data-element_type="section">
						<div class="elementor-container elementor-column-gap-default">
					<div class="elementor-column elementor-col-100 elementor-top-column elementor-element elementor-element-632532b" data-id="632532b" data-element_type="column">
			<div class="elementor-widget-wrap elementor-element-populated">
						<div class="elementor-element elementor-element-8589b77 elementor-widget elementor-widget-text-editor" data-id="8589b77" data-element_type="widget" data-widget_type="text-editor.default">
				<div class="elementor-widget-container">
									<p><span style="color: #000080">Los Centros de Formación Profesional tenemos un importante papel como dinamizadores sociales y económicos.</span><br><span style="color: #000080">Ofrecemos a nuestro entorno empresarial, profesionales formados y nuestra labor cobra más sentido si hay una&nbsp;</span><span style="color: #000080">fuerte implicación entre el Centro educativo y su entorno empresarial. Debido a la relación que existe entre la&nbsp;</span><span style="color: #000080">actividad que desarrollan dichas empresas y los resultados de aprendizajes de cada módulo del ciclo. La relación&nbsp;</span><span style="color: #000080">con las empresas no puede quedarse en la mera realización del módulo de FCT.</span><br><span style="color: #000080">El alumnado de Formación Profesional de Grado Medio, presenta un perfil característico que se adaptaría de&nbsp;</span><span style="color: #000080">manera inmediata a un entorno laboral real, rompiendo una dinámica y trayectoria negativa en las aulas,&nbsp;</span><span style="color: #000080">prestando mucha más atención, mayor motivación, siendo mucho más receptivos y aprendiendo con mayor&nbsp;</span><span style="color: #000080">rapidez dependiendo del tipo de actividad que se les asigne.</span><br><span style="color: #000080">Cuando las acciones de aprendizaje son realizadas directamente por profesionales del sector el alumnado no&nbsp;</span><span style="color: #000080">solo encuentra un refuerzo positivo a su trabajo, sino también a las enseñanzas recibidas en el centro educativo&nbsp;</span><span style="color: #000080">que adquieren un mayor valor para este alumnado, enriqueciendo el proceso de enseñanza con un aprendizaje&nbsp;</span><span style="color: #000080">mucho más significativo.</span><br><span style="color: #000080">Por otro lado, las empresas relacionadas con este sector productivo ofrecen oportunidades de especialización y&nbsp;</span><span style="color: #000080">están dentro de la estrategia industrial de Andalucía. Poseen un perfil profesional de sus trabajadores donde&nbsp;</span><span style="color: #000080">abundan personas que pasan de los 50 años y precisan renovar la plantilla en un futuro cercano, la formación&nbsp;</span><span style="color: #000080">que requiere para incorporarse a su puesto de trabajo ha de ser impartida preferentemente por la empresa.</span></p>
<p><span style="color: #000080">El<strong>&nbsp;I.E.S. Peña del Águila</strong>&nbsp;quiere poner a disposición de las empresas de Mancha Real y alrededores personas&nbsp;</span><span style="color: #000080">formadas en el sector de la madera. Apuesta por sumarse al carro de la FP Dual, como iniciativa innovadora en l</span><span style="color: #000080">a formación y pensando en la integración laboral de calidad del alumnado.</span></p>
<p><span style="color: #000080">El proyecto nace como apoyo al tejido empresarial del sector de la madera y el mueble existente en la localidad,&nbsp;</span><span style="color: #000080">uno de los referentes a nivel nacional. Esta F.P. de Grado Medio se ajusta a los objetivos que se marcan en la&nbsp;</span><span style="color: #000080">normativa vigente que regula esta modalidad de enseñanza y considera adecuada como primera experiencia, el&nbsp;</span><span style="color: #000080">desarrollo de la&nbsp;<strong>Formación Profesional en alternancia en el centro I.E.S. Peña del Águila con empresas del sector&nbsp;</strong></span><span style="color: #000080"><strong>de la madera y el mueble</strong>&nbsp;de Mancha Real y localidades cercanas, con intención de ampliar la oferta educativa&nbsp;</span><span style="color: #000080">del centro y ofrecer más opciones en cuanto a modalidades educativas para un futuro, al tiempo que pretende</span><br><span style="color: #000080">alcanzar objetivos de éxito educativo para el alumnado</span></p>
<p>.</p>								</div>
				</div>
					</div>
		</div>
					</div>
		</section>
				</div>

<p>Justificación del Proyecto en Dual Los Centros de Formación Profesional tenemos un importante papel como dinamizadores sociales y económicos.Ofrecemos a nuestro entorno empresarial, profesionales formados y nuestra labor cobra más sentido si hay una&nbsp;fuerte&#46;&#46;&#46;</p>
