{"id":163,"date":"2021-02-27T18:42:27","date_gmt":"2021-02-27T18:42:27","guid":{"rendered":"https:\/\/blogsaverroes.juntadeandalucia.es\/fpmalaga\/?page_id=163"},"modified":"2023-10-02T11:19:41","modified_gmt":"2023-10-02T11:19:41","slug":"c-especializacion","status":"publish","type":"page","link":"https:\/\/blogsaverroes.juntadeandalucia.es\/fpmalaga\/c-especializacion\/","title":{"rendered":"C.ESPECIALIZACI\u00d3N"},"content":{"rendered":"<p><span style=\"color: #000000\">.<\/span><\/p>\n<p><a href=\"https:\/\/www.boe.es\/buscar\/doc.php?id=BOE-A-2011-13118\"><span style=\"color: #0000ff\"><u>R.D. 1147\/2011<\/u><\/span><\/a><\/p>\n<p>Los cursos de especializaci\u00f3n tienen por objeto complementar las competencias de quienes ya disponen de un t\u00edtulo de formaci\u00f3n profesional y pretenden facilitar el aprendizaje a lo largo de la vida. Implican profundizaci\u00f3n en el campo de conocimiento de los t\u00edtulos de referencia o bien una ampliaci\u00f3n de las competencias que se incluyen en los mismos.<\/p>\n<p>Su duraci\u00f3n, con car\u00e1cter general, quedar\u00e1 fijada entre 300 y 600 horas de formaci\u00f3n. La edici\u00f3n es el per\u00edodo escolar en el que se desarrolla un curso de especializaci\u00f3n de formaci\u00f3n profesional inicial. Puede haber una o hasta 3 ediciones por curso escolar, por lo que el per\u00edodo de solicitudes ser\u00e1 diferente del resto de oferta cuando la edici\u00f3n se produzca durante el curso escolar. V\u00e9ase \u201cSECRETAR\u00cdA VIRTUAL CEDJA\u201d<\/p>\n<p><span style=\"color: #000000\">Cada curso de especializaci\u00f3n tiene unos requisitos y contenido modular diferente. Para comprobar la oferta y toda la informaci\u00f3n, puedes consultar los siguientes enlaces:&nbsp;<\/span><\/p>\n<h3 class=\"western\">REQUISITOS CURSOS DE ESPECIALIZACI\u00d3N<\/h3>\n<p>Cada curso de especializaci\u00f3n requiere una titulaci\u00f3n determinada, regulada por el Real Decreto correspondiente. V\u00e9anse el ANEXO V<!-- Comprobar n\u00famero anexo --> y en la web TODO FP: CURSO DE ESPECIALIZACI\u00d3N<\/p>\n<h3 class=\"western\">CRITERIOS DE PRIORIDAD CURSOS DE ESPECIALIZACI\u00d3N<\/h3>\n<p>En la edici\u00f3n de un curso de especializaci\u00f3n en oferta completa, cuando no hubiera plazas escolares suficientes, se atender\u00e1 a la nota media del expediente acad\u00e9mico presentado como requisito v\u00e1lido del alumnado, con independencia de que este proceda del mismo centro docente o de otro distinto.<\/p>\n<p>Solicitudes: 10-25 de junio o los 15 primeros d\u00edas naturales de los 40 d\u00edas h\u00e1biles antes del inicio del curso (para los C.E. que se inician en otro momento diferente a septiembre).<\/p>\n<p>&nbsp;<\/p>\n<ul>\n<li><span style=\"color: #000000\"><span style=\"color: #000080\"><img loading=\"lazy\" decoding=\"async\" class=\"size-medium wp-image-166 alignright\" src=\"https:\/\/blogsaverroes.juntadeandalucia.es\/fpmalaga\/files\/2021\/02\/Especializacion-300x142.jpg\" alt=\"\" width=\"300\" height=\"142\" srcset=\"https:\/\/blogsaverroes.juntadeandalucia.es\/fpmalaga\/files\/2021\/02\/Especializacion-300x142.jpg 300w, https:\/\/blogsaverroes.juntadeandalucia.es\/fpmalaga\/files\/2021\/02\/Especializacion-520x245.jpg 520w, https:\/\/blogsaverroes.juntadeandalucia.es\/fpmalaga\/files\/2021\/02\/Especializacion.jpg 720w\" sizes=\"(max-width: 300px) 100vw, 300px\" \/><a style=\"color: #000080\" href=\"https:\/\/www.juntadeandalucia.es\/educacion\/secretariavirtual\/consulta\/oferta-centros-especializacion\/\" target=\"_blank\" rel=\"noopener noreferrer\">ANDALUC\u00cdA: Oferta de cursos de Especializaci\u00f3n 2020-21<\/a>.<\/span>&nbsp;<\/span>\n<ul>\n<li>Solicitudes: 15-30 junio en Secretaria virtual CEDJA<\/li>\n<li><a href=\"https:\/\/www.youtube.com\/watch?v=193pIgsP8jg\" target=\"_blank\" rel=\"noopener noreferrer\">\u00bfC\u00f3mo solicitar un curso de especializaci\u00f3n en la Secretar\u00eda virtual?<\/a><\/li>\n<\/ul>\n<\/li>\n<\/ul>\n<p>&nbsp;<\/p>\n<p>&nbsp;<\/p>\n","protected":false},"excerpt":{"rendered":"<p>. R.D. 1147\/2011 Los cursos de especializaci\u00f3n tienen por objeto complementar las competencias de quienes ya disponen de un t\u00edtulo de formaci\u00f3n profesional y pretenden facilitar el aprendizaje a lo largo de la vida.&#46;&#46;&#46;<\/p>\n","protected":false},"author":12235,"featured_media":0,"parent":0,"menu_order":0,"comment_status":"closed","ping_status":"closed","template":"","meta":{"ngg_post_thumbnail":0,"footnotes":""},"aioseo_notices":[],"_links":{"self":[{"href":"https:\/\/blogsaverroes.juntadeandalucia.es\/fpmalaga\/wp-json\/wp\/v2\/pages\/163"}],"collection":[{"href":"https:\/\/blogsaverroes.juntadeandalucia.es\/fpmalaga\/wp-json\/wp\/v2\/pages"}],"about":[{"href":"https:\/\/blogsaverroes.juntadeandalucia.es\/fpmalaga\/wp-json\/wp\/v2\/types\/page"}],"author":[{"embeddable":true,"href":"https:\/\/blogsaverroes.juntadeandalucia.es\/fpmalaga\/wp-json\/wp\/v2\/users\/12235"}],"replies":[{"embeddable":true,"href":"https:\/\/blogsaverroes.juntadeandalucia.es\/fpmalaga\/wp-json\/wp\/v2\/comments?post=163"}],"version-history":[{"count":8,"href":"https:\/\/blogsaverroes.juntadeandalucia.es\/fpmalaga\/wp-json\/wp\/v2\/pages\/163\/revisions"}],"predecessor-version":[{"id":588,"href":"https:\/\/blogsaverroes.juntadeandalucia.es\/fpmalaga\/wp-json\/wp\/v2\/pages\/163\/revisions\/588"}],"wp:attachment":[{"href":"https:\/\/blogsaverroes.juntadeandalucia.es\/fpmalaga\/wp-json\/wp\/v2\/media?parent=163"}],"curies":[{"name":"wp","href":"https:\/\/api.w.org\/{rel}","templated":true}]}}