{"id":208,"date":"2021-02-27T21:22:29","date_gmt":"2021-02-27T21:22:29","guid":{"rendered":"https:\/\/blogsaverroes.juntadeandalucia.es\/fpmalaga\/?page_id=208"},"modified":"2021-03-21T15:21:26","modified_gmt":"2021-03-21T15:21:26","slug":"electricidad-y-electronica","status":"publish","type":"page","link":"https:\/\/blogsaverroes.juntadeandalucia.es\/fpmalaga\/electricidad-y-electronica\/","title":{"rendered":"ELECTRICIDAD Y ELECTR\u00d3NICA"},"content":{"rendered":"<p>\u00bfTe gusta reparar aparatos electr\u00f3nicos? \u00bfAlguna vez te has preguntado c\u00f3mo funcionan los aparatos el\u00e9ctricos? \u00bfTe interesa la rob\u00f3tica? \u00bfTe gustar\u00eda aprender a hacer y reparar instalaciones el\u00e9ctricas, y de telecomunicaciones?<\/p>\n<ul>\n<li><a href=\"https:\/\/youtu.be\/JqM-BPc3Lqk\" target=\"_blank\" rel=\"noopener noreferrer\">V\u00eddeo FAMILIA PROFESIONAL &#8220;ELECTRICIDAD Y ELECTR\u00d3NICA&#8221; M\u00c1LAGA<img loading=\"lazy\" decoding=\"async\" class=\"size-medium wp-image-105 alignright\" src=\"https:\/\/blogsaverroes.juntadeandalucia.es\/fpmalaga\/files\/2021\/02\/9-300x169.png\" alt=\"\" width=\"300\" height=\"169\" srcset=\"https:\/\/blogsaverroes.juntadeandalucia.es\/fpmalaga\/files\/2021\/02\/9-300x169.png 300w, https:\/\/blogsaverroes.juntadeandalucia.es\/fpmalaga\/files\/2021\/02\/9-1024x576.png 1024w, https:\/\/blogsaverroes.juntadeandalucia.es\/fpmalaga\/files\/2021\/02\/9-768x432.png 768w, https:\/\/blogsaverroes.juntadeandalucia.es\/fpmalaga\/files\/2021\/02\/9-1536x864.png 1536w, https:\/\/blogsaverroes.juntadeandalucia.es\/fpmalaga\/files\/2021\/02\/9.png 1920w\" sizes=\"(max-width: 300px) 100vw, 300px\" \/><\/a><\/li>\n<li><span style=\"color: #000000\">V\u00eddeo &#8220;Electricidad y electr\u00f3nica&#8221; Andaluc\u00eda<\/span><\/li>\n<li><span style=\"color: #000000\">Qu\u00e9 ciclos existen de ELECTRICIDAD Y ELECTR\u00d3NICA (GRUPO C)<\/span>\n<ul>\n<li><strong>CICLOS FORMACI\u00d3N PROFESIONAL B\u00c1SICA:<\/strong>\n<ul>\n<li><a href=\"https:\/\/www.juntadeandalucia.es\/educacion\/portals\/web\/formacion-profesional-andaluza\/fp-basica\/detalle-titulo?idTitulo=145\" target=\"_blank\" rel=\"noopener noreferrer\">Profesional B\u00e1sico en Electricidad y Electr\u00f3nica<\/a><\/li>\n<li><a href=\"https:\/\/www.juntadeandalucia.es\/educacion\/portals\/web\/formacion-profesional-andaluza\/fp-basica\/detalle-titulo?idTitulo=504\" target=\"_blank\" rel=\"noopener noreferrer\">Profesional B\u00e1sico en Instalaciones Electrot\u00e9cnicas y Mec\u00e1nica<\/a><\/li>\n<\/ul>\n<\/li>\n<li><span style=\"color: #000000\"><strong>GRADO MEDIO:<\/strong><\/span>\n<ul>\n<li><a href=\"https:\/\/www.juntadeandalucia.es\/educacion\/portals\/web\/formacion-profesional-andaluza\/fp-grado-medio\/detalle-titulo?idTitulo=18\" rel=\"nofollow \">T\u00e9cnico en Instalaciones El\u00e9ctricas y Autom\u00e1ticas<\/a><\/li>\n<li><a href=\"https:\/\/www.juntadeandalucia.es\/educacion\/portals\/web\/formacion-profesional-andaluza\/fp-grado-medio\/detalle-titulo?idTitulo=42\" target=\"_blank\" rel=\"noopener noreferrer\">T\u00e9cnico en Instalaciones de Telecomunicaciones<\/a><\/li>\n<\/ul>\n<\/li>\n<li><strong>GRADO SUPERIOR:<\/strong>\n<ul>\n<li><a href=\"https:\/\/www.juntadeandalucia.es\/educacion\/portals\/web\/formacion-profesional-andaluza\/fp-grado-superior\/detalle-titulo?idTitulo=61\" target=\"_blank\" rel=\"noopener noreferrer\">T\u00e9cnico Superior en Sistemas Electrot\u00e9cnicos y Automatizados<\/a><\/li>\n<li><a href=\"https:\/\/www.juntadeandalucia.es\/educacion\/portals\/web\/formacion-profesional-andaluza\/fp-grado-superior\/detalle-titulo?idTitulo=85\" target=\"_blank\" rel=\"noopener noreferrer\">T\u00e9cnico Superior en Sistemas de Telecomunicaciones e Inform\u00e1ticos<\/a><\/li>\n<li><a href=\"https:\/\/www.juntadeandalucia.es\/educacion\/portals\/web\/formacion-profesional-andaluza\/fp-grado-superior\/detalle-titulo?idTitulo=97\" target=\"_blank\" rel=\"noopener noreferrer\">T\u00e9cnico Superior en Mantenimiento Electr\u00f3nico<\/a><\/li>\n<li><a href=\"https:\/\/www.juntadeandalucia.es\/educacion\/portals\/web\/formacion-profesional-andaluza\/fp-grado-superior\/detalle-titulo?idTitulo=98\" target=\"_blank\" rel=\"noopener noreferrer\">T\u00e9cnico Superior en Automatizaci\u00f3n y Rob\u00f3tica Industrial<\/a><\/li>\n<li><a href=\"https:\/\/www.juntadeandalucia.es\/educacion\/portals\/web\/formacion-profesional-andaluza\/fp-grado-superior\/detalle-titulo?idTitulo=541\" target=\"_blank\" rel=\"noopener noreferrer\">T\u00e9cnico Superior en Electromedicina Cl\u00ednica<\/a><\/li>\n<\/ul>\n<\/li>\n<\/ul>\n<\/li>\n<\/ul>\n","protected":false},"excerpt":{"rendered":"<p>\u00bfTe gusta reparar aparatos electr\u00f3nicos? \u00bfAlguna vez te has preguntado c\u00f3mo funcionan los aparatos el\u00e9ctricos? \u00bfTe interesa la rob\u00f3tica? \u00bfTe gustar\u00eda aprender a hacer y reparar instalaciones el\u00e9ctricas, y de telecomunicaciones? V\u00eddeo FAMILIA PROFESIONAL&#46;&#46;&#46;<\/p>\n","protected":false},"author":12235,"featured_media":0,"parent":0,"menu_order":0,"comment_status":"closed","ping_status":"closed","template":"","meta":{"ngg_post_thumbnail":0,"footnotes":""},"aioseo_notices":[],"_links":{"self":[{"href":"https:\/\/blogsaverroes.juntadeandalucia.es\/fpmalaga\/wp-json\/wp\/v2\/pages\/208"}],"collection":[{"href":"https:\/\/blogsaverroes.juntadeandalucia.es\/fpmalaga\/wp-json\/wp\/v2\/pages"}],"about":[{"href":"https:\/\/blogsaverroes.juntadeandalucia.es\/fpmalaga\/wp-json\/wp\/v2\/types\/page"}],"author":[{"embeddable":true,"href":"https:\/\/blogsaverroes.juntadeandalucia.es\/fpmalaga\/wp-json\/wp\/v2\/users\/12235"}],"replies":[{"embeddable":true,"href":"https:\/\/blogsaverroes.juntadeandalucia.es\/fpmalaga\/wp-json\/wp\/v2\/comments?post=208"}],"version-history":[{"count":4,"href":"https:\/\/blogsaverroes.juntadeandalucia.es\/fpmalaga\/wp-json\/wp\/v2\/pages\/208\/revisions"}],"predecessor-version":[{"id":284,"href":"https:\/\/blogsaverroes.juntadeandalucia.es\/fpmalaga\/wp-json\/wp\/v2\/pages\/208\/revisions\/284"}],"wp:attachment":[{"href":"https:\/\/blogsaverroes.juntadeandalucia.es\/fpmalaga\/wp-json\/wp\/v2\/media?parent=208"}],"curies":[{"name":"wp","href":"https:\/\/api.w.org\/{rel}","templated":true}]}}

ELECTRICIDAD Y ELECTRÓNICA

<p>¿Te gusta reparar aparatos electrónicos? ¿Alguna vez te has preguntado cómo funcionan los aparatos eléctricos? ¿Te interesa la robótica? ¿Te gustaría aprender a hacer y reparar instalaciones eléctricas, y de telecomunicaciones?</p>
<ul>
<li><a href="https://youtu.be/JqM-BPc3Lqk" target="_blank" rel="noopener noreferrer">Vídeo FAMILIA PROFESIONAL &#8220;ELECTRICIDAD Y ELECTRÓNICA&#8221; MÁLAGA<img loading="lazy" decoding="async" class="size-medium wp-image-105 alignright" src="https://blogsaverroes.juntadeandalucia.es/fpmalaga/files/2021/02/9-300x169.png" alt="" width="300" height="169" srcset="https://blogsaverroes.juntadeandalucia.es/fpmalaga/files/2021/02/9-300x169.png 300w, https://blogsaverroes.juntadeandalucia.es/fpmalaga/files/2021/02/9-1024x576.png 1024w, https://blogsaverroes.juntadeandalucia.es/fpmalaga/files/2021/02/9-768x432.png 768w, https://blogsaverroes.juntadeandalucia.es/fpmalaga/files/2021/02/9-1536x864.png 1536w, https://blogsaverroes.juntadeandalucia.es/fpmalaga/files/2021/02/9.png 1920w" sizes="(max-width: 300px) 100vw, 300px" /></a></li>
<li><span style="color: #000000">Vídeo &#8220;Electricidad y electrónica&#8221; Andalucía</span></li>
<li><span style="color: #000000">Qué ciclos existen de ELECTRICIDAD Y ELECTRÓNICA (GRUPO C)</span>
<ul>
<li><strong>CICLOS FORMACIÓN PROFESIONAL BÁSICA:</strong>
<ul>
<li><a href="https://www.juntadeandalucia.es/educacion/portals/web/formacion-profesional-andaluza/fp-basica/detalle-titulo?idTitulo=145" target="_blank" rel="noopener noreferrer">Profesional Básico en Electricidad y Electrónica</a></li>
<li><a href="https://www.juntadeandalucia.es/educacion/portals/web/formacion-profesional-andaluza/fp-basica/detalle-titulo?idTitulo=504" target="_blank" rel="noopener noreferrer">Profesional Básico en Instalaciones Electrotécnicas y Mecánica</a></li>
</ul>
</li>
<li><span style="color: #000000"><strong>GRADO MEDIO:</strong></span>
<ul>
<li><a href="https://www.juntadeandalucia.es/educacion/portals/web/formacion-profesional-andaluza/fp-grado-medio/detalle-titulo?idTitulo=18" rel="nofollow ">Técnico en Instalaciones Eléctricas y Automáticas</a></li>
<li><a href="https://www.juntadeandalucia.es/educacion/portals/web/formacion-profesional-andaluza/fp-grado-medio/detalle-titulo?idTitulo=42" target="_blank" rel="noopener noreferrer">Técnico en Instalaciones de Telecomunicaciones</a></li>
</ul>
</li>
<li><strong>GRADO SUPERIOR:</strong>
<ul>
<li><a href="https://www.juntadeandalucia.es/educacion/portals/web/formacion-profesional-andaluza/fp-grado-superior/detalle-titulo?idTitulo=61" target="_blank" rel="noopener noreferrer">Técnico Superior en Sistemas Electrotécnicos y Automatizados</a></li>
<li><a href="https://www.juntadeandalucia.es/educacion/portals/web/formacion-profesional-andaluza/fp-grado-superior/detalle-titulo?idTitulo=85" target="_blank" rel="noopener noreferrer">Técnico Superior en Sistemas de Telecomunicaciones e Informáticos</a></li>
<li><a href="https://www.juntadeandalucia.es/educacion/portals/web/formacion-profesional-andaluza/fp-grado-superior/detalle-titulo?idTitulo=97" target="_blank" rel="noopener noreferrer">Técnico Superior en Mantenimiento Electrónico</a></li>
<li><a href="https://www.juntadeandalucia.es/educacion/portals/web/formacion-profesional-andaluza/fp-grado-superior/detalle-titulo?idTitulo=98" target="_blank" rel="noopener noreferrer">Técnico Superior en Automatización y Robótica Industrial</a></li>
<li><a href="https://www.juntadeandalucia.es/educacion/portals/web/formacion-profesional-andaluza/fp-grado-superior/detalle-titulo?idTitulo=541" target="_blank" rel="noopener noreferrer">Técnico Superior en Electromedicina Clínica</a></li>
</ul>
</li>
</ul>
</li>
</ul>

<p>¿Te gusta reparar aparatos electrónicos? ¿Alguna vez te has preguntado cómo funcionan los aparatos eléctricos? ¿Te interesa la robótica? ¿Te gustaría aprender a hacer y reparar instalaciones eléctricas, y de telecomunicaciones? Vídeo FAMILIA PROFESIONAL&#46;&#46;&#46;</p>
