{"id":270,"date":"2021-03-21T14:44:45","date_gmt":"2021-03-21T14:44:45","guid":{"rendered":"https:\/\/blogsaverroes.juntadeandalucia.es\/fpmalaga\/?page_id=270"},"modified":"2023-10-04T06:30:36","modified_gmt":"2023-10-04T06:30:36","slug":"requisitos-fpb","status":"publish","type":"page","link":"https:\/\/blogsaverroes.juntadeandalucia.es\/fpmalaga\/requisitos-fpb\/","title":{"rendered":"REQUISITOS CFGB"},"content":{"rendered":"<ul>\n<li><span style=\"color: #000000\"><strong><span style=\"color: #800000\">REQUISITOS DE ACCESO A CFGB\/FPB: <\/span><\/strong><\/span><\/li>\n<\/ul>\n<p>&nbsp; &nbsp; &nbsp; &nbsp; &nbsp;<\/p>\n<p>El acceso a los C.F.G.B. requerir\u00e1 el cumplimiento simult\u00e1neo de las siguientes condiciones:<\/p>\n<p style=\"text-align: left\">a) Tener cumplidos quince a\u00f1os, o cumplirlos durante el a\u00f1o natural en curso.<\/p>\n<p style=\"text-align: left\">b) Haber cursado el tercer curso de Educaci\u00f3n Secundaria Obligatoria o, excepcionalmente, haber cursado el segundo curso.<\/p>\n<p style=\"text-align: left\">c) Contar con la propuesta del equipo docente a los padres, madres o personas que ejerzan la tutela legal del alumnado sobre la incorporaci\u00f3n del mismo a un Ciclo Formativo de Grado B\u00e1sico a trav\u00e9s del consejo orientador.<\/p>\n<p style=\"text-align: justify\">La incorporaci\u00f3n y matriculaci\u00f3n del alumnado se realizar\u00e1 una vez o\u00eddo el propio alumno o alumna, y contando con la conformidad de sus padres, madres o personas que ejerzan su tutela legal<\/p>\n<p style=\"text-align: left\">Excepcionalmente no regir\u00e1n los requisitos de acceso vinculados a la escolarizaci\u00f3n para j\u00f3venes entre 15 y 18 a\u00f1os que no hayan estado escolarizados en el Sistema Educativo espa\u00f1ol y cuyo itinerario educativo aconseje su incorporaci\u00f3n a un Ciclo Formativo de Grado B\u00e1sico como el itinerario m\u00e1s adecuado.<\/p>\n<p style=\"text-align: left\">Podr\u00e1n autorizarse excepcionalmente Ciclos Formativos de Grado B\u00e1sico espec\u00edficos para:<\/p>\n<p style=\"text-align: justify\">a) Quienes hayan cumplido al menos 17 a\u00f1os, cuando su historia escolar as\u00ed lo aconseje y para las personas mayores de 17 a\u00f1os que abandonaron el Sistema Educativo sin cualificaci\u00f3n, con el fin de permitirles la obtenci\u00f3n de un t\u00edtulo de formaci\u00f3n profesional o de una certificaci\u00f3n acad\u00e9mica, en la que se har\u00e1 constar los m\u00f3dulos profesionales superados y, en su caso, su correspondencia con unidades de competencia asociadas al Cat\u00e1logo Nacional de Est\u00e1ndares de Competencias Profesionales.<\/p>\n<p>b) J\u00f3venes de hasta 21 a\u00f1os de edad con necesidades educativas especiales, una vez agotadas las medidas de adaptaci\u00f3n en la oferta ordinaria, o cuando no sea posible su inclusi\u00f3n en dicha oferta ordinaria y sus necesidades no puedan ser atendidas en el marco de las medidas de atenci\u00f3n a la diversidad. (ver apartado Alumnado con NEAE<!-- Incluir enlace al apartado -->)<\/p>\n<p style=\"padding-left: 40px\"><strong><a href=\"https:\/\/www.juntadeandalucia.es\/educacion\/secretariavirtual\/consulta\/oferta-educativa-formacion-profesional-basica\/\" target=\"_blank\" rel=\"noopener noreferrer\"><span style=\"color: #000000\">\u00bfQu\u00e9 puedo estudiar y d\u00f3nde?<\/span><\/a><\/strong><\/p>\n<ul>\n<li><span style=\"color: #800000\"><strong>PROGRAMAS ESPEC\u00cdFICOS DE FORMACI\u00d3N PROFESIONAL B\u00c1SICA. Requisitos:<\/strong><\/span>&nbsp;\n<ul>\n<li><span style=\"color: #000000\">Para alumnado con necesidades educativas especiales con autonom\u00eda y posibilidades de adquirir competencias profesionales.&nbsp;<\/span><\/li>\n<li><span style=\"color: #000000\">Entre 16 y 19 a\u00f1os.&nbsp;<\/span><\/li>\n<li><span style=\"color: #000000\">Que cuenten con un Consejo orientador que recoja: &#8220;Programa espec\u00edfico de FPB&#8221;.&nbsp;<\/span><\/li>\n<li><span style=\"color: #000000\">SOLICITUDES: Final de junio (24 de junio-1 julio, fecha pendiente de confirmar).<\/span><\/li>\n<li><span style=\"color: #000000\"><strong>Oferta de programas espec\u00edficos FPB en M\u00e1laga:<\/strong><\/span>\n<ul>\n<li><span style=\"color: #000000\">\u00c1lora 29000694 &#8211; I.E.S. Las Flores P.E.F.P.B. Vidrier\u00eda y Alfarer\u00eda (NEE) VC D<\/span><\/li>\n<li><span style=\"color: #000000\">C\u00e1rtama 29700631 &#8211; I.E.S. Valle del Azahar P.E.F.P.B. Servicios Comerciales (NEE) CO D<\/span><\/li>\n<li><span style=\"color: #000000\">Co\u00edn 29002332 &#8211; I.E.S. Ciudad de Co\u00edn P.E.F.P.B. Tapicer\u00eda y Cortinaje (NEE) TEX D<\/span><\/li>\n<li><span style=\"color: #000000\">Cortes de la Fra. 29011734 &#8211; I.E.S. Andr\u00e9s P\u00e9rez Serrano P.E.F.P.B. Agrojardiner\u00eda y Composiciones Florales (NEE) AG D<\/span><\/li>\n<li><span style=\"color: #000000\">Fuengirola 29009910 &#8211; I.E.S. Santiago Ram\u00f3n y Cajal P.E.F.P.B. Cocina y Restauraci\u00f3n (NEE) HT D<\/span><\/li>\n<li><span style=\"color: #000000\">M\u00e1laga 29005916 &#8211; I.E.S. La Rosaleda P.E.F.P.B. Agrojardinera\u00ed y Composiciones Florales (NEE) AG D<\/span><\/li>\n<li><span style=\"color: #000000\">M\u00e1laga 29005916 &#8211; I.E.S. La Rosaleda P.E.F.P.B. Carpinter\u00eda y Mueble (NEE) MAD D<\/span><\/li>\n<li><span style=\"color: #000000\">M\u00e1laga 29700242 &#8211; I.E.S. N\u00fam.1. Univ. Laboral P.E.F.P.B. Agrojardiner\u00eda y Composiciones Florales (NEE) AG D<\/span><\/li>\n<li><span style=\"color: #000000\">M\u00e1laga 29700242 &#8211; I.E.S. N\u00fam.1. Univ. Laboral P.E.F.P.B. Cocina y Restauraci\u00f3n (NEE) HT D<\/span><\/li>\n<li><span style=\"color: #000000\">M\u00e1laga 29700242 &#8211; I.E.S. N\u00fam.1. Univ. Laboral P.E.F.P.B. Arreglo y Reparaci\u00f3n de Art\u00edculos Textiles y de Piel (NEE) TEX D<\/span><\/li>\n<li><span style=\"color: #000000\">Marbella 29006830 &#8211; I.E.S. Guadalp\u00edn P.E.F.P.B. Carpinter\u00eda y Mueble (NEE) MAD D<\/span><\/li>\n<li><span style=\"color: #000000\">Ronda 29700230 &#8211; I.E.S. Dr. Rodr\u00edguez Delgado P.E.F.P.B. Servicios Comerciales (NEE) CO D<\/span><\/li>\n<li><span style=\"color: #000000\">V\u00e9lez-M\u00e1laga 29701295 &#8211; I.E.S. Salvador Rueda P.E.F.P.B. Agrojardiner\u00eda y Composiciones Florales (NEE) &nbsp;<\/span><\/li>\n<\/ul>\n<\/li>\n<\/ul>\n<\/li>\n<\/ul>\n","protected":false},"excerpt":{"rendered":"<p>REQUISITOS DE ACCESO A CFGB\/FPB: &nbsp; &nbsp; &nbsp; &nbsp; &nbsp; El acceso a los C.F.G.B. requerir\u00e1 el cumplimiento simult\u00e1neo de las siguientes condiciones: a) Tener cumplidos quince a\u00f1os, o cumplirlos durante el a\u00f1o natural&#46;&#46;&#46;<\/p>\n","protected":false},"author":12235,"featured_media":0,"parent":0,"menu_order":0,"comment_status":"closed","ping_status":"closed","template":"","meta":{"ngg_post_thumbnail":0,"footnotes":""},"aioseo_notices":[],"_links":{"self":[{"href":"https:\/\/blogsaverroes.juntadeandalucia.es\/fpmalaga\/wp-json\/wp\/v2\/pages\/270"}],"collection":[{"href":"https:\/\/blogsaverroes.juntadeandalucia.es\/fpmalaga\/wp-json\/wp\/v2\/pages"}],"about":[{"href":"https:\/\/blogsaverroes.juntadeandalucia.es\/fpmalaga\/wp-json\/wp\/v2\/types\/page"}],"author":[{"embeddable":true,"href":"https:\/\/blogsaverroes.juntadeandalucia.es\/fpmalaga\/wp-json\/wp\/v2\/users\/12235"}],"replies":[{"embeddable":true,"href":"https:\/\/blogsaverroes.juntadeandalucia.es\/fpmalaga\/wp-json\/wp\/v2\/comments?post=270"}],"version-history":[{"count":8,"href":"https:\/\/blogsaverroes.juntadeandalucia.es\/fpmalaga\/wp-json\/wp\/v2\/pages\/270\/revisions"}],"predecessor-version":[{"id":627,"href":"https:\/\/blogsaverroes.juntadeandalucia.es\/fpmalaga\/wp-json\/wp\/v2\/pages\/270\/revisions\/627"}],"wp:attachment":[{"href":"https:\/\/blogsaverroes.juntadeandalucia.es\/fpmalaga\/wp-json\/wp\/v2\/media?parent=270"}],"curies":[{"name":"wp","href":"https:\/\/api.w.org\/{rel}","templated":true}]}}

<ul>
<li><span style="color: #000000"><strong><span style="color: #800000">REQUISITOS DE ACCESO A CFGB/FPB: </span></strong></span></li>
</ul>
<p>&nbsp; &nbsp; &nbsp; &nbsp; &nbsp;</p>
<p>El acceso a los C.F.G.B. requerirá el cumplimiento simultáneo de las siguientes condiciones:</p>
<p style="text-align: left">a) Tener cumplidos quince años, o cumplirlos durante el año natural en curso.</p>
<p style="text-align: left">b) Haber cursado el tercer curso de Educación Secundaria Obligatoria o, excepcionalmente, haber cursado el segundo curso.</p>
<p style="text-align: left">c) Contar con la propuesta del equipo docente a los padres, madres o personas que ejerzan la tutela legal del alumnado sobre la incorporación del mismo a un Ciclo Formativo de Grado Básico a través del consejo orientador.</p>
<p style="text-align: justify">La incorporación y matriculación del alumnado se realizará una vez oído el propio alumno o alumna, y contando con la conformidad de sus padres, madres o personas que ejerzan su tutela legal</p>
<p style="text-align: left">Excepcionalmente no regirán los requisitos de acceso vinculados a la escolarización para jóvenes entre 15 y 18 años que no hayan estado escolarizados en el Sistema Educativo español y cuyo itinerario educativo aconseje su incorporación a un Ciclo Formativo de Grado Básico como el itinerario más adecuado.</p>
<p style="text-align: left">Podrán autorizarse excepcionalmente Ciclos Formativos de Grado Básico específicos para:</p>
<p style="text-align: justify">a) Quienes hayan cumplido al menos 17 años, cuando su historia escolar así lo aconseje y para las personas mayores de 17 años que abandonaron el Sistema Educativo sin cualificación, con el fin de permitirles la obtención de un título de formación profesional o de una certificación académica, en la que se hará constar los módulos profesionales superados y, en su caso, su correspondencia con unidades de competencia asociadas al Catálogo Nacional de Estándares de Competencias Profesionales.</p>
<p>b) Jóvenes de hasta 21 años de edad con necesidades educativas especiales, una vez agotadas las medidas de adaptación en la oferta ordinaria, o cuando no sea posible su inclusión en dicha oferta ordinaria y sus necesidades no puedan ser atendidas en el marco de las medidas de atención a la diversidad. (ver apartado Alumnado con NEAE<!-- Incluir enlace al apartado -->)</p>
<p style="padding-left: 40px"><strong><a href="https://www.juntadeandalucia.es/educacion/secretariavirtual/consulta/oferta-educativa-formacion-profesional-basica/" target="_blank" rel="noopener noreferrer"><span style="color: #000000">¿Qué puedo estudiar y dónde?</span></a></strong></p>
<ul>
<li><span style="color: #800000"><strong>PROGRAMAS ESPECÍFICOS DE FORMACIÓN PROFESIONAL BÁSICA. Requisitos:</strong></span>&nbsp;
<ul>
<li><span style="color: #000000">Para alumnado con necesidades educativas especiales con autonomía y posibilidades de adquirir competencias profesionales.&nbsp;</span></li>
<li><span style="color: #000000">Entre 16 y 19 años.&nbsp;</span></li>
<li><span style="color: #000000">Que cuenten con un Consejo orientador que recoja: &#8220;Programa específico de FPB&#8221;.&nbsp;</span></li>
<li><span style="color: #000000">SOLICITUDES: Final de junio (24 de junio-1 julio, fecha pendiente de confirmar).</span></li>
<li><span style="color: #000000"><strong>Oferta de programas específicos FPB en Málaga:</strong></span>
<ul>
<li><span style="color: #000000">Álora 29000694 &#8211; I.E.S. Las Flores P.E.F.P.B. Vidriería y Alfarería (NEE) VC D</span></li>
<li><span style="color: #000000">Cártama 29700631 &#8211; I.E.S. Valle del Azahar P.E.F.P.B. Servicios Comerciales (NEE) CO D</span></li>
<li><span style="color: #000000">Coín 29002332 &#8211; I.E.S. Ciudad de Coín P.E.F.P.B. Tapicería y Cortinaje (NEE) TEX D</span></li>
<li><span style="color: #000000">Cortes de la Fra. 29011734 &#8211; I.E.S. Andrés Pérez Serrano P.E.F.P.B. Agrojardinería y Composiciones Florales (NEE) AG D</span></li>
<li><span style="color: #000000">Fuengirola 29009910 &#8211; I.E.S. Santiago Ramón y Cajal P.E.F.P.B. Cocina y Restauración (NEE) HT D</span></li>
<li><span style="color: #000000">Málaga 29005916 &#8211; I.E.S. La Rosaleda P.E.F.P.B. Agrojardineraí y Composiciones Florales (NEE) AG D</span></li>
<li><span style="color: #000000">Málaga 29005916 &#8211; I.E.S. La Rosaleda P.E.F.P.B. Carpintería y Mueble (NEE) MAD D</span></li>
<li><span style="color: #000000">Málaga 29700242 &#8211; I.E.S. Núm.1. Univ. Laboral P.E.F.P.B. Agrojardinería y Composiciones Florales (NEE) AG D</span></li>
<li><span style="color: #000000">Málaga 29700242 &#8211; I.E.S. Núm.1. Univ. Laboral P.E.F.P.B. Cocina y Restauración (NEE) HT D</span></li>
<li><span style="color: #000000">Málaga 29700242 &#8211; I.E.S. Núm.1. Univ. Laboral P.E.F.P.B. Arreglo y Reparación de Artículos Textiles y de Piel (NEE) TEX D</span></li>
<li><span style="color: #000000">Marbella 29006830 &#8211; I.E.S. Guadalpín P.E.F.P.B. Carpintería y Mueble (NEE) MAD D</span></li>
<li><span style="color: #000000">Ronda 29700230 &#8211; I.E.S. Dr. Rodríguez Delgado P.E.F.P.B. Servicios Comerciales (NEE) CO D</span></li>
<li><span style="color: #000000">Vélez-Málaga 29701295 &#8211; I.E.S. Salvador Rueda P.E.F.P.B. Agrojardinería y Composiciones Florales (NEE) &nbsp;</span></li>
</ul>
</li>
</ul>
</li>
</ul>

<p>REQUISITOS DE ACCESO A CFGB/FPB: &nbsp; &nbsp; &nbsp; &nbsp; &nbsp; El acceso a los C.F.G.B. requerirá el cumplimiento simultáneo de las siguientes condiciones: a) Tener cumplidos quince años, o cumplirlos durante el año natural&#46;&#46;&#46;</p>
