{"id":287,"date":"2021-03-21T16:27:15","date_gmt":"2021-03-21T16:27:15","guid":{"rendered":"https:\/\/blogsaverroes.juntadeandalucia.es\/fpmalaga\/?page_id=287"},"modified":"2021-03-24T18:06:44","modified_gmt":"2021-03-24T18:06:44","slug":"imagen-personal","status":"publish","type":"page","link":"https:\/\/blogsaverroes.juntadeandalucia.es\/fpmalaga\/imagen-personal\/","title":{"rendered":"IMAGEN PERSONAL"},"content":{"rendered":"<p><span style=\"color: #000000\">\u00bfTe interesa la belleza y la est\u00e9tica? \u00bfTe gustar\u00eda aprender a maquillar para eventos especiales? \u00bfTe gustar\u00eda ser maquillador en pel\u00edculas para caracterizar personajes de ficci\u00f3n? \u00bfTe gustar\u00eda trabajar en un spa o espacios de bienestar y terap\u00e9uticos?<img loading=\"lazy\" decoding=\"async\" class=\" wp-image-107 alignright\" src=\"https:\/\/blogsaverroes.juntadeandalucia.es\/fpmalaga\/files\/2021\/02\/11-300x169.png\" alt=\"\" width=\"334\" height=\"188\" srcset=\"https:\/\/blogsaverroes.juntadeandalucia.es\/fpmalaga\/files\/2021\/02\/11-300x169.png 300w, https:\/\/blogsaverroes.juntadeandalucia.es\/fpmalaga\/files\/2021\/02\/11-1024x576.png 1024w, https:\/\/blogsaverroes.juntadeandalucia.es\/fpmalaga\/files\/2021\/02\/11-768x432.png 768w, https:\/\/blogsaverroes.juntadeandalucia.es\/fpmalaga\/files\/2021\/02\/11-1536x864.png 1536w, https:\/\/blogsaverroes.juntadeandalucia.es\/fpmalaga\/files\/2021\/02\/11.png 1920w\" sizes=\"(max-width: 334px) 100vw, 334px\" \/><\/span><\/p>\n<ul>\n<li><strong><span style=\"color: #003366\"><a style=\"color: #003366\" href=\"https:\/\/www.youtube.com\/watch?v=W67Q_aCd4TI&amp;list=PLniOn8UsKhuIKhonhexwzjxPiUhXcVkaV&amp;index=17&amp;t=5s\" target=\"_blank\" rel=\"noopener noreferrer\">V\u00eddeo de la familia &#8220;IMAGEN PERSONAL&#8221; de M\u00e1laga<\/a><\/span><\/strong><\/li>\n<li><strong><span style=\"color: #003366\"><a style=\"color: #003366\" href=\"https:\/\/www.youtube.com\/watch?v=wOYMmG1urKk\" target=\"_blank\" rel=\"noopener noreferrer\">V\u00eddeo de &#8220;Imagen personal&#8221; Andaluc\u00eda.<\/a><\/span><\/strong><\/li>\n<li><span style=\"color: #000000\"><strong>Ciclos formativos de Formaci\u00f3n profesional b\u00e1sica.<\/strong>&nbsp;<\/span>\n<ul>\n<li><a href=\"https:\/\/www.juntadeandalucia.es\/educacion\/portals\/web\/formacion-profesional-andaluza\/fp-basica\/detalle-titulo?idTitulo=151\" target=\"_blank\" rel=\"noopener noreferrer\">Profesional B\u00e1sico en Peluquer\u00eda y Est\u00e9tica<\/a><\/li>\n<\/ul>\n<\/li>\n<li><span style=\"color: #000000\"><strong>Ciclos formativos de Grado Medio.<\/strong>&nbsp;<\/span>\n<ul>\n<li><a href=\"https:\/\/www.juntadeandalucia.es\/educacion\/portals\/web\/formacion-profesional-andaluza\/fp-grado-medio\/detalle-titulo?idTitulo=69\" target=\"_blank\" rel=\"noopener noreferrer\">T\u00e9cnico en Est\u00e9tica y Belleza<\/a><\/li>\n<li><a href=\"https:\/\/www.juntadeandalucia.es\/educacion\/portals\/web\/formacion-profesional-andaluza\/fp-grado-medio\/detalle-titulo?idTitulo=99\" target=\"_blank\" rel=\"noopener noreferrer\">T\u00e9cnico en Peluquer\u00eda y Cosm\u00e9tica Capilar<\/a><\/li>\n<\/ul>\n<\/li>\n<li><span style=\"color: #000000\"><strong>Ciclos formativos de Grado Superior.<\/strong>&nbsp;<\/span>\n<ul>\n<li><a href=\"https:\/\/www.juntadeandalucia.es\/educacion\/portals\/web\/formacion-profesional-andaluza\/fp-grado-superior\/detalle-titulo?idTitulo=83\" target=\"_blank\" rel=\"noopener noreferrer\">T\u00e9cnico Superior en Est\u00e9tica Integral y Bienestar<\/a><\/li>\n<li><a href=\"https:\/\/www.juntadeandalucia.es\/educacion\/portals\/web\/formacion-profesional-andaluza\/fp-grado-superior\/detalle-titulo?idTitulo=100\" target=\"_blank\" rel=\"noopener noreferrer\">T\u00e9cnico Superior en Asesor\u00eda de Imagen Personal y Corporativa<\/a><\/li>\n<li><a href=\"https:\/\/www.juntadeandalucia.es\/educacion\/portals\/web\/formacion-profesional-andaluza\/fp-grado-superior\/detalle-titulo?idTitulo=125\" target=\"_blank\" rel=\"noopener noreferrer\">T\u00e9cnico Superior en Caracterizaci\u00f3n y Maquillaje Profesional<\/a><\/li>\n<li><a href=\"https:\/\/www.juntadeandalucia.es\/educacion\/portals\/web\/formacion-profesional-andaluza\/fp-grado-superior\/detalle-titulo?idTitulo=121\" target=\"_blank\" rel=\"noopener noreferrer\">T\u00e9cnico Superior en Estilismo y Direcci\u00f3n de Peluquer\u00eda<\/a><\/li>\n<\/ul>\n<\/li>\n<li><a href=\"https:\/\/www.juntadeandalucia.es\/educacion\/secretariavirtual\/consulta\/oferta-educativa-formacion-profesional\/\" target=\"_blank\" rel=\"noopener noreferrer\"><strong>\u00bfD\u00d3NDE SE ESTUDIAN?<\/strong><\/a><\/li>\n<\/ul>\n","protected":false},"excerpt":{"rendered":"<p>\u00bfTe interesa la belleza y la est\u00e9tica? \u00bfTe gustar\u00eda aprender a maquillar para eventos especiales? \u00bfTe gustar\u00eda ser maquillador en pel\u00edculas para caracterizar personajes de ficci\u00f3n? \u00bfTe gustar\u00eda trabajar en un spa o espacios&#46;&#46;&#46;<\/p>\n","protected":false},"author":12235,"featured_media":0,"parent":0,"menu_order":0,"comment_status":"closed","ping_status":"closed","template":"","meta":{"ngg_post_thumbnail":0,"footnotes":""},"aioseo_notices":[],"_links":{"self":[{"href":"https:\/\/blogsaverroes.juntadeandalucia.es\/fpmalaga\/wp-json\/wp\/v2\/pages\/287"}],"collection":[{"href":"https:\/\/blogsaverroes.juntadeandalucia.es\/fpmalaga\/wp-json\/wp\/v2\/pages"}],"about":[{"href":"https:\/\/blogsaverroes.juntadeandalucia.es\/fpmalaga\/wp-json\/wp\/v2\/types\/page"}],"author":[{"embeddable":true,"href":"https:\/\/blogsaverroes.juntadeandalucia.es\/fpmalaga\/wp-json\/wp\/v2\/users\/12235"}],"replies":[{"embeddable":true,"href":"https:\/\/blogsaverroes.juntadeandalucia.es\/fpmalaga\/wp-json\/wp\/v2\/comments?post=287"}],"version-history":[{"count":4,"href":"https:\/\/blogsaverroes.juntadeandalucia.es\/fpmalaga\/wp-json\/wp\/v2\/pages\/287\/revisions"}],"predecessor-version":[{"id":366,"href":"https:\/\/blogsaverroes.juntadeandalucia.es\/fpmalaga\/wp-json\/wp\/v2\/pages\/287\/revisions\/366"}],"wp:attachment":[{"href":"https:\/\/blogsaverroes.juntadeandalucia.es\/fpmalaga\/wp-json\/wp\/v2\/media?parent=287"}],"curies":[{"name":"wp","href":"https:\/\/api.w.org\/{rel}","templated":true}]}}