{"id":290,"date":"2021-03-21T16:38:13","date_gmt":"2021-03-21T16:38:13","guid":{"rendered":"https:\/\/blogsaverroes.juntadeandalucia.es\/fpmalaga\/?page_id=290"},"modified":"2021-03-21T16:39:33","modified_gmt":"2021-03-21T16:39:33","slug":"imagen-y-sonido","status":"publish","type":"page","link":"https:\/\/blogsaverroes.juntadeandalucia.es\/fpmalaga\/imagen-y-sonido\/","title":{"rendered":"Imagen y Sonido"},"content":{"rendered":"<p><span style=\"color: #000000\">\u00bfTe gusta la m\u00fasica o el sonido? \u00bfTe apasiona el&nbsp; mundo de la imagen y la comunicaci\u00f3n? \u00bfTe gustar\u00eda aprender a producir o realizar programas de TV, de cine, de radio? \u00bfTe gustar\u00eda aprender a captar una imagen y a partir de ella crear un v\u00eddeo, una pel\u00edcula, una historia? \u00bfTe gustar\u00eda crear animaciones en 3D para entornos y juegos interactivos?<\/span><\/p>\n<ul>\n<li><a href=\"https:\/\/youtu.be\/17VQeE74aRQ\" target=\"_blank\" rel=\"noopener noreferrer\">V\u00eddeo de &#8220;Imagen y sonido&#8221; de M\u00e1laga.&nbsp;<\/a><\/li>\n<li>V\u00eddeo de &#8220;Imagen y sonido&#8221; de Andaluc\u00eda.<img loading=\"lazy\" decoding=\"async\" class=\"size-medium wp-image-108 alignright\" src=\"https:\/\/blogsaverroes.juntadeandalucia.es\/fpmalaga\/files\/2021\/02\/12-300x169.png\" alt=\"\" width=\"300\" height=\"169\" srcset=\"https:\/\/blogsaverroes.juntadeandalucia.es\/fpmalaga\/files\/2021\/02\/12-300x169.png 300w, https:\/\/blogsaverroes.juntadeandalucia.es\/fpmalaga\/files\/2021\/02\/12-1024x576.png 1024w, https:\/\/blogsaverroes.juntadeandalucia.es\/fpmalaga\/files\/2021\/02\/12-768x432.png 768w, https:\/\/blogsaverroes.juntadeandalucia.es\/fpmalaga\/files\/2021\/02\/12-1536x864.png 1536w, https:\/\/blogsaverroes.juntadeandalucia.es\/fpmalaga\/files\/2021\/02\/12.png 1920w\" sizes=\"(max-width: 300px) 100vw, 300px\" \/><\/li>\n<li>Qu\u00e9 ciclos existen de Imagen y sonido (GRUPO C).\n<ul>\n<li><strong>GRADO MEDIO:<\/strong>\n<ul>\n<li><a href=\"https:\/\/www.juntadeandalucia.es\/educacion\/portals\/web\/formacion-profesional-andaluza\/fp-grado-medio\/detalle-titulo?idTitulo=126\" target=\"_blank\" rel=\"noopener noreferrer\">T\u00e9cnico en V\u00eddeo Disc-jockey y Sonido<\/a><\/li>\n<\/ul>\n<\/li>\n<li><strong>GRADO SUPERIOR:<\/strong><\/li>\n<li><a href=\"https:\/\/www.juntadeandalucia.es\/educacion\/portals\/web\/formacion-profesional-andaluza\/fp-grado-superior\/detalle-titulo?idTitulo=101\" target=\"_blank\" rel=\"noopener noreferrer\">T\u00e9cnico Superior en Realizaci\u00f3n de Proyectos Audiovisuales y Espect\u00e1culos<\/a><\/li>\n<li><a href=\"https:\/\/www.juntadeandalucia.es\/educacion\/portals\/web\/formacion-profesional-andaluza\/fp-grado-superior\/detalle-titulo?idTitulo=102\" target=\"_blank\" rel=\"noopener noreferrer\">T\u00e9cnico Superior en Sonido para Audiovisuales y Espect\u00e1culos<\/a><\/li>\n<li><a href=\"https:\/\/www.juntadeandalucia.es\/educacion\/portals\/web\/formacion-profesional-andaluza\/fp-grado-superior\/detalle-titulo?idTitulo=103\" target=\"_blank\" rel=\"noopener noreferrer\">T\u00e9cnico Superior en Iluminaci\u00f3n, Captaci\u00f3n y Tratamiento de Imagen<\/a><\/li>\n<li><a href=\"https:\/\/www.juntadeandalucia.es\/educacion\/portals\/web\/formacion-profesional-andaluza\/fp-grado-superior\/detalle-titulo?idTitulo=104\" target=\"_blank\" rel=\"noopener noreferrer\">T\u00e9cnico Superior en Producci\u00f3n de Audiovisuales y Espect\u00e1culos<\/a><\/li>\n<li><a href=\"https:\/\/www.juntadeandalucia.es\/educacion\/portals\/web\/formacion-profesional-andaluza\/fp-grado-superior\/detalle-titulo?idTitulo=115\" target=\"_blank\" rel=\"noopener noreferrer\">T\u00e9cnico Superior en Animaciones 3D, Juegos y Entornos Interactivos<\/a><\/li>\n<\/ul>\n<p>&nbsp;<\/li>\n<li><a href=\"https:\/\/www.juntadeandalucia.es\/educacion\/portals\/web\/formacion-profesional-andaluza\/oferta-educativa\" target=\"_blank\" rel=\"noopener noreferrer\"><strong>\u00bfD\u00d3NDE SE ESTUDIAN?<\/strong><\/a><\/li>\n<\/ul>\n<p>&nbsp;<\/p>\n","protected":false},"excerpt":{"rendered":"<p>\u00bfTe gusta la m\u00fasica o el sonido? \u00bfTe apasiona el&nbsp; mundo de la imagen y la comunicaci\u00f3n? \u00bfTe gustar\u00eda aprender a producir o realizar programas de TV, de cine, de radio? \u00bfTe gustar\u00eda aprender&#46;&#46;&#46;<\/p>\n","protected":false},"author":12235,"featured_media":0,"parent":0,"menu_order":0,"comment_status":"closed","ping_status":"closed","template":"","meta":{"ngg_post_thumbnail":0,"footnotes":""},"aioseo_notices":[],"_links":{"self":[{"href":"https:\/\/blogsaverroes.juntadeandalucia.es\/fpmalaga\/wp-json\/wp\/v2\/pages\/290"}],"collection":[{"href":"https:\/\/blogsaverroes.juntadeandalucia.es\/fpmalaga\/wp-json\/wp\/v2\/pages"}],"about":[{"href":"https:\/\/blogsaverroes.juntadeandalucia.es\/fpmalaga\/wp-json\/wp\/v2\/types\/page"}],"author":[{"embeddable":true,"href":"https:\/\/blogsaverroes.juntadeandalucia.es\/fpmalaga\/wp-json\/wp\/v2\/users\/12235"}],"replies":[{"embeddable":true,"href":"https:\/\/blogsaverroes.juntadeandalucia.es\/fpmalaga\/wp-json\/wp\/v2\/comments?post=290"}],"version-history":[{"count":3,"href":"https:\/\/blogsaverroes.juntadeandalucia.es\/fpmalaga\/wp-json\/wp\/v2\/pages\/290\/revisions"}],"predecessor-version":[{"id":293,"href":"https:\/\/blogsaverroes.juntadeandalucia.es\/fpmalaga\/wp-json\/wp\/v2\/pages\/290\/revisions\/293"}],"wp:attachment":[{"href":"https:\/\/blogsaverroes.juntadeandalucia.es\/fpmalaga\/wp-json\/wp\/v2\/media?parent=290"}],"curies":[{"name":"wp","href":"https:\/\/api.w.org\/{rel}","templated":true}]}}