{"id":310,"date":"2021-03-24T11:31:30","date_gmt":"2021-03-24T11:31:30","guid":{"rendered":"https:\/\/blogsaverroes.juntadeandalucia.es\/fpmalaga\/?page_id=310"},"modified":"2021-03-24T18:25:18","modified_gmt":"2021-03-24T18:25:18","slug":"industrias-extractivas","status":"publish","type":"page","link":"https:\/\/blogsaverroes.juntadeandalucia.es\/fpmalaga\/industrias-extractivas\/","title":{"rendered":"INDUSTRIAS EXTRACTIVAS"},"content":{"rendered":"<p><span style=\"color: #000000\">\u00bfTe interesar\u00eda trabajar realizando excavaciones y sondeos en la industria extractiva? <\/span><\/p>\n<p><span style=\"color: #000000\">En M\u00e1laga no tenemos estos ciclos, pero puedes estudiarlo en Almer\u00eda y Huelva.&nbsp;<\/span><\/p>\n<ul>\n<li><span style=\"color: #800000\"><a style=\"color: #800000\" href=\"https:\/\/youtu.be\/qXoyuJbY4H0\" target=\"_blank\" rel=\"noopener noreferrer\">V\u00eddeo de INDUSTRIAS EXTRACTIVAS FPA<\/a><\/span><img loading=\"lazy\" decoding=\"async\" class=\"size-medium wp-image-123 alignright\" src=\"https:\/\/blogsaverroes.juntadeandalucia.es\/fpmalaga\/files\/2021\/02\/26-300x168.png\" alt=\"\" width=\"300\" height=\"168\" srcset=\"https:\/\/blogsaverroes.juntadeandalucia.es\/fpmalaga\/files\/2021\/02\/26-300x168.png 300w, https:\/\/blogsaverroes.juntadeandalucia.es\/fpmalaga\/files\/2021\/02\/26.png 653w\" sizes=\"(max-width: 300px) 100vw, 300px\" \/><\/li>\n<\/ul>\n<div class=\"textoImagenEnlace\">\n<p><strong>CICLOS DE GRADO&nbsp; MEDIO:&nbsp;<\/strong><\/p>\n<ul>\n<li><a href=\"https:\/\/www.juntadeandalucia.es\/educacion\/portals\/web\/formacion-profesional-andaluza\/fp-grado-medio\/detalle-titulo?idTitulo=116\" target=\"_blank\" rel=\"noopener noreferrer\">T\u00e9cnico en Piedra Natural<\/a> (no est\u00e1 en Andaluc\u00eda).<\/li>\n<li><a href=\"https:\/\/www.juntadeandalucia.es\/educacion\/portals\/web\/formacion-profesional-andaluza\/fp-grado-medio\/detalle-titulo?idTitulo=117\" target=\"_blank\" rel=\"noopener noreferrer\">T\u00e9cnico en Excavaciones y Sondeos<\/a> (Almer\u00eda y Huelva)<\/li>\n<li><a href=\"https:\/\/www.juntadeandalucia.es\/educacion\/secretariavirtual\/consulta\/oferta-educativa-formacion-profesional\/\" target=\"_blank\" rel=\"noopener noreferrer\">\u00bfD\u00d3NDE SE ESTUDIA?<\/a><\/li>\n<\/ul>\n<p>&nbsp;<\/p>\n<\/div>\n","protected":false},"excerpt":{"rendered":"<p>\u00bfTe interesar\u00eda trabajar realizando excavaciones y sondeos en la industria extractiva? En M\u00e1laga no tenemos estos ciclos, pero puedes estudiarlo en Almer\u00eda y Huelva.&nbsp; V\u00eddeo de INDUSTRIAS EXTRACTIVAS FPA CICLOS DE GRADO&nbsp; MEDIO:&nbsp; T\u00e9cnico&#46;&#46;&#46;<\/p>\n","protected":false},"author":12235,"featured_media":0,"parent":0,"menu_order":0,"comment_status":"closed","ping_status":"closed","template":"","meta":{"ngg_post_thumbnail":0,"footnotes":""},"aioseo_notices":[],"_links":{"self":[{"href":"https:\/\/blogsaverroes.juntadeandalucia.es\/fpmalaga\/wp-json\/wp\/v2\/pages\/310"}],"collection":[{"href":"https:\/\/blogsaverroes.juntadeandalucia.es\/fpmalaga\/wp-json\/wp\/v2\/pages"}],"about":[{"href":"https:\/\/blogsaverroes.juntadeandalucia.es\/fpmalaga\/wp-json\/wp\/v2\/types\/page"}],"author":[{"embeddable":true,"href":"https:\/\/blogsaverroes.juntadeandalucia.es\/fpmalaga\/wp-json\/wp\/v2\/users\/12235"}],"replies":[{"embeddable":true,"href":"https:\/\/blogsaverroes.juntadeandalucia.es\/fpmalaga\/wp-json\/wp\/v2\/comments?post=310"}],"version-history":[{"count":5,"href":"https:\/\/blogsaverroes.juntadeandalucia.es\/fpmalaga\/wp-json\/wp\/v2\/pages\/310\/revisions"}],"predecessor-version":[{"id":370,"href":"https:\/\/blogsaverroes.juntadeandalucia.es\/fpmalaga\/wp-json\/wp\/v2\/pages\/310\/revisions\/370"}],"wp:attachment":[{"href":"https:\/\/blogsaverroes.juntadeandalucia.es\/fpmalaga\/wp-json\/wp\/v2\/media?parent=310"}],"curies":[{"name":"wp","href":"https:\/\/api.w.org\/{rel}","templated":true}]}}