{"id":314,"date":"2021-03-24T12:03:21","date_gmt":"2021-03-24T12:03:21","guid":{"rendered":"https:\/\/blogsaverroes.juntadeandalucia.es\/fpmalaga\/?page_id=314"},"modified":"2021-03-24T12:03:21","modified_gmt":"2021-03-24T12:03:21","slug":"informatica-y-comunicaciones","status":"publish","type":"page","link":"https:\/\/blogsaverroes.juntadeandalucia.es\/fpmalaga\/informatica-y-comunicaciones\/","title":{"rendered":"Inform\u00e1tica y Comunicaciones"},"content":{"rendered":"<p><span style=\"color: #000000\">\u00bfSabes que la mayor parte de las empresas necesitar\u00e1n digitalizarse para realizar una transformaci\u00f3n tecnol\u00f3gica de sus productos y servicios? \u00bfSabes que el sector donde mayor cantidad de empleo sin cubrir por falta de personas cualificadas es el de la Inform\u00e1tica y las Comunicaciones? \u00bfSabes que es el sector que m\u00e1s profesionales va a seguir necesitando en los pr\u00f3ximos a\u00f1os? \u00bfSabes que la mayor\u00eda de las chicas no lo elige por estereotipos, cuando por el contrario, debemos considerarlo como un sector de opci\u00f3n, por las garant\u00edas laborales que ofrece?&nbsp;<\/span><\/p>\n<p><span style=\"color: #000000\">En M\u00e1laga est\u00e1 el Parque tecnol\u00f3gico de Andaluc\u00eda, donde hay muchos perfiles sin cubrir por falta de personal cualificado. <\/span><\/p>\n<p><span style=\"color: #000000\">Elige un sector con buenas retribuciones, en comparaci\u00f3n a otros, y puedes desarrollar tu talento creativo creando aplicaciones o plataformas digitales. Sector donde no existe el desempleo si est\u00e1s cualificado y te gustan los retos tecnol\u00f3gicos? \u00bfQuieres crear app, webs, plataformas?&nbsp; \u00bfAsesorar o dar soporte a empresas para digitalizar sus procesos productivos? Estos son tus ciclos.&nbsp;<\/span><\/p>\n<ul>\n<li><a href=\"https:\/\/youtu.be\/drxldlIh-Aw\" target=\"_blank\" rel=\"noopener noreferrer\">V\u00eddeo &#8220;Imagen y Comunicaciones &#8221;&nbsp; M\u00e1laga<\/a><\/li>\n<li><span style=\"color: #0000ff\"><a style=\"color: #0000ff\" href=\"https:\/\/youtu.be\/hUY-k2crOi8\" target=\"_blank\" rel=\"noopener noreferrer\">V\u00eddeo &#8220;Imagen y Comunicaci\u00f3n&#8221; Andaluc\u00eda.<\/a><\/span><\/li>\n<\/ul>\n<p><strong>Formaci\u00f3n profesional M\u00e1laga:&nbsp;<\/strong><\/p>\n<p><img loading=\"lazy\" decoding=\"async\" class=\"size-medium wp-image-110 alignright\" src=\"https:\/\/blogsaverroes.juntadeandalucia.es\/fpmalaga\/files\/2021\/02\/14-300x169.png\" alt=\"\" width=\"300\" height=\"169\" srcset=\"https:\/\/blogsaverroes.juntadeandalucia.es\/fpmalaga\/files\/2021\/02\/14-300x169.png 300w, https:\/\/blogsaverroes.juntadeandalucia.es\/fpmalaga\/files\/2021\/02\/14-1024x576.png 1024w, https:\/\/blogsaverroes.juntadeandalucia.es\/fpmalaga\/files\/2021\/02\/14-768x432.png 768w, https:\/\/blogsaverroes.juntadeandalucia.es\/fpmalaga\/files\/2021\/02\/14-1536x864.png 1536w, https:\/\/blogsaverroes.juntadeandalucia.es\/fpmalaga\/files\/2021\/02\/14.png 1920w\" sizes=\"(max-width: 300px) 100vw, 300px\" \/><\/p>\n<ul>\n<li><a href=\"https:\/\/portals.ced.junta-andalucia.es\/educacion\/portals\/web\/formacion-profesional-andaluza\/fp-basica\/detalle-titulo?idTitulo=147\" target=\"_blank\" rel=\"noopener noreferrer\">Profesional B\u00e1sico en Inform\u00e1tica y Comunicaciones<\/a><\/li>\n<li><a href=\"https:\/\/portals.ced.junta-andalucia.es\/educacion\/portals\/web\/formacion-profesional-andaluza\/fp-basica\/detalle-titulo?idTitulo=163\" target=\"_blank\" rel=\"noopener noreferrer\">Profesional B\u00e1sico en Inform\u00e1tica de Oficina<\/a><\/li>\n<\/ul>\n<p>Ciclos formativos de Grado Medio:&nbsp;<\/p>\n<ul>\n<li><a href=\"https:\/\/portals.ced.junta-andalucia.es\/educacion\/portals\/web\/formacion-profesional-andaluza\/fp-grado-medio\/detalle-titulo?idTitulo=17\" target=\"_blank\" rel=\"noopener noreferrer\">T\u00e9cnico en Sistemas Microinform\u00e1ticos y Redes<\/a><\/li>\n<\/ul>\n<p>Ciclos formativos de Grado Superior:&nbsp;<\/p>\n<ul>\n<li><a href=\"https:\/\/portals.ced.junta-andalucia.es\/educacion\/portals\/web\/formacion-profesional-andaluza\/fp-grado-superior\/detalle-titulo?idTitulo=50\" target=\"_blank\" rel=\"noopener noreferrer\">T\u00e9cnico Superior en Administraci\u00f3n de Sistemas Inform\u00e1ticos en Red<\/a><\/li>\n<li><a href=\"https:\/\/portals.ced.junta-andalucia.es\/educacion\/portals\/web\/formacion-profesional-andaluza\/fp-grado-superior\/detalle-titulo?idTitulo=51\" target=\"_blank\" rel=\"noopener noreferrer\">T\u00e9cnico Superior en Desarrollo de Aplicaciones Multiplataforma<\/a><\/li>\n<li><a href=\"https:\/\/portals.ced.junta-andalucia.es\/educacion\/portals\/web\/formacion-profesional-andaluza\/fp-grado-superior\/detalle-titulo?idTitulo=56\" target=\"_blank\" rel=\"noopener noreferrer\">T\u00e9cnico Superior en Desarrollo de Aplicaciones Web<\/a><\/li>\n<\/ul>\n","protected":false},"excerpt":{"rendered":"<p>\u00bfSabes que la mayor parte de las empresas necesitar\u00e1n digitalizarse para realizar una transformaci\u00f3n tecnol\u00f3gica de sus productos y servicios? \u00bfSabes que el sector donde mayor cantidad de empleo sin cubrir por falta de&#46;&#46;&#46;<\/p>\n","protected":false},"author":12235,"featured_media":0,"parent":0,"menu_order":0,"comment_status":"closed","ping_status":"closed","template":"","meta":{"ngg_post_thumbnail":0,"footnotes":""},"aioseo_notices":[],"_links":{"self":[{"href":"https:\/\/blogsaverroes.juntadeandalucia.es\/fpmalaga\/wp-json\/wp\/v2\/pages\/314"}],"collection":[{"href":"https:\/\/blogsaverroes.juntadeandalucia.es\/fpmalaga\/wp-json\/wp\/v2\/pages"}],"about":[{"href":"https:\/\/blogsaverroes.juntadeandalucia.es\/fpmalaga\/wp-json\/wp\/v2\/types\/page"}],"author":[{"embeddable":true,"href":"https:\/\/blogsaverroes.juntadeandalucia.es\/fpmalaga\/wp-json\/wp\/v2\/users\/12235"}],"replies":[{"embeddable":true,"href":"https:\/\/blogsaverroes.juntadeandalucia.es\/fpmalaga\/wp-json\/wp\/v2\/comments?post=314"}],"version-history":[{"count":1,"href":"https:\/\/blogsaverroes.juntadeandalucia.es\/fpmalaga\/wp-json\/wp\/v2\/pages\/314\/revisions"}],"predecessor-version":[{"id":316,"href":"https:\/\/blogsaverroes.juntadeandalucia.es\/fpmalaga\/wp-json\/wp\/v2\/pages\/314\/revisions\/316"}],"wp:attachment":[{"href":"https:\/\/blogsaverroes.juntadeandalucia.es\/fpmalaga\/wp-json\/wp\/v2\/media?parent=314"}],"curies":[{"name":"wp","href":"https:\/\/api.w.org\/{rel}","templated":true}]}}