{"id":325,"date":"2021-03-24T12:53:03","date_gmt":"2021-03-24T12:53:03","guid":{"rendered":"https:\/\/blogsaverroes.juntadeandalucia.es\/fpmalaga\/?page_id=325"},"modified":"2021-03-24T15:34:04","modified_gmt":"2021-03-24T15:34:04","slug":"sanidad","status":"publish","type":"page","link":"https:\/\/blogsaverroes.juntadeandalucia.es\/fpmalaga\/sanidad\/","title":{"rendered":"SANIDAD"},"content":{"rendered":"<p><span style=\"color: #000000\">\u00bfTe gustar\u00eda trabajar en el sector sanitario, en una empresa p\u00fablica o privadas? En Sanidad, la oferta y cualificaci\u00f3n profesional a la que puedes optar es muy extensa. No te pierdas los siguientes v\u00eddeos e informaci\u00f3n para ayudarte a decidir:<\/span><\/p>\n<p><span style=\"color: #000000\"><img loading=\"lazy\" decoding=\"async\" class=\"size-medium wp-image-114 alignright\" src=\"https:\/\/blogsaverroes.juntadeandalucia.es\/fpmalaga\/files\/2021\/02\/18-300x169.png\" alt=\"\" width=\"300\" height=\"169\" srcset=\"https:\/\/blogsaverroes.juntadeandalucia.es\/fpmalaga\/files\/2021\/02\/18-300x169.png 300w, https:\/\/blogsaverroes.juntadeandalucia.es\/fpmalaga\/files\/2021\/02\/18-1024x576.png 1024w, https:\/\/blogsaverroes.juntadeandalucia.es\/fpmalaga\/files\/2021\/02\/18-768x432.png 768w, https:\/\/blogsaverroes.juntadeandalucia.es\/fpmalaga\/files\/2021\/02\/18-1536x864.png 1536w, https:\/\/blogsaverroes.juntadeandalucia.es\/fpmalaga\/files\/2021\/02\/18.png 1920w\" sizes=\"(max-width: 300px) 100vw, 300px\" \/><\/span><\/p>\n<ul>\n<li><span style=\"color: #000000\">V\u00eddeo FAMILIA PROFESIONAL \u201cSANIDAD\u201d M\u00c1LAGA<\/span><\/li>\n<li><a href=\"https:\/\/youtu.be\/ck_-b71c11k\" target=\"_blank\" rel=\"noopener noreferrer\">V\u00eddeo \u201cSANIDAD\u201d Andaluc\u00eda<\/a><\/li>\n<li><span style=\"color: #000000\">Qu\u00e9 ciclos existen de SANIDAD (GRUPO C)<\/span>\n<ul>\n<li><strong>GRADO MEDIO:<\/strong>\n<ul>\n<li><a href=\"https:\/\/www.juntadeandalucia.es\/educacion\/portals\/web\/formacion-profesional-andaluza\/fp-grado-medio\/detalle-titulo?idTitulo=8\" target=\"_blank\" rel=\"noopener noreferrer\">T\u00e9cnico en Farmacia y Parafarmacia<\/a><\/li>\n<li><span style=\"color: #0000ff\"><a style=\"color: #0000ff\" href=\"https:\/\/www.juntadeandalucia.es\/educacion\/portals\/web\/formacion-profesional-andaluza\/fp-grado-medio\/detalle-titulo?idTitulo=10\" target=\"_blank\" rel=\"noopener noreferrer\">T\u00e9cnico en emergencias sanitarias<\/a><\/span><\/li>\n<li><a href=\"https:\/\/www.juntadeandalucia.es\/educacion\/portals\/web\/formacion-profesional-andaluza\/fp-grado-medio\/detalle-titulo?idTitulo=324\" target=\"_blank\" rel=\"noopener noreferrer\">T\u00e9cnico en Cuidados auxiliares de enfermer\u00eda (LOGSE)<\/a><\/li>\n<\/ul>\n<\/li>\n<li><strong>GRADO SUPERIOR:<\/strong>\n<ul>\n<li><a href=\"https:\/\/portals.ced.junta-andalucia.es\/educacion\/portals\/web\/formacion-profesional-andaluza\/fp-grado-superior\/detalle-titulo?idTitulo=9\" target=\"_blank\" rel=\"noopener noreferrer\">T\u00e9cnico Superior en Audiolog\u00eda Prot\u00e9sica<\/a><\/li>\n<li><a href=\"https:\/\/portals.ced.junta-andalucia.es\/educacion\/portals\/web\/formacion-profesional-andaluza\/fp-grado-superior\/detalle-titulo?idTitulo=170\" target=\"_blank\" rel=\"noopener noreferrer\">T\u00e9cnico Superior en Radioterapia y Dosimetr\u00eda<\/a><\/li>\n<li><a href=\"https:\/\/portals.ced.junta-andalucia.es\/educacion\/portals\/web\/formacion-profesional-andaluza\/fp-grado-superior\/detalle-titulo?idTitulo=169\" target=\"_blank\" rel=\"noopener noreferrer\">T\u00e9cnico Superior en Laboratorio Cl\u00ednico y Biom\u00e9dico<\/a><\/li>\n<li><a href=\"https:\/\/portals.ced.junta-andalucia.es\/educacion\/portals\/web\/formacion-profesional-andaluza\/fp-grado-superior\/detalle-titulo?idTitulo=168\" target=\"_blank\" rel=\"noopener noreferrer\">T\u00e9cnico Superior en Imagen para el Diagn\u00f3stico y Medicina Nuclear<\/a><\/li>\n<li><a href=\"https:\/\/portals.ced.junta-andalucia.es\/educacion\/portals\/web\/formacion-profesional-andaluza\/fp-grado-superior\/detalle-titulo?idTitulo=167\" target=\"_blank\" rel=\"noopener noreferrer\">T\u00e9cnico Superior en Higiene Bucodental<\/a><\/li>\n<li><a href=\"https:\/\/portals.ced.junta-andalucia.es\/educacion\/portals\/web\/formacion-profesional-andaluza\/fp-grado-superior\/detalle-titulo?idTitulo=166\" target=\"_blank\" rel=\"noopener noreferrer\">T\u00e9cnico Superior en Documentaci\u00f3n y Administraci\u00f3n Sanitarias<\/a><\/li>\n<li><a href=\"https:\/\/portals.ced.junta-andalucia.es\/educacion\/portals\/web\/formacion-profesional-andaluza\/fp-grado-superior\/detalle-titulo?idTitulo=165\" target=\"_blank\" rel=\"noopener noreferrer\">T\u00e9cnico Superior en Anatom\u00eda Patol\u00f3gica y Citodiagn\u00f3stico<\/a><\/li>\n<li><a href=\"https:\/\/portals.ced.junta-andalucia.es\/educacion\/portals\/web\/formacion-profesional-andaluza\/fp-grado-superior\/detalle-titulo?idTitulo=110\" target=\"_blank\" rel=\"noopener noreferrer\">T\u00e9cnico Superior en Pr\u00f3tesis Dentales<\/a><\/li>\n<li><a href=\"https:\/\/portals.ced.junta-andalucia.es\/educacion\/portals\/web\/formacion-profesional-andaluza\/fp-grado-superior\/detalle-titulo?idTitulo=141\" target=\"_blank\" rel=\"noopener noreferrer\">T\u00e9cnico Superior en Ortopr\u00f3tesis y Productos de Apoyo<\/a><\/li>\n<li><a href=\"https:\/\/portals.ced.junta-andalucia.es\/educacion\/portals\/web\/formacion-profesional-andaluza\/fp-grado-superior\/detalle-titulo?idTitulo=375\" target=\"_blank\" rel=\"noopener noreferrer\">T\u00e9cnico Superior en Salud ambiental (LOGSE)<\/a><\/li>\n<li><a href=\"https:\/\/portals.ced.junta-andalucia.es\/educacion\/portals\/web\/formacion-profesional-andaluza\/fp-grado-superior\/detalle-titulo?idTitulo=376\" target=\"_blank\" rel=\"noopener noreferrer\">T\u00e9cnico Superior en Diet\u00e9tica (LOGSE)<\/a><\/li>\n<\/ul>\n<\/li>\n<\/ul>\n<\/li>\n<li><a href=\"https:\/\/www.juntadeandalucia.es\/educacion\/portals\/web\/formacion-profesional-andaluza\/oferta-educativa\" target=\"_blank\" rel=\"noopener noreferrer\">\u00bfD\u00d3NDE SE ESTUDIA?<\/a><\/li>\n<\/ul>\n","protected":false},"excerpt":{"rendered":"<p>\u00bfTe gustar\u00eda trabajar en el sector sanitario, en una empresa p\u00fablica o privadas? En Sanidad, la oferta y cualificaci\u00f3n profesional a la que puedes optar es muy extensa. No te pierdas los siguientes v\u00eddeos&#46;&#46;&#46;<\/p>\n","protected":false},"author":12235,"featured_media":0,"parent":0,"menu_order":0,"comment_status":"closed","ping_status":"closed","template":"","meta":{"ngg_post_thumbnail":0,"footnotes":""},"aioseo_notices":[],"_links":{"self":[{"href":"https:\/\/blogsaverroes.juntadeandalucia.es\/fpmalaga\/wp-json\/wp\/v2\/pages\/325"}],"collection":[{"href":"https:\/\/blogsaverroes.juntadeandalucia.es\/fpmalaga\/wp-json\/wp\/v2\/pages"}],"about":[{"href":"https:\/\/blogsaverroes.juntadeandalucia.es\/fpmalaga\/wp-json\/wp\/v2\/types\/page"}],"author":[{"embeddable":true,"href":"https:\/\/blogsaverroes.juntadeandalucia.es\/fpmalaga\/wp-json\/wp\/v2\/users\/12235"}],"replies":[{"embeddable":true,"href":"https:\/\/blogsaverroes.juntadeandalucia.es\/fpmalaga\/wp-json\/wp\/v2\/comments?post=325"}],"version-history":[{"count":6,"href":"https:\/\/blogsaverroes.juntadeandalucia.es\/fpmalaga\/wp-json\/wp\/v2\/pages\/325\/revisions"}],"predecessor-version":[{"id":338,"href":"https:\/\/blogsaverroes.juntadeandalucia.es\/fpmalaga\/wp-json\/wp\/v2\/pages\/325\/revisions\/338"}],"wp:attachment":[{"href":"https:\/\/blogsaverroes.juntadeandalucia.es\/fpmalaga\/wp-json\/wp\/v2\/media?parent=325"}],"curies":[{"name":"wp","href":"https:\/\/api.w.org\/{rel}","templated":true}]}}