{"id":48,"date":"2025-04-04T00:15:40","date_gmt":"2025-04-03T22:15:40","guid":{"rendered":"https:\/\/blogsaverroes.juntadeandalucia.es\/fpvideojuegoshuelva\/?page_id=48"},"modified":"2025-04-04T01:58:33","modified_gmt":"2025-04-03T23:58:33","slug":"game-jams","status":"publish","type":"page","link":"https:\/\/blogsaverroes.juntadeandalucia.es\/fpvideojuegoshuelva\/game-jams\/","title":{"rendered":"Game Jams"},"content":{"rendered":"<p>Una <strong>Game Jam<\/strong> es un encuentro de desarrolladores que tiene como prop\u00f3sito la <strong>creaci\u00f3n<\/strong> de uno o m\u00e1s <strong>videojuegos<\/strong> en un corto per\u00edodo de tiempo, normalmente entre veinticuatro y<strong> cuarenta y ocho horas<\/strong>.<\/p>\n<p>Aqu\u00ed puedes encontrar todos los juegos que se han desarrollado en las Game Jams que ha participado nuestro alumnado<\/p>\n<ul>\n<li><a title=\"M\u00e1laga Game Jam\" href=\"https:\/\/blogsaverroes.juntadeandalucia.es\/fpvideojuegoshuelva\/malaga-game-jam\/\">M\u00e1laga Game Jam<\/a><\/li>\n<li><a title=\"IES San Sebasti\u00e1n Game Jam\" href=\"https:\/\/blogsaverroes.juntadeandalucia.es\/fpvideojuegoshuelva\/ies-san-sebastian-game-jam\/\">IES San Sebasti\u00e1n Game Jam<\/a><\/li>\n<\/ul>\n","protected":false},"excerpt":{"rendered":"<p>Una Game Jam es un encuentro de desarrolladores que tiene como prop\u00f3sito la creaci\u00f3n de uno o m\u00e1s videojuegos en un corto per\u00edodo de tiempo, normalmente entre veinticuatro y cuarenta y ocho horas. Aqu\u00ed&#46;&#46;&#46;<\/p>\n","protected":false},"author":20902,"featured_media":0,"parent":0,"menu_order":0,"comment_status":"closed","ping_status":"closed","template":"","meta":{"footnotes":""},"aioseo_notices":[],"_links":{"self":[{"href":"https:\/\/blogsaverroes.juntadeandalucia.es\/fpvideojuegoshuelva\/wp-json\/wp\/v2\/pages\/48"}],"collection":[{"href":"https:\/\/blogsaverroes.juntadeandalucia.es\/fpvideojuegoshuelva\/wp-json\/wp\/v2\/pages"}],"about":[{"href":"https:\/\/blogsaverroes.juntadeandalucia.es\/fpvideojuegoshuelva\/wp-json\/wp\/v2\/types\/page"}],"author":[{"embeddable":true,"href":"https:\/\/blogsaverroes.juntadeandalucia.es\/fpvideojuegoshuelva\/wp-json\/wp\/v2\/users\/20902"}],"replies":[{"embeddable":true,"href":"https:\/\/blogsaverroes.juntadeandalucia.es\/fpvideojuegoshuelva\/wp-json\/wp\/v2\/comments?post=48"}],"version-history":[{"count":4,"href":"https:\/\/blogsaverroes.juntadeandalucia.es\/fpvideojuegoshuelva\/wp-json\/wp\/v2\/pages\/48\/revisions"}],"predecessor-version":[{"id":123,"href":"https:\/\/blogsaverroes.juntadeandalucia.es\/fpvideojuegoshuelva\/wp-json\/wp\/v2\/pages\/48\/revisions\/123"}],"wp:attachment":[{"href":"https:\/\/blogsaverroes.juntadeandalucia.es\/fpvideojuegoshuelva\/wp-json\/wp\/v2\/media?parent=48"}],"curies":[{"name":"wp","href":"https:\/\/api.w.org\/{rel}","templated":true}]}}