{"id":232,"date":"2020-06-05T10:09:04","date_gmt":"2020-06-05T10:09:04","guid":{"rendered":"https:\/\/blogsaverroes.juntadeandalucia.es\/francesalquivira\/?page_id=232"},"modified":"2020-06-05T10:10:55","modified_gmt":"2020-06-05T10:10:55","slug":"eso","status":"publish","type":"page","link":"https:\/\/blogsaverroes.juntadeandalucia.es\/francesalquivira\/eso\/","title":{"rendered":"ESO"},"content":{"rendered":"<p>En esta p\u00e1gina y en los submen\u00fas que aparecen en el encabezado del blog se pondr\u00e1 informaci\u00f3n relativa a la asignaura de franc\u00e9s en los niveles de la ESO.&nbsp;<\/p>\n","protected":false},"excerpt":{"rendered":"<p>En esta p\u00e1gina y en los submen\u00fas que aparecen en el encabezado del blog se pondr\u00e1 informaci\u00f3n relativa a la asignaura de franc\u00e9s en los niveles de la ESO.&nbsp;<\/p>\n","protected":false},"author":5764,"featured_media":0,"parent":0,"menu_order":0,"comment_status":"closed","ping_status":"closed","template":"","meta":{"ngg_post_thumbnail":0,"footnotes":""},"aioseo_notices":[],"_links":{"self":[{"href":"https:\/\/blogsaverroes.juntadeandalucia.es\/francesalquivira\/wp-json\/wp\/v2\/pages\/232"}],"collection":[{"href":"https:\/\/blogsaverroes.juntadeandalucia.es\/francesalquivira\/wp-json\/wp\/v2\/pages"}],"about":[{"href":"https:\/\/blogsaverroes.juntadeandalucia.es\/francesalquivira\/wp-json\/wp\/v2\/types\/page"}],"author":[{"embeddable":true,"href":"https:\/\/blogsaverroes.juntadeandalucia.es\/francesalquivira\/wp-json\/wp\/v2\/users\/5764"}],"replies":[{"embeddable":true,"href":"https:\/\/blogsaverroes.juntadeandalucia.es\/francesalquivira\/wp-json\/wp\/v2\/comments?post=232"}],"version-history":[{"count":2,"href":"https:\/\/blogsaverroes.juntadeandalucia.es\/francesalquivira\/wp-json\/wp\/v2\/pages\/232\/revisions"}],"predecessor-version":[{"id":235,"href":"https:\/\/blogsaverroes.juntadeandalucia.es\/francesalquivira\/wp-json\/wp\/v2\/pages\/232\/revisions\/235"}],"wp:attachment":[{"href":"https:\/\/blogsaverroes.juntadeandalucia.es\/francesalquivira\/wp-json\/wp\/v2\/media?parent=232"}],"curies":[{"name":"wp","href":"https:\/\/api.w.org\/{rel}","templated":true}]}}