{"id":53,"date":"2023-01-30T12:31:27","date_gmt":"2023-01-30T12:31:27","guid":{"rendered":"https:\/\/blogsaverroes.juntadeandalucia.es\/frantejada\/?page_id=53"},"modified":"2025-09-17T21:11:57","modified_gmt":"2025-09-17T19:11:57","slug":"incidencias-aulas","status":"publish","type":"page","link":"https:\/\/blogsaverroes.juntadeandalucia.es\/frantejada\/incidencias-aulas\/","title":{"rendered":"Incidencias TDE"},"content":{"rendered":"\t\t<div data-elementor-type=\"wp-page\" data-elementor-id=\"53\" class=\"elementor elementor-53\">\n\t\t\t\t\t\t<section class=\"elementor-section elementor-top-section elementor-element elementor-element-361abce4 elementor-section-boxed elementor-section-height-default elementor-section-height-default\" data-id=\"361abce4\" data-element_type=\"section\">\n\t\t\t\t\t\t<div class=\"elementor-container elementor-column-gap-default\">\n\t\t\t\t\t<div class=\"elementor-column elementor-col-100 elementor-top-column elementor-element elementor-element-688809a0\" data-id=\"688809a0\" data-element_type=\"column\">\n\t\t\t<div class=\"elementor-widget-wrap elementor-element-populated\">\n\t\t\t\t\t\t<div class=\"elementor-element elementor-element-422ebf44 elementor-widget elementor-widget-text-editor\" data-id=\"422ebf44\" data-element_type=\"widget\" data-widget_type=\"text-editor.default\">\n\t\t\t\t<div class=\"elementor-widget-container\">\n\t\t\t\t\t\t\t\t\t<p>Desde esta secci\u00f3n se canalizar\u00e1n aquellas incidencias relacionadas con el \u00e1mbito TIC que ocurran en las instalaciones del IES al \u00c1ndalus. Se han divido las incidencias en 2:<\/p><ol><li>Incidencias en Aulas<\/li><li>Incidencias en port\u00e1tiles (Carros TDE).<\/li><\/ol><p>Si detectas alguna anomal\u00eda en el funcionamiento de los recursos TIC, no dudes en comunicarlo mediante los formularios correspondientes.<\/p><p>Gracias por tu colaboraci\u00f3n.<\/p><p data-wp-editing=\"1\"><img decoding=\"async\" class=\"size-medium wp-image-78 aligncenter\" src=\"https:\/\/blogsaverroes.juntadeandalucia.es\/frantejada\/files\/2023\/01\/incidencias-300x90.jpg\" alt=\"\" width=\"300\" height=\"90\" srcset=\"https:\/\/blogsaverroes.juntadeandalucia.es\/frantejada\/files\/2023\/01\/incidencias-300x90.jpg 300w, https:\/\/blogsaverroes.juntadeandalucia.es\/frantejada\/files\/2023\/01\/incidencias-768x229.jpg 768w, https:\/\/blogsaverroes.juntadeandalucia.es\/frantejada\/files\/2023\/01\/incidencias-700x209.jpg 700w, https:\/\/blogsaverroes.juntadeandalucia.es\/frantejada\/files\/2023\/01\/incidencias-332x99.jpg 332w, https:\/\/blogsaverroes.juntadeandalucia.es\/frantejada\/files\/2023\/01\/incidencias.jpg 800w\" sizes=\"(max-width: 300px) 100vw, 300px\" \/><\/p>\t\t\t\t\t\t\t\t<\/div>\n\t\t\t\t<\/div>\n\t\t\t\t\t<\/div>\n\t\t<\/div>\n\t\t\t\t\t<\/div>\n\t\t<\/section>\n\t\t\t\t<section class=\"elementor-section elementor-top-section elementor-element elementor-element-00d44ee elementor-section-boxed elementor-section-height-default elementor-section-height-default\" data-id=\"00d44ee\" data-element_type=\"section\">\n\t\t\t\t\t\t<div class=\"elementor-container elementor-column-gap-default\">\n\t\t\t\t\t<div class=\"elementor-column elementor-col-50 elementor-top-column elementor-element elementor-element-b9ad25c\" data-id=\"b9ad25c\" data-element_type=\"column\">\n\t\t\t<div class=\"elementor-widget-wrap elementor-element-populated\">\n\t\t\t\t\t\t<div class=\"elementor-element elementor-element-6eb1627 elementor-align-center elementor-invisible elementor-widget elementor-widget-button\" data-id=\"6eb1627\" data-element_type=\"widget\" data-settings=\"{&quot;_animation&quot;:&quot;fadeIn&quot;}\" data-widget_type=\"button.default\">\n\t\t\t\t<div class=\"elementor-widget-container\">\n\t\t\t\t\t\t\t\t\t<div class=\"elementor-button-wrapper\">\n\t\t\t\t\t<a class=\"elementor-button elementor-button-link elementor-size-lg\" href=\"https:\/\/forms.gle\/UhTr1zUusPgb8aRJ9\" target=\"_blank\">\n\t\t\t\t\t\t<span class=\"elementor-button-content-wrapper\">\n\t\t\t\t\t\t<span class=\"elementor-button-icon\">\n\t\t\t\t<i aria-hidden=\"true\" class=\"fas fa-tools\"><\/i>\t\t\t<\/span>\n\t\t\t\t\t\t\t\t\t<span class=\"elementor-button-text\">Incidencias Aulas<\/span>\n\t\t\t\t\t<\/span>\n\t\t\t\t\t<\/a>\n\t\t\t\t<\/div>\n\t\t\t\t\t\t\t\t<\/div>\n\t\t\t\t<\/div>\n\t\t\t\t\t<\/div>\n\t\t<\/div>\n\t\t\t\t<div class=\"elementor-column elementor-col-50 elementor-top-column elementor-element elementor-element-ca2763b\" data-id=\"ca2763b\" data-element_type=\"column\">\n\t\t\t<div class=\"elementor-widget-wrap elementor-element-populated\">\n\t\t\t\t\t\t<div class=\"elementor-element elementor-element-9906b53 elementor-align-center elementor-invisible elementor-widget elementor-widget-button\" data-id=\"9906b53\" data-element_type=\"widget\" data-settings=\"{&quot;_animation&quot;:&quot;fadeIn&quot;}\" data-widget_type=\"button.default\">\n\t\t\t\t<div class=\"elementor-widget-container\">\n\t\t\t\t\t\t\t\t\t<div class=\"elementor-button-wrapper\">\n\t\t\t\t\t<a class=\"elementor-button elementor-button-link elementor-size-lg\" href=\"https:\/\/forms.gle\/ekunFgT28s83zvgSA\" target=\"_blank\">\n\t\t\t\t\t\t<span class=\"elementor-button-content-wrapper\">\n\t\t\t\t\t\t<span class=\"elementor-button-icon\">\n\t\t\t\t<i aria-hidden=\"true\" class=\"fas fa-tools\"><\/i>\t\t\t<\/span>\n\t\t\t\t\t\t\t\t\t<span class=\"elementor-button-text\">Incidencias Port\u00e1tiles<\/span>\n\t\t\t\t\t<\/span>\n\t\t\t\t\t<\/a>\n\t\t\t\t<\/div>\n\t\t\t\t\t\t\t\t<\/div>\n\t\t\t\t<\/div>\n\t\t\t\t\t<\/div>\n\t\t<\/div>\n\t\t\t\t\t<\/div>\n\t\t<\/section>\n\t\t\t\t<section class=\"elementor-section elementor-top-section elementor-element elementor-element-e86a187 elementor-section-boxed elementor-section-height-default elementor-section-height-default\" data-id=\"e86a187\" data-element_type=\"section\">\n\t\t\t\t\t\t<div class=\"elementor-container elementor-column-gap-default\">\n\t\t\t\t\t<div class=\"elementor-column elementor-col-100 elementor-top-column elementor-element elementor-element-715e965\" data-id=\"715e965\" data-element_type=\"column\">\n\t\t\t<div class=\"elementor-widget-wrap elementor-element-populated\">\n\t\t\t\t\t\t<div class=\"elementor-element elementor-element-ca72097 elementor-widget elementor-widget-image\" data-id=\"ca72097\" data-element_type=\"widget\" data-widget_type=\"image.default\">\n\t\t\t\t<div class=\"elementor-widget-container\">\n\t\t\t\t\t\t\t\t\t\t\t\t<figure class=\"wp-caption\">\n\t\t\t\t\t\t\t\t\t\t<img fetchpriority=\"high\" decoding=\"async\" width=\"843\" height=\"843\" src=\"https:\/\/blogsaverroes.juntadeandalucia.es\/frantejada\/files\/2023\/03\/ProcedimientoIncidencias-1024x1024.jpg\" class=\"attachment-large size-large wp-image-480\" alt=\"\" srcset=\"https:\/\/blogsaverroes.juntadeandalucia.es\/frantejada\/files\/2023\/03\/ProcedimientoIncidencias-1024x1024.jpg 1024w, https:\/\/blogsaverroes.juntadeandalucia.es\/frantejada\/files\/2023\/03\/ProcedimientoIncidencias-300x300.jpg 300w, https:\/\/blogsaverroes.juntadeandalucia.es\/frantejada\/files\/2023\/03\/ProcedimientoIncidencias-150x150.jpg 150w, https:\/\/blogsaverroes.juntadeandalucia.es\/frantejada\/files\/2023\/03\/ProcedimientoIncidencias-768x768.jpg 768w, https:\/\/blogsaverroes.juntadeandalucia.es\/frantejada\/files\/2023\/03\/ProcedimientoIncidencias.jpg 1080w\" sizes=\"(max-width: 843px) 100vw, 843px\" \/>\t\t\t\t\t\t\t\t\t\t\t<figcaption class=\"widget-image-caption wp-caption-text\">Infograf\u00eda elaborada por Fran Tejada usando la herramienta CANVA (CC BY-NC-SA)<\/figcaption>\n\t\t\t\t\t\t\t\t\t\t<\/figure>\n\t\t\t\t\t\t\t\t\t<\/div>\n\t\t\t\t<\/div>\n\t\t\t\t\t<\/div>\n\t\t<\/div>\n\t\t\t\t\t<\/div>\n\t\t<\/section>\n\t\t\t\t<\/div>\n\t\t","protected":false},"excerpt":{"rendered":"<p>Desde esta secci\u00f3n se canalizar\u00e1n aquellas incidencias relacionadas con el \u00e1mbito TIC que ocurran en las instalaciones del IES al \u00c1ndalus. Se han divido las&hellip;<\/p>\n","protected":false},"author":12697,"featured_media":0,"parent":0,"menu_order":0,"comment_status":"closed","ping_status":"closed","template":"","meta":{"_exactmetrics_skip_tracking":false,"_exactmetrics_sitenote_active":false,"_exactmetrics_sitenote_note":"","_exactmetrics_sitenote_category":0,"ngg_post_thumbnail":0,"footnotes":""},"aioseo_notices":[],"_links":{"self":[{"href":"https:\/\/blogsaverroes.juntadeandalucia.es\/frantejada\/wp-json\/wp\/v2\/pages\/53"}],"collection":[{"href":"https:\/\/blogsaverroes.juntadeandalucia.es\/frantejada\/wp-json\/wp\/v2\/pages"}],"about":[{"href":"https:\/\/blogsaverroes.juntadeandalucia.es\/frantejada\/wp-json\/wp\/v2\/types\/page"}],"author":[{"embeddable":true,"href":"https:\/\/blogsaverroes.juntadeandalucia.es\/frantejada\/wp-json\/wp\/v2\/users\/12697"}],"replies":[{"embeddable":true,"href":"https:\/\/blogsaverroes.juntadeandalucia.es\/frantejada\/wp-json\/wp\/v2\/comments?post=53"}],"version-history":[{"count":102,"href":"https:\/\/blogsaverroes.juntadeandalucia.es\/frantejada\/wp-json\/wp\/v2\/pages\/53\/revisions"}],"predecessor-version":[{"id":909,"href":"https:\/\/blogsaverroes.juntadeandalucia.es\/frantejada\/wp-json\/wp\/v2\/pages\/53\/revisions\/909"}],"wp:attachment":[{"href":"https:\/\/blogsaverroes.juntadeandalucia.es\/frantejada\/wp-json\/wp\/v2\/media?parent=53"}],"curies":[{"name":"wp","href":"https:\/\/api.w.org\/{rel}","templated":true}]}}