{"id":1465,"date":"2022-11-01T09:00:19","date_gmt":"2022-11-01T08:00:19","guid":{"rendered":"https:\/\/blogsaverroes.juntadeandalucia.es\/frayalbino-algallarin\/?page_id=1465"},"modified":"2022-10-30T23:23:07","modified_gmt":"2022-10-30T22:23:07","slug":"excursion-concierto-didactico","status":"publish","type":"page","link":"https:\/\/blogsaverroes.juntadeandalucia.es\/frayalbino-algallarin\/excursion-concierto-didactico\/","title":{"rendered":"EXCURSI\u00d3N &#8220;CONCIERTO DID\u00c1CTICO&#8221;"},"content":{"rendered":"<p>Hola a todos\/as!<\/p>\n<p>Aqu\u00ed os dejamos una muestra de la&nbsp;EXCURSI\u00d3N &#8220;CONCIERTO DID\u00c1CTICO&#8221; EN EL TEATRO G\u00d3NGORA (C\u00d3RDOBA)<\/p>\n<p><iframe class=\"wp-embedded-content\" sandbox=\"allow-scripts\" security=\"restricted\" title=\"\u00c1LBUM DE FOTOS VINTAGE\" frameborder='0' width='1200' height='675' src='https:\/\/view.genial.ly\/635ec15b8c673d001203b466#?secret=5PMOxWF8pQ' data-secret='5PMOxWF8pQ' scrolling='yes'><\/iframe><\/p>\n<p>\u00a1ESPERAMOS QUE OS GUSTE!<\/p>\n","protected":false},"excerpt":{"rendered":"<p>Hola a todos\/as! Aqu\u00ed os dejamos una muestra de la&nbsp;EXCURSI\u00d3N &#8220;CONCIERTO DID\u00c1CTICO&#8221; EN EL TEATRO G\u00d3NGORA (C\u00d3RDOBA) \u00a1ESPERAMOS QUE OS GUSTE!<\/p>\n","protected":false},"author":14012,"featured_media":0,"parent":0,"menu_order":0,"comment_status":"closed","ping_status":"closed","template":"","meta":{"_et_pb_use_builder":"","_et_pb_old_content":"","_et_gb_content_width":"","ngg_post_thumbnail":0,"footnotes":""},"aioseo_notices":[],"_links":{"self":[{"href":"https:\/\/blogsaverroes.juntadeandalucia.es\/frayalbino-algallarin\/wp-json\/wp\/v2\/pages\/1465"}],"collection":[{"href":"https:\/\/blogsaverroes.juntadeandalucia.es\/frayalbino-algallarin\/wp-json\/wp\/v2\/pages"}],"about":[{"href":"https:\/\/blogsaverroes.juntadeandalucia.es\/frayalbino-algallarin\/wp-json\/wp\/v2\/types\/page"}],"author":[{"embeddable":true,"href":"https:\/\/blogsaverroes.juntadeandalucia.es\/frayalbino-algallarin\/wp-json\/wp\/v2\/users\/14012"}],"replies":[{"embeddable":true,"href":"https:\/\/blogsaverroes.juntadeandalucia.es\/frayalbino-algallarin\/wp-json\/wp\/v2\/comments?post=1465"}],"version-history":[{"count":7,"href":"https:\/\/blogsaverroes.juntadeandalucia.es\/frayalbino-algallarin\/wp-json\/wp\/v2\/pages\/1465\/revisions"}],"predecessor-version":[{"id":1473,"href":"https:\/\/blogsaverroes.juntadeandalucia.es\/frayalbino-algallarin\/wp-json\/wp\/v2\/pages\/1465\/revisions\/1473"}],"wp:attachment":[{"href":"https:\/\/blogsaverroes.juntadeandalucia.es\/frayalbino-algallarin\/wp-json\/wp\/v2\/media?parent=1465"}],"curies":[{"name":"wp","href":"https:\/\/api.w.org\/{rel}","templated":true}]}}