{"id":1505,"date":"2022-11-20T10:45:38","date_gmt":"2022-11-20T09:45:38","guid":{"rendered":"https:\/\/blogsaverroes.juntadeandalucia.es\/frayalbino-algallarin\/?page_id=1505"},"modified":"2022-11-20T10:45:38","modified_gmt":"2022-11-20T09:45:38","slug":"consejo-escolar-2022-23","status":"publish","type":"page","link":"https:\/\/blogsaverroes.juntadeandalucia.es\/frayalbino-algallarin\/consejo-escolar-2022-23\/","title":{"rendered":"CONSEJO ESCOLAR 2022\/23"},"content":{"rendered":"<p><span style=\"color: #ff0000\"><strong><span style=\"font-size: 18pt\">DEFINICI\u00d3N<\/span><\/strong><\/span><\/p>\n<p align=\"left\"><span style=\"font-size: medium\">El Consejo Escolar es el \u00f3rgano colegiado de gobierno a trav\u00e9s del cual participa la comunidad educativa en el gobierno de los centros.<\/span><\/p>\n<p align=\"left\"><span style=\"font-size: medium\">El Consejo Escolar de los centros de 6 o m\u00e1s unidades y menos de 9 estar\u00e1 compuesto por los siguientes miembros:<\/span><\/p>\n<p align=\"left\"><span style=\"font-size: medium\">a) El director o la directora del centro, que ejercer\u00e1 la presidencia.<\/span><\/p>\n<p align=\"left\"><span style=\"font-size: medium\">b) Tres maestros o maestras.<\/span><\/p>\n<p align=\"left\"><span style=\"font-size: medium\">c) Cuatro padres, madres o representantes legales del alumnado, de los que uno ser\u00e1 designado, en su caso, por la asociaci\u00f3n de padres y madres del alumnado con mayor n\u00famero de personas asociadas.<\/span><\/p>\n<p align=\"left\"><span style=\"font-size: medium\">d) Una persona representante del personal de administraci\u00f3n y servicios cuando el centro cuente con dicho personal.<\/span><\/p>\n<p align=\"left\"><span style=\"font-size: medium\">e) Una concejal\u00eda o persona representante del Ayuntamiento del municipio en cuyo t\u00e9rmino se halle radicado el centro.<\/span><\/p>\n<p align=\"left\"><span style=\"font-size: medium\">f) El secretario o la secretaria del centro, que ejercer\u00e1 la secretar\u00eda del Consejo Escolar, con voz y sin voto.<\/span><\/p>\n<p align=\"left\"><strong><span style=\"font-size: 18pt;color: #ff0000\">FUNCIONES<\/span><\/strong><\/p>\n<p align=\"left\"><span style=\"font-size: medium\">a) Aprobar y evaluar el Plan de Centro, sin perjuicio de las competencias del Claustro de Profesorado que se establecen en el art\u00edculo 66.b) y c) en relaci\u00f3n con la planificaci\u00f3n y la<\/span><\/p>\n<p align=\"left\"><span style=\"font-size: medium\">organizaci\u00f3n docente.<\/span><\/p>\n<p align=\"left\"><span style=\"font-size: medium\">b) Aprobar el proyecto de presupuesto del centro y la justificaci\u00f3n de la cuenta de gesti\u00f3n.<\/span><\/p>\n<p align=\"left\"><span style=\"font-size: medium\">c) Conocer las candidaturas a la direcci\u00f3n y los proyectos de direcci\u00f3n presentados por las personas candidatas.<\/span><\/p>\n<p align=\"left\"><span style=\"font-size: medium\">d) Participar en la selecci\u00f3n del director o directora del centro en los t\u00e9rminos que establece la Ley Org\u00e1nica 2\/2006, de 3 de mayo. Ser informado del nombramiento y cese de los dem\u00e1s miembros del equipo directivo. En su caso, previo acuerdo de sus miembros, adoptado por mayor\u00eda de dos tercios, proponer la revocaci\u00f3n del nombramiento del director o directora.<\/span><\/p>\n<p align=\"left\"><span style=\"font-size: medium\">e) Decidir sobre la admisi\u00f3n del alumnado con sujeci\u00f3n a lo establecido en la Ley Org\u00e1nica 2\/2006, de 3 de mayo, y disposiciones que la desarrollen.<\/span><\/p>\n<p align=\"left\"><span style=\"font-size: medium\">f) Realizar el seguimiento de los compromisos educativos y de convivencia suscritos en el centro, para garantizar su efectividad y proponer la adopci\u00f3n de medidas e iniciativas en caso de incumplimiento.<\/span><\/p>\n<p align=\"left\"><span style=\"font-size: medium\">g) Conocer la resoluci\u00f3n de conflictos disciplinarios y velar porque se atengan al presente Reglamento y dem\u00e1s normativa de aplicaci\u00f3n. Cuando las medidas disciplinarias adoptadas por el director o directora correspondan a conductas del alumno o alumna que perjudiquen gravemente la convivencia del centro, el Consejo Escolar, a instancia de padres, madres o representantes legales del alumnado, podr\u00e1 revisar la decisi\u00f3n adoptada y proponer, en su caso, las medidas oportunas.<\/span><\/p>\n<p align=\"left\"><span style=\"font-size: medium\">h) Proponer medidas e iniciativas que favorezcan la convivencia en el centro, la igualdad entre hombres y mujeres y la resoluci\u00f3n pac\u00edfica de conflictos en todos los \u00e1mbitos de la vida personal, familiar y social.<\/span><\/p>\n<p align=\"left\"><span style=\"font-size: medium\">i) Reprobar a las personas que causen da\u00f1os, injurias u ofensas al profesorado. En todo caso, la resoluci\u00f3n de reprobaci\u00f3n se emitir\u00e1 tras la instrucci\u00f3n de un expediente, previa audiencia al interesado.<\/span><\/p>\n<p align=\"left\"><span style=\"font-size: medium\">j) Promover la conservaci\u00f3n y renovaci\u00f3n de las instalaciones y equipo escolar y aprobar la obtenci\u00f3n de recursos complementarios de acuerdo con lo establecido en el art\u00edculo 25.<\/span><\/p>\n<p align=\"left\"><span style=\"font-size: medium\">k) Fijar las directrices para la colaboraci\u00f3n, con fines educativos y culturales, con las Administraciones locales, con otros centros, entidades y organismos.<\/span><\/p>\n<p align=\"left\"><span style=\"font-size: medium\">l) Analizar y valorar el funcionamiento general del centro, la evoluci\u00f3n del rendimiento escolar y los resultados de las evaluaciones internas y externas en las que participe el centro.<\/span><\/p>\n<p align=\"left\"><span style=\"font-size: medium\">m) Elaborar propuestas e informes, a iniciativa propia o a petici\u00f3n de la Administraci\u00f3n competente, sobre el funcionamiento del centro y la mejora de la calidad de la gesti\u00f3n, as\u00ed como sobre aquellos otros aspectos relacionados con la calidad de la misma.<\/span><\/p>\n<p align=\"left\"><span style=\"font-size: medium\">n) Cualesquiera otras que le sean atribuidas por la Consejer\u00eda competente en materia de educaci\u00f3n.<\/span><\/p>\n<p align=\"left\"><span style=\"color: #ff0000;font-size: 18pt\"><strong>R\u00e9gimen de funcionamiento del Consejo Escolar<\/strong><\/span><\/p>\n<p align=\"left\"><span style=\"font-size: medium\">1. Las reuniones del Consejo Escolar deber\u00e1n celebrarse en el d\u00eda y con el horario que posibiliten la asistencia de todos sus miembros y, en todo caso, en sesi\u00f3n de tarde que no interfiera el horario lectivo del centro.<\/span><\/p>\n<p align=\"left\"><span style=\"font-size: medium\">2. El Consejo Escolar ser\u00e1 convocado por orden de la presidencia, adoptado por propia iniciativa o a solicitud de, al menos, un tercio de sus miembros.<\/span><\/p>\n<p align=\"left\"><span style=\"font-size: medium\">3. Para la celebraci\u00f3n de las reuniones ordinarias, el secretario o secretaria del Consejo Escolar, por orden de la presidencia, convocar\u00e1 con el correspondiente orden del d\u00eda a los miembros del mismo, con una antelaci\u00f3n m\u00ednima de una semana, y pondr\u00e1 a su disposici\u00f3n la correspondiente informaci\u00f3n sobre los temas a tratar en la reuni\u00f3n. Podr\u00e1n realizarse, adem\u00e1s, convocatorias extraordinarias con una antelaci\u00f3n m\u00ednima de cuarenta y ocho horas, cuando la naturaleza de los asuntos que hayan de tratarse as\u00ed lo aconseje.<\/span><\/p>\n<p align=\"left\"><span style=\"font-size: medium\">4. El Consejo Escolar adoptar\u00e1 los acuerdos por mayor\u00eda de votos, sin perjuicio de la exigencia de otras mayor\u00edas cuando as\u00ed se determine expresamente por normativa espec\u00edfica.<\/span><\/p>\n","protected":false},"excerpt":{"rendered":"<p>DEFINICI\u00d3N El Consejo Escolar es el \u00f3rgano colegiado de gobierno a trav\u00e9s del cual participa la comunidad educativa en el gobierno de los centros. El Consejo Escolar de los centros de 6 o m\u00e1s unidades y menos de 9 estar\u00e1 compuesto por los siguientes miembros: a) El director o la directora del centro, que ejercer\u00e1 [&hellip;]<\/p>\n","protected":false},"author":14012,"featured_media":1445,"parent":0,"menu_order":0,"comment_status":"closed","ping_status":"closed","template":"","meta":{"_et_pb_use_builder":"","_et_pb_old_content":"","_et_gb_content_width":"","ngg_post_thumbnail":0,"footnotes":""},"aioseo_notices":[],"_links":{"self":[{"href":"https:\/\/blogsaverroes.juntadeandalucia.es\/frayalbino-algallarin\/wp-json\/wp\/v2\/pages\/1505"}],"collection":[{"href":"https:\/\/blogsaverroes.juntadeandalucia.es\/frayalbino-algallarin\/wp-json\/wp\/v2\/pages"}],"about":[{"href":"https:\/\/blogsaverroes.juntadeandalucia.es\/frayalbino-algallarin\/wp-json\/wp\/v2\/types\/page"}],"author":[{"embeddable":true,"href":"https:\/\/blogsaverroes.juntadeandalucia.es\/frayalbino-algallarin\/wp-json\/wp\/v2\/users\/14012"}],"replies":[{"embeddable":true,"href":"https:\/\/blogsaverroes.juntadeandalucia.es\/frayalbino-algallarin\/wp-json\/wp\/v2\/comments?post=1505"}],"version-history":[{"count":1,"href":"https:\/\/blogsaverroes.juntadeandalucia.es\/frayalbino-algallarin\/wp-json\/wp\/v2\/pages\/1505\/revisions"}],"predecessor-version":[{"id":1506,"href":"https:\/\/blogsaverroes.juntadeandalucia.es\/frayalbino-algallarin\/wp-json\/wp\/v2\/pages\/1505\/revisions\/1506"}],"wp:featuredmedia":[{"embeddable":true,"href":"https:\/\/blogsaverroes.juntadeandalucia.es\/frayalbino-algallarin\/wp-json\/wp\/v2\/media\/1445"}],"wp:attachment":[{"href":"https:\/\/blogsaverroes.juntadeandalucia.es\/frayalbino-algallarin\/wp-json\/wp\/v2\/media?parent=1505"}],"curies":[{"name":"wp","href":"https:\/\/api.w.org\/{rel}","templated":true}]}}