{"id":1074,"date":"2024-10-05T13:15:48","date_gmt":"2024-10-05T11:15:48","guid":{"rendered":"https:\/\/blogsaverroes.juntadeandalucia.es\/funglishzone\/?page_id=1074"},"modified":"2024-10-05T13:17:12","modified_gmt":"2024-10-05T11:17:12","slug":"guiones-actividades-esa-1-ingles","status":"publish","type":"page","link":"https:\/\/blogsaverroes.juntadeandalucia.es\/funglishzone\/guiones-actividades-esa-1-ingles\/","title":{"rendered":"GUIONES ACTIVIDADES ESA 1 -INGL\u00c9S-"},"content":{"rendered":"<p style=\"text-align: center\"><span style=\"color: #008000;font-size: 36pt\"><strong>NIVEL ESA 1 -INGL\u00c9S-<\/strong><\/span><\/p>\n<p style=\"text-align: center\"><strong><span style=\"font-size: 14pt\">Selecciona el PDF con el gui\u00f3n de todas las actividades necesarias para seguir tus clases con el m\u00e9todo ENGLISH FOR ADULTS TODAY 1.<\/span><\/strong><\/p>\n<p><img loading=\"lazy\" decoding=\"async\" class=\"size-medium wp-image-285 aligncenter\" src=\"https:\/\/blogsaverroes.juntadeandalucia.es\/funglishzone\/files\/2020\/10\/9789963273782-213x300.jpg\" alt=\"\" width=\"213\" height=\"300\" srcset=\"https:\/\/blogsaverroes.juntadeandalucia.es\/funglishzone\/files\/2020\/10\/9789963273782-213x300.jpg 213w, https:\/\/blogsaverroes.juntadeandalucia.es\/funglishzone\/files\/2020\/10\/9789963273782-17x24.jpg 17w, https:\/\/blogsaverroes.juntadeandalucia.es\/funglishzone\/files\/2020\/10\/9789963273782-26x36.jpg 26w, https:\/\/blogsaverroes.juntadeandalucia.es\/funglishzone\/files\/2020\/10\/9789963273782-34x48.jpg 34w, https:\/\/blogsaverroes.juntadeandalucia.es\/funglishzone\/files\/2020\/10\/9789963273782.jpg 229w\" sizes=\"(max-width: 213px) 100vw, 213px\" \/><\/p>\n<p style=\"text-align: center\"><strong><span style=\"font-size: 14pt\">GUIONES:<\/span><\/strong><\/p>\n<ul>\n<li>Gui\u00f3n de las unidades 1, 2 y 3 (TRIMESTRE 1): <a href=\"https:\/\/blogsaverroes.juntadeandalucia.es\/funglishzone\/files\/2024\/10\/ESA-1-GUION-EFADULTS-TRIM-1.pdf\">GUI\u00d3N 1<\/a><\/li>\n<li>Gui\u00f3n de las unidades 4, 5 y 6 (TRIMESTRE 2): <a href=\"https:\/\/blogsaverroes.juntadeandalucia.es\/funglishzone\/files\/2024\/10\/ESA-1-GUION-EFADULTS-TRIM-2.pdf\">GUI\u00d3N 2<\/a><\/li>\n<li>Gui\u00f3n de las unidades 7, 8 y 9 (TRIMESTRE 3):&nbsp;<\/li>\n<\/ul>\n","protected":false},"excerpt":{"rendered":"<p>NIVEL ESA 1 -INGL\u00c9S- Selecciona el PDF con el gui\u00f3n de todas las actividades necesarias para seguir tus clases con el m\u00e9todo ENGLISH FOR ADULTS TODAY 1. GUIONES: Gui\u00f3n de las unidades 1, 2&#46;&#46;&#46;<\/p>\n","protected":false},"author":8588,"featured_media":0,"parent":0,"menu_order":0,"comment_status":"closed","ping_status":"closed","template":"","meta":{"ngg_post_thumbnail":0,"footnotes":""},"aioseo_notices":[],"_links":{"self":[{"href":"https:\/\/blogsaverroes.juntadeandalucia.es\/funglishzone\/wp-json\/wp\/v2\/pages\/1074"}],"collection":[{"href":"https:\/\/blogsaverroes.juntadeandalucia.es\/funglishzone\/wp-json\/wp\/v2\/pages"}],"about":[{"href":"https:\/\/blogsaverroes.juntadeandalucia.es\/funglishzone\/wp-json\/wp\/v2\/types\/page"}],"author":[{"embeddable":true,"href":"https:\/\/blogsaverroes.juntadeandalucia.es\/funglishzone\/wp-json\/wp\/v2\/users\/8588"}],"replies":[{"embeddable":true,"href":"https:\/\/blogsaverroes.juntadeandalucia.es\/funglishzone\/wp-json\/wp\/v2\/comments?post=1074"}],"version-history":[{"count":2,"href":"https:\/\/blogsaverroes.juntadeandalucia.es\/funglishzone\/wp-json\/wp\/v2\/pages\/1074\/revisions"}],"predecessor-version":[{"id":1077,"href":"https:\/\/blogsaverroes.juntadeandalucia.es\/funglishzone\/wp-json\/wp\/v2\/pages\/1074\/revisions\/1077"}],"wp:attachment":[{"href":"https:\/\/blogsaverroes.juntadeandalucia.es\/funglishzone\/wp-json\/wp\/v2\/media?parent=1074"}],"curies":[{"name":"wp","href":"https:\/\/api.w.org\/{rel}","templated":true}]}}