{"id":450,"date":"2020-11-19T09:58:33","date_gmt":"2020-11-19T08:58:33","guid":{"rendered":"https:\/\/blogsaverroes.juntadeandalucia.es\/funglishzone\/?page_id=450"},"modified":"2020-11-19T10:19:05","modified_gmt":"2020-11-19T09:19:05","slug":"already-yet-still-ever-just","status":"publish","type":"page","link":"https:\/\/blogsaverroes.juntadeandalucia.es\/funglishzone\/already-yet-still-ever-just\/","title":{"rendered":"ALREADY\/YET\/STILL\/JUST &#8211; FOR\/SINCE\/AGO"},"content":{"rendered":"<p style=\"text-align: center\"><span style=\"color: #008000;font-size: 36pt\"><strong>YET, ALREADY, STILL, JUST<\/strong><\/span><\/p>\n<section>\n<h2><strong><span><span style=\"font-size: large\">En los siguientes enlaces pod\u00e9is encontrar informaci\u00f3n en espa\u00f1ol e ingl\u00e9s sobre estos adverbios (principalmente usados con el&nbsp;presente perfect), graduada en dificultad, as\u00ed como ejercicios online con auto-correcci\u00f3n para que pod\u00e1is practicar:<\/span><\/span><\/strong><\/h2>\n<ul>\n<li>\n<h2><span style=\"font-family: 'times new roman', times, serif;font-size: 12pt;color: #ff0000\">PDF con explicaci\u00f3n sencilla:&nbsp;<a href=\"https:\/\/www.superprof.es\/apuntes\/idiomas\/ingles\/gramatica-inglesa\/adverbs\/adverbs-of-time.html\">https:\/\/www.superprof.es\/apuntes\/idiomas\/ingles\/gramatica-inglesa\/adverbs\/adverbs-of-time.html<\/a><\/span><\/h2>\n<ul>\n<li style=\"list-style-type: none\">\n<ul>\n<li>Ejercicios sencillos CON <strong><em>yet, jus<\/em>t<\/strong> y <strong><em>already<\/em><\/strong>:&nbsp;<a href=\"https:\/\/www.superprof.es\/apuntes\/idiomas\/ingles\/gramatica-inglesa\/verb-tense\/exercises-present-perfect-simple-yet-already-just.html\">https:\/\/www.superprof.es\/apuntes\/idiomas\/ingles\/gramatica-inglesa\/verb-tense\/exercises-present-perfect-simple-yet-already-just.html<\/a><\/li>\n<li>Ejercicios sencillos CON&nbsp;<strong><em>yet, still<\/em><\/strong>&nbsp;y <strong><em>already:&nbsp;<a href=\"https:\/\/www.superprof.es\/apuntes\/idiomas\/ingles\/gramatica-inglesa\/adverbs\/exercises-adverbs-yet-still-already.html\">https:\/\/www.superprof.es\/apuntes\/idiomas\/ingles\/gramatica-inglesa\/adverbs\/exercises-adverbs-yet-still-already.html<\/a><\/em><\/strong><\/li>\n<\/ul>\n<\/li>\n<\/ul>\n<\/li>\n<\/ul>\n<hr>\n<ul>\n<li>\n<h2><span style=\"font-family: 'times new roman', times, serif;font-size: 12pt;color: #ff0000\">Explicaci\u00f3n con audios:&nbsp;<a href=\"https:\/\/www.curso-ingles.com\/aprender\/cursos\/nivel-avanzado\/verb-tenses-present-perfect\/already-just-still-yet\">https:\/\/www.curso-ingles.com\/aprender\/cursos\/nivel-avanzado\/verb-tenses-present-perfect\/already-just-still-yet<\/a><\/span><\/h2>\n<ul>\n<li style=\"list-style-type: none\">\n<ul>\n<li>Ejercicio online:&nbsp;<a href=\"https:\/\/www.curso-ingles.com\/practicar\/ejercicios\/already-just-still-yet\">https:\/\/www.curso-ingles.com\/practicar\/ejercicios\/already-just-still-yet<\/a><\/li>\n<li>Ejercicio online:&nbsp;<a href=\"https:\/\/www.curso-ingles.com\/practicar\/ejercicios\/already-just-still-yet-2\">https:\/\/www.curso-ingles.com\/practicar\/ejercicios\/already-just-still-yet-2<\/a><\/li>\n<\/ul>\n<\/li>\n<\/ul>\n<\/li>\n<\/ul>\n<\/section>\n<section>\n<hr>\n<p><img loading=\"lazy\" decoding=\"async\" class=\"wp-image-355 aligncenter\" src=\"https:\/\/blogsaverroes.juntadeandalucia.es\/funglishzone\/files\/2020\/10\/certificado-b2-300x188.jpg\" alt=\"\" width=\"123\" height=\"77\" srcset=\"https:\/\/blogsaverroes.juntadeandalucia.es\/funglishzone\/files\/2020\/10\/certificado-b2-300x188.jpg 300w, https:\/\/blogsaverroes.juntadeandalucia.es\/funglishzone\/files\/2020\/10\/certificado-b2-1024x640.jpg 1024w, https:\/\/blogsaverroes.juntadeandalucia.es\/funglishzone\/files\/2020\/10\/certificado-b2-768x480.jpg 768w, https:\/\/blogsaverroes.juntadeandalucia.es\/funglishzone\/files\/2020\/10\/certificado-b2-1536x960.jpg 1536w, https:\/\/blogsaverroes.juntadeandalucia.es\/funglishzone\/files\/2020\/10\/certificado-b2-2048x1280.jpg 2048w, https:\/\/blogsaverroes.juntadeandalucia.es\/funglishzone\/files\/2020\/10\/certificado-b2-24x15.jpg 24w, https:\/\/blogsaverroes.juntadeandalucia.es\/funglishzone\/files\/2020\/10\/certificado-b2-36x23.jpg 36w, https:\/\/blogsaverroes.juntadeandalucia.es\/funglishzone\/files\/2020\/10\/certificado-b2-48x30.jpg 48w\" sizes=\"(max-width: 123px) 100vw, 123px\" \/><\/p>\n<ul>\n<li>\n<h2><span style=\"font-family: 'times new roman', times, serif;font-size: 12pt;color: #ff0000\"><span style=\"font-size: 24pt\"><strong><span style=\"color: #993366\">(MI RESUMEN)<\/span><\/strong><\/span><\/span><span style=\"font-family: 'times new roman', times, serif;font-size: 12pt;color: #ff0000\">&nbsp;Explicaci\u00f3n en PDF NIVEL B2 de <span style=\"font-size: 18pt\"><strong>STILL, YET, ALREADY<\/strong><\/span>: <a href=\"https:\/\/blogsaverroes.juntadeandalucia.es\/funglishzone\/files\/2020\/11\/Still-Yet-Already.pdf\">Still Yet Already<\/a><\/span><\/h2>\n<\/li>\n<\/ul>\n<hr>\n<hr>\n<p style=\"text-align: center\"><span style=\"color: #008000;font-size: 36pt\"><strong>FOR, SINCE, AGO<\/strong><\/span><\/p>\n<ul>\n<li>\n<h2><span style=\"font-family: 'times new roman', times, serif;font-size: 12pt;color: #ff0000\">Explicaci\u00f3n con audios:&nbsp;<a href=\"https:\/\/www.curso-ingles.com\/aprender\/cursos\/nivel-avanzado\/verb-tenses-present-perfect\/for-since-ago\">https:\/\/www.curso-ingles.com\/aprender\/cursos\/nivel-avanzado\/verb-tenses-present-perfect\/for-since-ago<\/a><\/span><\/h2>\n<ul>\n<li style=\"list-style-type: none\">\n<ul>\n<li>Ejercicio online:&nbsp;<a href=\"https:\/\/www.curso-ingles.com\/practicar\/ejercicios\/for-since-ago\">https:\/\/www.curso-ingles.com\/practicar\/ejercicios\/for-since-ago<\/a><\/li>\n<li>Ejercicio online:&nbsp;<a href=\"https:\/\/www.curso-ingles.com\/practicar\/ejercicios\/for-since-ago-2\">https:\/\/www.curso-ingles.com\/practicar\/ejercicios\/for-since-ago-2<\/a><\/li>\n<\/ul>\n<\/li>\n<\/ul>\n<\/li>\n<\/ul>\n<\/section>\n","protected":false},"excerpt":{"rendered":"<p>YET, ALREADY, STILL, JUST En los siguientes enlaces pod\u00e9is encontrar informaci\u00f3n en espa\u00f1ol e ingl\u00e9s sobre estos adverbios (principalmente usados con el&nbsp;presente perfect), graduada en dificultad, as\u00ed como ejercicios online con auto-correcci\u00f3n para que&#46;&#46;&#46;<\/p>\n","protected":false},"author":8588,"featured_media":0,"parent":0,"menu_order":0,"comment_status":"closed","ping_status":"closed","template":"","meta":{"ngg_post_thumbnail":0,"footnotes":""},"aioseo_notices":[],"_links":{"self":[{"href":"https:\/\/blogsaverroes.juntadeandalucia.es\/funglishzone\/wp-json\/wp\/v2\/pages\/450"}],"collection":[{"href":"https:\/\/blogsaverroes.juntadeandalucia.es\/funglishzone\/wp-json\/wp\/v2\/pages"}],"about":[{"href":"https:\/\/blogsaverroes.juntadeandalucia.es\/funglishzone\/wp-json\/wp\/v2\/types\/page"}],"author":[{"embeddable":true,"href":"https:\/\/blogsaverroes.juntadeandalucia.es\/funglishzone\/wp-json\/wp\/v2\/users\/8588"}],"replies":[{"embeddable":true,"href":"https:\/\/blogsaverroes.juntadeandalucia.es\/funglishzone\/wp-json\/wp\/v2\/comments?post=450"}],"version-history":[{"count":12,"href":"https:\/\/blogsaverroes.juntadeandalucia.es\/funglishzone\/wp-json\/wp\/v2\/pages\/450\/revisions"}],"predecessor-version":[{"id":465,"href":"https:\/\/blogsaverroes.juntadeandalucia.es\/funglishzone\/wp-json\/wp\/v2\/pages\/450\/revisions\/465"}],"wp:attachment":[{"href":"https:\/\/blogsaverroes.juntadeandalucia.es\/funglishzone\/wp-json\/wp\/v2\/media?parent=450"}],"curies":[{"name":"wp","href":"https:\/\/api.w.org\/{rel}","templated":true}]}}