{"id":910,"date":"2022-01-30T12:30:26","date_gmt":"2022-01-30T11:30:26","guid":{"rendered":"https:\/\/blogsaverroes.juntadeandalucia.es\/funglishzone\/?page_id=910"},"modified":"2022-01-30T12:53:00","modified_gmt":"2022-01-30T11:53:00","slug":"passive-voice","status":"publish","type":"page","link":"https:\/\/blogsaverroes.juntadeandalucia.es\/funglishzone\/passive-voice\/","title":{"rendered":"PASSIVE VOICE"},"content":{"rendered":"<p style=\"text-align: center\"><span style=\"color: #008000;font-size: 36pt\"><strong>PASSIVE VOICE<\/strong><\/span><\/p>\n<section>\n<h2><strong><span style=\"font-size: 14pt\">En los siguientes enlaces pod\u00e9is encontrar informaci\u00f3n en espa\u00f1ol e ingl\u00e9s sobre la voz pasiva, graduada en dificultad, as\u00ed como ejercicios online con auto-correcci\u00f3n para que pod\u00e1is practicar:<\/span><\/strong><\/h2>\n<h2 style=\"text-align: center\"><span style=\"font-family: 'times new roman', times, serif;font-size: 12pt;color: #ff0000\"><span style=\"font-size: 24pt\"><strong><span style=\"color: #993366\">Mi resumen con algunos ejercicios<\/span><\/strong><\/span><\/span><\/h2>\n<ul>\n<li style=\"list-style-type: none\">\n<ul>\n<li style=\"list-style-type: none\">\n<ul>\n<li>\n<h2><span style=\"font-family: 'times new roman', times, serif;font-size: 12pt;color: #ff0000\">PDF con explicaci\u00f3n sencilla: <a href=\"https:\/\/blogsaverroes.juntadeandalucia.es\/funglishzone\/files\/2022\/01\/Passive-voice.pdf\">Passive voice<\/a><\/span><\/h2>\n<\/li>\n<li>\n<h2><span style=\"font-family: 'times new roman', times, serif;font-size: 12pt;color: #ff0000\">PDF con explicaci\u00f3n sencilla y ejercicios\/respuestas: <a href=\"https:\/\/blogsaverroes.juntadeandalucia.es\/funglishzone\/files\/2022\/01\/Passive-voice-exercises.pdf\">Passive voice + exercises<\/a><\/span><\/h2>\n<\/li>\n<\/ul>\n<\/li>\n<\/ul>\n<\/li>\n<\/ul>\n<hr>\n<ul>\n<li style=\"list-style-type: none\">\n<ul>\n<li style=\"list-style-type: none\">\n<ul>\n<li>Ejercicios sencillos <strong>PRESENTE<\/strong>:&nbsp;<a href=\"https:\/\/www.superprof.es\/apuntes\/idiomas\/ingles\/gramatica-inglesa\/clauses\/exercises-passive-voice-in-present-simple-and-continuous-i-2.html\">Pasar de activa a pasiva 1<\/a><\/li>\n<li>Ejercicios sencillos <strong>PRESENTE<\/strong>:&nbsp;<a href=\"https:\/\/www.superprof.es\/apuntes\/idiomas\/ingles\/gramatica-inglesa\/clauses\/exercises-passive-voice-in-present-simple-and-continuous-i.html\">Pasar de activa a pasiva 2<\/a><\/li>\n<li>Ejercicios sencillos <strong>PRESENTE<\/strong>:&nbsp;<a href=\"https:\/\/www.superprof.es\/apuntes\/idiomas\/ingles\/gramatica-inglesa\/clauses\/exercises-passive-voice-in-present-simple-and-continuous-iii.html\">Negativa e interrogativa 3<\/a><\/li>\n<li>Ejercicios sencillos <strong>PASADO<\/strong>:&nbsp;<a href=\"https:\/\/www.superprof.es\/apuntes\/idiomas\/ingles\/gramatica-inglesa\/clauses\/exercises-passive-voice-in-past-simple-continuous-and-perfect-i.html\">Past Simple 1<\/a><\/li>\n<li>Ejercicios sencillos <strong>PASADO<\/strong>:&nbsp;<a href=\"https:\/\/www.superprof.es\/apuntes\/idiomas\/ingles\/gramatica-inglesa\/clauses\/exercises-passive-voice-in-past-simple-continuous-and-perfect-ii.html\">Past Simple 2<\/a><\/li>\n<li>Ejercicios sencillos <strong>CON MODALES<\/strong>:&nbsp;<a href=\"https:\/\/www.superprof.es\/apuntes\/idiomas\/ingles\/gramatica-inglesa\/clauses\/exercises-passive-modal-verbs.html\">Modales<\/a><\/li>\n<\/ul>\n<\/li>\n<\/ul>\n<\/li>\n<\/ul>\n<hr>\n<ul>\n<li style=\"list-style-type: none\">\n<ul>\n<li style=\"list-style-type: none\">\n<ul>\n<li>Ejercicios nivel medio (picad en \u00absiguiente ejercicio\u00bb para acceder a la siguiente tanda de ejercicios. \u00a1Hay 11 tandas!): <a href=\"https:\/\/www.ejerciciosinglesonline.com\/new-exercises\/ex-1-passive\/\">PASSIVE<\/a><\/li>\n<\/ul>\n<\/li>\n<\/ul>\n<\/li>\n<\/ul>\n<hr>\n<ul>\n<li style=\"list-style-type: none\">\n<ul>\n<li style=\"list-style-type: none\">\n<ul>\n<li>\n<h2><span style=\"font-family: 'times new roman', times, serif;font-size: 12pt;color: #ff0000\">Explicaci\u00f3n con audios:&nbsp;<a href=\"https:\/\/www.curso-ingles.com\/aprender\/cursos\/nivel-avanzado\/passive-voice\/the-passive-voice\">PASSIVE: TEOR\u00cdA + AUDIOS<\/a><\/span><\/h2>\n<\/li>\n<li>Ejercicios online:&nbsp;<a href=\"https:\/\/www.curso-ingles.com\/practicar\/ejercicios\/the-passive-voice\">Ejercicio 1<\/a><\/li>\n<li>Ejercicios online:&nbsp;<a href=\"https:\/\/www.curso-ingles.com\/practicar\/ejercicios\/the-passive-voice-2\">Ejercicio 2<\/a><\/li>\n<\/ul>\n<\/li>\n<\/ul>\n<\/li>\n<\/ul>\n<hr>\n<p><img loading=\"lazy\" decoding=\"async\" class=\"wp-image-378 aligncenter\" src=\"https:\/\/blogsaverroes.juntadeandalucia.es\/funglishzone\/files\/2020\/10\/B1_copia_1-293x300.jpg\" alt=\"\" width=\"123\" height=\"126\" srcset=\"https:\/\/blogsaverroes.juntadeandalucia.es\/funglishzone\/files\/2020\/10\/B1_copia_1-293x300.jpg 293w, https:\/\/blogsaverroes.juntadeandalucia.es\/funglishzone\/files\/2020\/10\/B1_copia_1-24x24.jpg 24w, https:\/\/blogsaverroes.juntadeandalucia.es\/funglishzone\/files\/2020\/10\/B1_copia_1-36x36.jpg 36w, https:\/\/blogsaverroes.juntadeandalucia.es\/funglishzone\/files\/2020\/10\/B1_copia_1-48x48.jpg 48w, https:\/\/blogsaverroes.juntadeandalucia.es\/funglishzone\/files\/2020\/10\/B1_copia_1.jpg 450w\" sizes=\"(max-width: 123px) 100vw, 123px\" \/><img loading=\"lazy\" decoding=\"async\" class=\"wp-image-355 aligncenter\" src=\"https:\/\/blogsaverroes.juntadeandalucia.es\/funglishzone\/files\/2020\/10\/certificado-b2-300x188.jpg\" alt=\"\" width=\"123\" height=\"77\" srcset=\"https:\/\/blogsaverroes.juntadeandalucia.es\/funglishzone\/files\/2020\/10\/certificado-b2-300x188.jpg 300w, https:\/\/blogsaverroes.juntadeandalucia.es\/funglishzone\/files\/2020\/10\/certificado-b2-1024x640.jpg 1024w, https:\/\/blogsaverroes.juntadeandalucia.es\/funglishzone\/files\/2020\/10\/certificado-b2-768x480.jpg 768w, https:\/\/blogsaverroes.juntadeandalucia.es\/funglishzone\/files\/2020\/10\/certificado-b2-1536x960.jpg 1536w, https:\/\/blogsaverroes.juntadeandalucia.es\/funglishzone\/files\/2020\/10\/certificado-b2-2048x1280.jpg 2048w, https:\/\/blogsaverroes.juntadeandalucia.es\/funglishzone\/files\/2020\/10\/certificado-b2-24x15.jpg 24w, https:\/\/blogsaverroes.juntadeandalucia.es\/funglishzone\/files\/2020\/10\/certificado-b2-36x23.jpg 36w, https:\/\/blogsaverroes.juntadeandalucia.es\/funglishzone\/files\/2020\/10\/certificado-b2-48x30.jpg 48w\" sizes=\"(max-width: 123px) 100vw, 123px\" \/><\/p>\n<p style=\"text-align: center\"><em><span style=\"color: #3366ff\"><strong>THIS IS MY FAVOURITE!!!<\/strong><\/span><\/em><\/p>\n<ul>\n<li style=\"list-style-type: none\">\n<ul>\n<li style=\"list-style-type: none\">\n<ul>\n<li>\n<h2><span style=\"font-family: 'times new roman', times, serif;font-size: 12pt;color: #ff0000\">Explicaci\u00f3n avanzada (in English):&nbsp;<a href=\"https:\/\/www.perfect-english-grammar.com\/passive.html\">THE PASSIVE VOICE B1\/B2<\/a><\/span><\/h2>\n<\/li>\n<li>Pack de ejercicios avanzados (permite descarga en PDF):&nbsp;<strong><a href=\"https:\/\/www.perfect-english-grammar.com\/passive-exercises.html\">PACK PASSIVE B1\/B2<\/a><\/strong><\/li>\n<\/ul>\n<\/li>\n<\/ul>\n<\/li>\n<\/ul>\n<\/section>\n","protected":false},"excerpt":{"rendered":"<p>PASSIVE VOICE En los siguientes enlaces pod\u00e9is encontrar informaci\u00f3n en espa\u00f1ol e ingl\u00e9s sobre la voz pasiva, graduada en dificultad, as\u00ed como ejercicios online con auto-correcci\u00f3n para que pod\u00e1is practicar: Mi resumen con algunos&#46;&#46;&#46;<\/p>\n","protected":false},"author":8588,"featured_media":0,"parent":0,"menu_order":0,"comment_status":"closed","ping_status":"closed","template":"","meta":{"ngg_post_thumbnail":0,"footnotes":""},"aioseo_notices":[],"_links":{"self":[{"href":"https:\/\/blogsaverroes.juntadeandalucia.es\/funglishzone\/wp-json\/wp\/v2\/pages\/910"}],"collection":[{"href":"https:\/\/blogsaverroes.juntadeandalucia.es\/funglishzone\/wp-json\/wp\/v2\/pages"}],"about":[{"href":"https:\/\/blogsaverroes.juntadeandalucia.es\/funglishzone\/wp-json\/wp\/v2\/types\/page"}],"author":[{"embeddable":true,"href":"https:\/\/blogsaverroes.juntadeandalucia.es\/funglishzone\/wp-json\/wp\/v2\/users\/8588"}],"replies":[{"embeddable":true,"href":"https:\/\/blogsaverroes.juntadeandalucia.es\/funglishzone\/wp-json\/wp\/v2\/comments?post=910"}],"version-history":[{"count":7,"href":"https:\/\/blogsaverroes.juntadeandalucia.es\/funglishzone\/wp-json\/wp\/v2\/pages\/910\/revisions"}],"predecessor-version":[{"id":920,"href":"https:\/\/blogsaverroes.juntadeandalucia.es\/funglishzone\/wp-json\/wp\/v2\/pages\/910\/revisions\/920"}],"wp:attachment":[{"href":"https:\/\/blogsaverroes.juntadeandalucia.es\/funglishzone\/wp-json\/wp\/v2\/media?parent=910"}],"curies":[{"name":"wp","href":"https:\/\/api.w.org\/{rel}","templated":true}]}}