{"id":179,"date":"2022-06-29T08:47:19","date_gmt":"2022-06-29T08:47:19","guid":{"rendered":"https:\/\/blogsaverroes.juntadeandalucia.es\/ganivetcomercioymarketing\/?page_id=179"},"modified":"2022-06-29T09:00:27","modified_gmt":"2022-06-29T09:00:27","slug":"semipresencial","status":"publish","type":"page","link":"https:\/\/blogsaverroes.juntadeandalucia.es\/ganivetcomercioymarketing\/semipresencial\/","title":{"rendered":"Semipresencial"},"content":{"rendered":"<p><span style=\"color: #000000;font-size: 14pt\"><span style=\"font-family: Trebuchet MS, serif\">Con la integraci\u00f3n de las nuevas Tecnolog\u00edas de Informaci\u00f3n y Comunicaci\u00f3n, se abren nuevas posibilidades a un tipo de formaci\u00f3n existente, que es la Formaci\u00f3n a Distancia y semipresencial.<\/span><\/span><\/p>\n<p><span style=\"font-family: 'trebuchet ms', geneva, sans-serif;font-size: 14pt\"><strong>Las<\/strong> <b>TIC<\/b>&nbsp;(Tecnolog\u00edas de la Informaci\u00f3n y las Comunicaciones),&nbsp;<b>TAC<\/b>&nbsp;(Tecnolog\u00edas del Aprendizaje y el Conocimiento) y&nbsp;<b>TEP<\/b> (Tecnolog\u00edas del Empoderamiento y la Participaci\u00f3n), <\/span><span style=\"color: #000000\"><span style=\"font-family: Trebuchet MS, serif\"><span style=\"font-size: large\">presentes en nuestros d\u00edas permiten acortar distancias entre el centro educativo y el alumnado que, por determinadas circunstancias personales tienen dificultades para poder acceder a una oferta formativa completa en modalidad presencial.<\/span><\/span><\/span><\/p>\n<p><img loading=\"lazy\" decoding=\"async\" class=\" wp-image-180 aligncenter\" src=\"https:\/\/blogsaverroes.juntadeandalucia.es\/ganivetcomercioymarketing\/files\/2022\/06\/aula-209-300x169.jpg\" alt=\"\" width=\"454\" height=\"256\" srcset=\"https:\/\/blogsaverroes.juntadeandalucia.es\/ganivetcomercioymarketing\/files\/2022\/06\/aula-209-300x169.jpg 300w, https:\/\/blogsaverroes.juntadeandalucia.es\/ganivetcomercioymarketing\/files\/2022\/06\/aula-209-1024x576.jpg 1024w, https:\/\/blogsaverroes.juntadeandalucia.es\/ganivetcomercioymarketing\/files\/2022\/06\/aula-209-768x432.jpg 768w, https:\/\/blogsaverroes.juntadeandalucia.es\/ganivetcomercioymarketing\/files\/2022\/06\/aula-209.jpg 1280w\" sizes=\"(max-width: 454px) 100vw, 454px\" \/><\/p>\n<p><span style=\"color: #000000\"><span style=\"font-family: Trebuchet MS, serif\"><span style=\"font-size: large\">No cabe duda, que tanto la formaci\u00f3n semipresencial como a distancia entra\u00f1a una dificultad adicional, dada la necesidad de autoaprendizaje que conlleva un esfuerzo extra en el alumnado, a\u00fan as\u00ed se recomienda en aquellos casos de personas que no pueden acceder al centro educativo en un horario completo semanal.<\/span><\/span><\/span><\/p>\n<p><span style=\"color: #000000\"><span style=\"font-family: Trebuchet MS, serif\"><span style=\"font-size: large\">La Formaci\u00f3n Semipresencial trata de reducir lo m\u00e1ximo posible el tiempo de docencia y clases presenciales, siendo consciente el alumnado de la necesidad de una dedicaci\u00f3n personal e independiente a esta tipolog\u00eda de formaci\u00f3n.<\/span><\/span><\/span><\/p>\n<p style=\"text-align: center\"><span style=\"color: #000000\"><span style=\"font-family: Trebuchet MS, serif\"><span style=\"font-size: large\"><span style=\"font-size: 24pt\"><strong>VENTAJAS<\/strong><\/span><\/span><\/span><\/span><\/p>\n<p><span style=\"color: #000000\"><span style=\"font-family: Trebuchet MS, serif\"><span style=\"font-size: large\">A\u00fan as\u00ed, la formaci\u00f3n Semipresencial es m\u00e1s ventajosa que la formaci\u00f3n a distancia, puesto que dispone de mayor tiempo para la resoluci\u00f3n de dudas en el aula, la cooperaci\u00f3n y el trabajo colaborativo, adquiriendo un compromiso de asistencia a unas cuantas sesiones presenciales a la semana repartidas en dos d\u00edas. Con ello se pretende reducir el n\u00famero de abandonos y un aprendizaje m\u00e1s sencillo. La Formaci\u00f3n Semipresencial no es, ni mucho menos, el reemplazo a la formaci\u00f3n presencial, sino una posibilidad m\u00e1s para aquellas personas a las que estos planes de estudio se adapten mejor: como es el caso de trabajadores con incompatibilidad horaria al ciclo presencial, personas que viven lejos del centro educativo y supone una dificultad acudir al mismo,\u2026<\/span><\/span><\/span><\/p>\n<p style=\"text-align: center\"><strong><span style=\"font-size: 24pt\">PERFIL DEL CANDIDATO\/A<\/span><\/strong><\/p>\n<p><span style=\"color: #000000\"><span style=\"font-family: Trebuchet MS, serif\"><span style=\"font-size: large\">Un buen perfil candidato a la Formaci\u00f3n Semipresencial es el de personas que tienen conocimientos previos de alg\u00fan campo o materia relacionada con el ciclo formativo de la familia profesional de comercio y marketing, por ejemplo: porque trabajan en el sector y quieren reciclarse. Otro perfil ser\u00eda: personas que trabajan, y que no disponen de mucho tiempo, pero quieren aprender una nueva profesi\u00f3n.<\/span><\/span><\/span><\/p>\n<p style=\"text-align: center\"><span style=\"font-size: 24pt\"><strong>EL EQUIPO DOCENTE<\/strong><\/span><\/p>\n<p><span style=\"color: #000000\"><span style=\"font-family: Trebuchet MS, serif\"><span style=\"font-size: large\">El Instituto \u00c1ngel Ganivet cuenta con un equipo docente compuesto por m\u00e1s de 20 profesionales del departamento de Comercio y Marketing y con experiencia docente en el ciclo formativo de Marketing y publicidad desde su implantaci\u00f3n. Ofertando para el pr\u00f3ximo curso la oferta del ciclo formativo de grado superior en marketing y publicidad en modalidad semipresencial.<\/span><\/span><\/span><\/p>\n<p style=\"text-align: center\"><span style=\"font-size: 24pt\"><strong>INFORMACI\u00d3N PARA EL CURSO 2022\/23<\/strong><\/span><\/p>\n<p style=\"text-align: center\"><strong><a href=\"https:\/\/blogsaverroes.juntadeandalucia.es\/ganivetcomercioymarketing\/files\/2022\/06\/Informacion-CicloSemi22.23.pdf\" target=\"_blank\" rel=\"noopener noreferrer\">INFORMACI\u00d3N GENERAL<\/a>&nbsp; &nbsp; &nbsp; &nbsp; &nbsp; &nbsp; &nbsp; &nbsp; &nbsp; <a href=\"https:\/\/blogsaverroes.juntadeandalucia.es\/ganivetcomercioymarketing\/files\/2022\/06\/Itinerarios22.23.pdf\" target=\"_blank\" rel=\"noopener noreferrer\">ITINERARIOS 2022\/23<\/a><\/strong><\/p>\n","protected":false},"excerpt":{"rendered":"<p>Con la integraci\u00f3n de las nuevas Tecnolog\u00edas de Informaci\u00f3n y Comunicaci\u00f3n, se abren nuevas posibilidades a un tipo de formaci\u00f3n existente, que es la Formaci\u00f3n a Distancia y semipresencial. Las TIC&nbsp;(Tecnolog\u00edas de la Informaci\u00f3n&#46;&#46;&#46;<\/p>\n","protected":false},"author":2055,"featured_media":0,"parent":0,"menu_order":0,"comment_status":"closed","ping_status":"closed","template":"","meta":{"ngg_post_thumbnail":0,"footnotes":""},"aioseo_notices":[],"_links":{"self":[{"href":"https:\/\/blogsaverroes.juntadeandalucia.es\/ganivetcomercioymarketing\/wp-json\/wp\/v2\/pages\/179"}],"collection":[{"href":"https:\/\/blogsaverroes.juntadeandalucia.es\/ganivetcomercioymarketing\/wp-json\/wp\/v2\/pages"}],"about":[{"href":"https:\/\/blogsaverroes.juntadeandalucia.es\/ganivetcomercioymarketing\/wp-json\/wp\/v2\/types\/page"}],"author":[{"embeddable":true,"href":"https:\/\/blogsaverroes.juntadeandalucia.es\/ganivetcomercioymarketing\/wp-json\/wp\/v2\/users\/2055"}],"replies":[{"embeddable":true,"href":"https:\/\/blogsaverroes.juntadeandalucia.es\/ganivetcomercioymarketing\/wp-json\/wp\/v2\/comments?post=179"}],"version-history":[{"count":5,"href":"https:\/\/blogsaverroes.juntadeandalucia.es\/ganivetcomercioymarketing\/wp-json\/wp\/v2\/pages\/179\/revisions"}],"predecessor-version":[{"id":189,"href":"https:\/\/blogsaverroes.juntadeandalucia.es\/ganivetcomercioymarketing\/wp-json\/wp\/v2\/pages\/179\/revisions\/189"}],"wp:attachment":[{"href":"https:\/\/blogsaverroes.juntadeandalucia.es\/ganivetcomercioymarketing\/wp-json\/wp\/v2\/media?parent=179"}],"curies":[{"name":"wp","href":"https:\/\/api.w.org\/{rel}","templated":true}]}}

<p><span style="color: #000000;font-size: 14pt"><span style="font-family: Trebuchet MS, serif">Con la integración de las nuevas Tecnologías de Información y Comunicación, se abren nuevas posibilidades a un tipo de formación existente, que es la Formación a Distancia y semipresencial.</span></span></p>
<p><span style="font-family: 'trebuchet ms', geneva, sans-serif;font-size: 14pt"><strong>Las</strong> <b>TIC</b>&nbsp;(Tecnologías de la Información y las Comunicaciones),&nbsp;<b>TAC</b>&nbsp;(Tecnologías del Aprendizaje y el Conocimiento) y&nbsp;<b>TEP</b> (Tecnologías del Empoderamiento y la Participación), </span><span style="color: #000000"><span style="font-family: Trebuchet MS, serif"><span style="font-size: large">presentes en nuestros días permiten acortar distancias entre el centro educativo y el alumnado que, por determinadas circunstancias personales tienen dificultades para poder acceder a una oferta formativa completa en modalidad presencial.</span></span></span></p>
<p><img loading="lazy" decoding="async" class=" wp-image-180 aligncenter" src="https://blogsaverroes.juntadeandalucia.es/ganivetcomercioymarketing/files/2022/06/aula-209-300x169.jpg" alt="" width="454" height="256" srcset="https://blogsaverroes.juntadeandalucia.es/ganivetcomercioymarketing/files/2022/06/aula-209-300x169.jpg 300w, https://blogsaverroes.juntadeandalucia.es/ganivetcomercioymarketing/files/2022/06/aula-209-1024x576.jpg 1024w, https://blogsaverroes.juntadeandalucia.es/ganivetcomercioymarketing/files/2022/06/aula-209-768x432.jpg 768w, https://blogsaverroes.juntadeandalucia.es/ganivetcomercioymarketing/files/2022/06/aula-209.jpg 1280w" sizes="(max-width: 454px) 100vw, 454px" /></p>
<p><span style="color: #000000"><span style="font-family: Trebuchet MS, serif"><span style="font-size: large">No cabe duda, que tanto la formación semipresencial como a distancia entraña una dificultad adicional, dada la necesidad de autoaprendizaje que conlleva un esfuerzo extra en el alumnado, aún así se recomienda en aquellos casos de personas que no pueden acceder al centro educativo en un horario completo semanal.</span></span></span></p>
<p><span style="color: #000000"><span style="font-family: Trebuchet MS, serif"><span style="font-size: large">La Formación Semipresencial trata de reducir lo máximo posible el tiempo de docencia y clases presenciales, siendo consciente el alumnado de la necesidad de una dedicación personal e independiente a esta tipología de formación.</span></span></span></p>
<p style="text-align: center"><span style="color: #000000"><span style="font-family: Trebuchet MS, serif"><span style="font-size: large"><span style="font-size: 24pt"><strong>VENTAJAS</strong></span></span></span></span></p>
<p><span style="color: #000000"><span style="font-family: Trebuchet MS, serif"><span style="font-size: large">Aún así, la formación Semipresencial es más ventajosa que la formación a distancia, puesto que dispone de mayor tiempo para la resolución de dudas en el aula, la cooperación y el trabajo colaborativo, adquiriendo un compromiso de asistencia a unas cuantas sesiones presenciales a la semana repartidas en dos días. Con ello se pretende reducir el número de abandonos y un aprendizaje más sencillo. La Formación Semipresencial no es, ni mucho menos, el reemplazo a la formación presencial, sino una posibilidad más para aquellas personas a las que estos planes de estudio se adapten mejor: como es el caso de trabajadores con incompatibilidad horaria al ciclo presencial, personas que viven lejos del centro educativo y supone una dificultad acudir al mismo,…</span></span></span></p>
<p style="text-align: center"><strong><span style="font-size: 24pt">PERFIL DEL CANDIDATO/A</span></strong></p>
<p><span style="color: #000000"><span style="font-family: Trebuchet MS, serif"><span style="font-size: large">Un buen perfil candidato a la Formación Semipresencial es el de personas que tienen conocimientos previos de algún campo o materia relacionada con el ciclo formativo de la familia profesional de comercio y marketing, por ejemplo: porque trabajan en el sector y quieren reciclarse. Otro perfil sería: personas que trabajan, y que no disponen de mucho tiempo, pero quieren aprender una nueva profesión.</span></span></span></p>
<p style="text-align: center"><span style="font-size: 24pt"><strong>EL EQUIPO DOCENTE</strong></span></p>
<p><span style="color: #000000"><span style="font-family: Trebuchet MS, serif"><span style="font-size: large">El Instituto Ángel Ganivet cuenta con un equipo docente compuesto por más de 20 profesionales del departamento de Comercio y Marketing y con experiencia docente en el ciclo formativo de Marketing y publicidad desde su implantación. Ofertando para el próximo curso la oferta del ciclo formativo de grado superior en marketing y publicidad en modalidad semipresencial.</span></span></span></p>
<p style="text-align: center"><span style="font-size: 24pt"><strong>INFORMACIÓN PARA EL CURSO 2022/23</strong></span></p>
<p style="text-align: center"><strong><a href="https://blogsaverroes.juntadeandalucia.es/ganivetcomercioymarketing/files/2022/06/Informacion-CicloSemi22.23.pdf" target="_blank" rel="noopener noreferrer">INFORMACIÓN GENERAL</a>&nbsp; &nbsp; &nbsp; &nbsp; &nbsp; &nbsp; &nbsp; &nbsp; &nbsp; <a href="https://blogsaverroes.juntadeandalucia.es/ganivetcomercioymarketing/files/2022/06/Itinerarios22.23.pdf" target="_blank" rel="noopener noreferrer">ITINERARIOS 2022/23</a></strong></p>

<p>Con la integración de las nuevas Tecnologías de Información y Comunicación, se abren nuevas posibilidades a un tipo de formación existente, que es la Formación a Distancia y semipresencial. Las TIC&nbsp;(Tecnologías de la Información&#46;&#46;&#46;</p>
