{"id":25,"date":"2022-02-02T09:23:23","date_gmt":"2022-02-02T09:23:23","guid":{"rendered":"https:\/\/blogsaverroes.juntadeandalucia.es\/ganivetcomercioymarketing\/?page_id=25"},"modified":"2022-02-16T07:34:45","modified_gmt":"2022-02-16T07:34:45","slug":"actividades-comerciales","status":"publish","type":"page","link":"https:\/\/blogsaverroes.juntadeandalucia.es\/ganivetcomercioymarketing\/actividades-comerciales\/","title":{"rendered":"Actividades Comerciales"},"content":{"rendered":"<p>El ciclo formativo de grado medio de T\u00e9cnico en Actividades Comerciales tiene una duraci\u00f3n de 2.000 horas repartidas en 2 cursos. Ofertamos este ciclo en el siguiente horario y modalidad:<\/p>\n<ul>\n<li>Turno de ma\u00f1ana, de 8:15 a 14:45 de lunes a viernes, en <a href=\"https:\/\/blogsaverroes.juntadeandalucia.es\/ganivetcomercioymarketing\/oferta-dual\/\">modalidad dual<\/a>.<\/li>\n<\/ul>\n<p>En primer curso puedes estudiar los siguientes m\u00f3dulos:<\/p>\n<ol>\n<li>Marketing en la actividad comercial.<\/li>\n<li>T\u00e9cnicas de almac\u00e9n.<\/li>\n<li>Dinamizaci\u00f3n del punto de venta.<\/li>\n<li>Procesos de venta.<\/li>\n<li>Aplicaciones inform\u00e1ticas para el comercio.<\/li>\n<li>Ingl\u00e9s<\/li>\n<li>Formaci\u00f3n y Orientaci\u00f3n Laboral.<\/li>\n<\/ol>\n<p>En segundo curso estudiar\u00e1s estos otros m\u00f3dulos:<\/p>\n<ol>\n<li>Gesti\u00f3n de un peque\u00f1o comercio.<\/li>\n<li>Gesti\u00f3n de compras.<\/li>\n<li>Venta t\u00e9cnica.<\/li>\n<li>Servicios de atenci\u00f3n comercial.<\/li>\n<li>Comercio electr\u00f3nico.<\/li>\n<\/ol>\n<p>Y terminar\u00e1s con el \u00faltimo trimestre del segundo curso, de marzo a junio, con tu Formaci\u00f3n en Centros de Trabajo.<\/p>\n<p>En todos nuestros m\u00f3dulos hacemos un uso intensivo de las nuevas tecnolog\u00edas y contamos con la colaboraci\u00f3n de la plataforma <a href=\"https:\/\/edu.google.com\/intl\/ALL_es\/\" target=\"_blank\" rel=\"noopener noreferrer\">Google for Education<\/a>.<\/p>\n","protected":false},"excerpt":{"rendered":"<p>El ciclo formativo de grado medio de T\u00e9cnico en Actividades Comerciales tiene una duraci\u00f3n de 2.000 horas repartidas en 2 cursos. Ofertamos este ciclo en el siguiente horario y modalidad: Turno de ma\u00f1ana, de&#46;&#46;&#46;<\/p>\n","protected":false},"author":2055,"featured_media":0,"parent":0,"menu_order":0,"comment_status":"closed","ping_status":"closed","template":"","meta":{"ngg_post_thumbnail":0,"footnotes":""},"aioseo_notices":[],"_links":{"self":[{"href":"https:\/\/blogsaverroes.juntadeandalucia.es\/ganivetcomercioymarketing\/wp-json\/wp\/v2\/pages\/25"}],"collection":[{"href":"https:\/\/blogsaverroes.juntadeandalucia.es\/ganivetcomercioymarketing\/wp-json\/wp\/v2\/pages"}],"about":[{"href":"https:\/\/blogsaverroes.juntadeandalucia.es\/ganivetcomercioymarketing\/wp-json\/wp\/v2\/types\/page"}],"author":[{"embeddable":true,"href":"https:\/\/blogsaverroes.juntadeandalucia.es\/ganivetcomercioymarketing\/wp-json\/wp\/v2\/users\/2055"}],"replies":[{"embeddable":true,"href":"https:\/\/blogsaverroes.juntadeandalucia.es\/ganivetcomercioymarketing\/wp-json\/wp\/v2\/comments?post=25"}],"version-history":[{"count":6,"href":"https:\/\/blogsaverroes.juntadeandalucia.es\/ganivetcomercioymarketing\/wp-json\/wp\/v2\/pages\/25\/revisions"}],"predecessor-version":[{"id":114,"href":"https:\/\/blogsaverroes.juntadeandalucia.es\/ganivetcomercioymarketing\/wp-json\/wp\/v2\/pages\/25\/revisions\/114"}],"wp:attachment":[{"href":"https:\/\/blogsaverroes.juntadeandalucia.es\/ganivetcomercioymarketing\/wp-json\/wp\/v2\/media?parent=25"}],"curies":[{"name":"wp","href":"https:\/\/api.w.org\/{rel}","templated":true}]}}

<p>El ciclo formativo de grado medio de Técnico en Actividades Comerciales tiene una duración de 2.000 horas repartidas en 2 cursos. Ofertamos este ciclo en el siguiente horario y modalidad:</p>
<ul>
<li>Turno de mañana, de 8:15 a 14:45 de lunes a viernes, en <a href="https://blogsaverroes.juntadeandalucia.es/ganivetcomercioymarketing/oferta-dual/">modalidad dual</a>.</li>
</ul>
<p>En primer curso puedes estudiar los siguientes módulos:</p>
<ol>
<li>Marketing en la actividad comercial.</li>
<li>Técnicas de almacén.</li>
<li>Dinamización del punto de venta.</li>
<li>Procesos de venta.</li>
<li>Aplicaciones informáticas para el comercio.</li>
<li>Inglés</li>
<li>Formación y Orientación Laboral.</li>
</ol>
<p>En segundo curso estudiarás estos otros módulos:</p>
<ol>
<li>Gestión de un pequeño comercio.</li>
<li>Gestión de compras.</li>
<li>Venta técnica.</li>
<li>Servicios de atención comercial.</li>
<li>Comercio electrónico.</li>
</ol>
<p>Y terminarás con el último trimestre del segundo curso, de marzo a junio, con tu Formación en Centros de Trabajo.</p>
<p>En todos nuestros módulos hacemos un uso intensivo de las nuevas tecnologías y contamos con la colaboración de la plataforma <a href="https://edu.google.com/intl/ALL_es/" target="_blank" rel="noopener noreferrer">Google for Education</a>.</p>

<p>El ciclo formativo de grado medio de Técnico en Actividades Comerciales tiene una duración de 2.000 horas repartidas en 2 cursos. Ofertamos este ciclo en el siguiente horario y modalidad: Turno de mañana, de&#46;&#46;&#46;</p>
