{"id":122,"date":"2017-09-11T09:56:38","date_gmt":"2017-09-11T09:56:38","guid":{"rendered":"http:\/\/www.educacionenmalaga.es\/gbellasartes\/?page_id=122"},"modified":"2020-03-25T08:58:37","modified_gmt":"2020-03-25T07:58:37","slug":"novedades","status":"publish","type":"page","link":"https:\/\/blogsaverroes.juntadeandalucia.es\/gbellasartesmalaga\/novedades\/","title":{"rendered":"Actividades"},"content":{"rendered":"<p>Desplegando el men\u00fa ACTIVIDADES accederemosa informaci\u00f3n relacionada con la celebraci\u00f3n de las Jornadas Europeas de Patrimonio y noticias relacionadas con el programa ABECEDARIA-Enr\u00e9date.<\/p>\n","protected":false},"excerpt":{"rendered":"<p>Desplegando el men\u00fa ACTIVIDADES accederemosa informaci\u00f3n relacionada con la celebraci\u00f3n de las Jornadas Europeas de Patrimonio y noticias relacionadas con el programa ABECEDARIA-Enr\u00e9date.<\/p>\n","protected":false},"author":8061,"featured_media":0,"parent":0,"menu_order":0,"comment_status":"closed","ping_status":"closed","template":"","meta":{"ngg_post_thumbnail":0,"footnotes":""},"aioseo_notices":[],"_links":{"self":[{"href":"https:\/\/blogsaverroes.juntadeandalucia.es\/gbellasartesmalaga\/wp-json\/wp\/v2\/pages\/122"}],"collection":[{"href":"https:\/\/blogsaverroes.juntadeandalucia.es\/gbellasartesmalaga\/wp-json\/wp\/v2\/pages"}],"about":[{"href":"https:\/\/blogsaverroes.juntadeandalucia.es\/gbellasartesmalaga\/wp-json\/wp\/v2\/types\/page"}],"author":[{"embeddable":true,"href":"https:\/\/blogsaverroes.juntadeandalucia.es\/gbellasartesmalaga\/wp-json\/wp\/v2\/users\/8061"}],"replies":[{"embeddable":true,"href":"https:\/\/blogsaverroes.juntadeandalucia.es\/gbellasartesmalaga\/wp-json\/wp\/v2\/comments?post=122"}],"version-history":[{"count":1,"href":"https:\/\/blogsaverroes.juntadeandalucia.es\/gbellasartesmalaga\/wp-json\/wp\/v2\/pages\/122\/revisions"}],"predecessor-version":[{"id":7159,"href":"https:\/\/blogsaverroes.juntadeandalucia.es\/gbellasartesmalaga\/wp-json\/wp\/v2\/pages\/122\/revisions\/7159"}],"wp:attachment":[{"href":"https:\/\/blogsaverroes.juntadeandalucia.es\/gbellasartesmalaga\/wp-json\/wp\/v2\/media?parent=122"}],"curies":[{"name":"wp","href":"https:\/\/api.w.org\/{rel}","templated":true}]}}

<p>Desplegando el menú ACTIVIDADES accederemosa información relacionada con la celebración de las Jornadas Europeas de Patrimonio y noticias relacionadas con el programa ABECEDARIA-Enrédate.</p>
