{"id":123,"date":"2017-09-11T09:56:38","date_gmt":"2017-09-11T09:56:38","guid":{"rendered":"http:\/\/www.educacionenmalaga.es\/gbellasartes\/?page_id=123"},"modified":"2023-11-13T08:09:49","modified_gmt":"2023-11-13T07:09:49","slug":"planes-y-proyectos","status":"publish","type":"page","link":"https:\/\/blogsaverroes.juntadeandalucia.es\/gbellasartesmalaga\/planes-y-proyectos\/","title":{"rendered":"PROGRAMA CIMA"},"content":{"rendered":"<div class=\"et_pb_module et_pb_text et_pb_text_0 ea_pag_sidebar ea_pag_sidebar_gsuite cima_text et_pb_bg_layout_light et_pb_text_align_left\">\n<div class=\"et_pb_text_inner\">\n<h2 class=\"h2_cima_sidebar\">\u00bfQu\u00e9 es el programa CIMA?<\/h2>\n<p>Se trata de una herramienta pedag\u00f3gica para impulsar la innovaci\u00f3n y transformaci\u00f3n del proyecto educativo del centro (PE) desde el an\u00e1lisis, reflexi\u00f3n y evaluaci\u00f3n participativa garantizando la mejora continua y la personalizaci\u00f3n de los procesos seg\u00fan los centros de inter\u00e9s y necesidades del centro.<\/p>\n<p>El Programa CIMA surge con la misi\u00f3n de promover:<\/p>\n<ul>\n<li>El fomento y la coordinaci\u00f3n de la innovaci\u00f3n educativa a trav\u00e9s de proyectos integrales de transformaci\u00f3n y mejora de los aprendizajes.<\/li>\n<li>La gesti\u00f3n, coordinaci\u00f3n e integraci\u00f3n de las actuaciones y estrategias relativas a la innovaci\u00f3n educativa.<\/li>\n<li>La colaboraci\u00f3n y coordinaci\u00f3n con las instituciones competentes a nivel auton\u00f3mico, nacional e internacional en las tem\u00e1ticas relacionadas con los diferentes \u00e1mbitos de conocimiento y actuaci\u00f3n.<\/li>\n<li>La selecci\u00f3n, el reconocimiento y la difusi\u00f3n de pr\u00e1cticas educativas innovadoras.<\/li>\n<\/ul>\n<p><a title=\"Pulse para visualizar el documento:&nbsp;Resoluci\u00f3n de 3 de noviembre de 2023, de la Direcci\u00f3n General de Tecnolog\u00edas Avanzadas y Transformaci\u00f3n Educativa, sobre los Programas para la Innovaci\u00f3n y la Mejora del Aprendizaje, Programa CIMA, y su convocatoria para el curso acad\u00e9mico 2023\/2024\" href=\"https:\/\/www.juntadeandalucia.es\/educacion\/portals\/delegate\/content\/6f0eb8b1-8249-49a5-ae44-0f1a5d966296\/Resoluci%C3%B3n%20de%203%20de%20noviembre%20de%202023,%20de%20la%20Direcci%C3%B3n%20General%20de%20Tecnolog%C3%ADas%20Avanzadas%20y%20Transformaci%C3%B3n%20Educativa,%20sobre%20los%20Programas%20para%20la%20Innovaci%C3%B3n%20y%20la%20Mejora%20del%20Aprendizaje,%20Programa%20CIMA,%20y%20su%20convocatoria%20para%20el%20curso%20acad%C3%A9mico%202023\/2024\" target=\"_blank\" rel=\"noopener noreferrer\">Acceso a la Resoluci\u00f3n de la convocatoria del Programa CIMA, curso 2023\/2024(PDF\/134Kb)&nbsp;<\/a><\/p>\n<p><iframe loading=\"lazy\" src=\"https:\/\/www.youtube.com\/embed\/9k906rYDIrg?si=gs6Zs-Q5oHnOwaM3\" width=\"560\" height=\"315\" frameborder=\"0\"><\/iframe>&nbsp;<\/p>\n<div class=\"et_pb_module et_pb_text et_pb_text_7 cima_text et_pb_bg_layout_light et_pb_text_align_left\">\n<div class=\"et_pb_text_inner\">\n<h2>Plan de Actuaci\u00f3n CIMA<\/h2>\n<div>\n<p>El Plan de Actuaci\u00f3n CIMA constituye el documento de concreci\u00f3n curricular para el curso escolar. La persona coordinadora del Programa ser\u00e1 la encargada de su elaboraci\u00f3n, en colaboraci\u00f3n con la persona responsable de cada \u00e1mbito de conocimiento y el Equipo CIMA.<br \/>\nEl plazo para registrar los diferentes apartados del Plan de Actuaci\u00f3n CIMA en el sistema de Informaci\u00f3n S\u00e9neca ser\u00e1 desde el d\u00eda siguiente a la publicaci\u00f3n de la resoluci\u00f3n definitiva de participaci\u00f3n y hasta el 15 de enero, inclusive (convocatoria 2023\/2024).<\/p>\n<\/div>\n<\/div>\n<\/div>\n<div class=\"et_pb_module et_pb_text et_pb_text_8 cima_text et_pb_bg_layout_light et_pb_text_align_left\">\n<div class=\"et_pb_text_inner\">\n<h5 class=\"cima_h5\">\u00bfQu\u00e9 debe incluir mi Plan de Actuaci\u00f3n?<\/h5>\n<div class=\"one_half\">\n<ul>\n<li>Indicaci\u00f3n de los agentes del cambio para la transformaci\u00f3n (Equipo CIMA).<\/li>\n<li>Diagn\u00f3stico inicial del centro docente (identificaci\u00f3n de necesidades y activos locales). Los resultados de este diagn\u00f3stico, junto a los resultados recogidos en la Memoria de Autoevaluaci\u00f3n del curso anterior, ayudar\u00e1n a situar al centro para la identificaci\u00f3n de la metao metas que gu\u00eden la intervenci\u00f3n.<\/li>\n<li>Centros de Inter\u00e9s, \u00e1mbitos de conocimiento y L\u00edneas de Actuaci\u00f3n seleccionados que impulsen el cambio.<\/li>\n<li>Objetivos seg\u00fan las L\u00edneas de Actuaci\u00f3n seleccionadas.<\/li>\n<li>Modelo metodol\u00f3gico: propuesta metodol\u00f3gica, recursos, organizaci\u00f3n de espacios, tiempos y agrupamientos.<\/li>\n<li>Herramientas de comunicaci\u00f3n y difusi\u00f3n para promover el trabajo en equipo, el trabajo en red y proyectar los avances de la transformaci\u00f3n en m\u00faltiples entornos f\u00edsicos y digitales.<\/li>\n<li>Herramientas de an\u00e1lisis, reflexi\u00f3n y evaluaci\u00f3n con indicadores para el seguimiento y evaluaci\u00f3n del proyecto en relaci\u00f3n con las metas.<\/li>\n<li>Actividades de formaci\u00f3n y perfeccionamiento docente que capaciten para el cambio.<\/li>\n<li>Cronograma de actuaci\u00f3n con indicaci\u00f3n de los sectores de participaci\u00f3n.<\/li>\n<\/ul>\n<h2>M\u00c1S INFORMACI\u00d3N:<\/h2>\n<p><a href=\"https:\/\/eaprendizaje.ced.junta-andalucia.es\/cima\/\">https:\/\/eaprendizaje.ced.junta-andalucia.es\/cima\/<\/a><\/p>\n<\/div>\n<\/div>\n<\/div>\n<\/div>\n<\/div>\n","protected":false},"excerpt":{"rendered":"<p>\u00bfQu\u00e9 es el programa CIMA? Se trata de una herramienta pedag\u00f3gica para impulsar la innovaci\u00f3n y transformaci\u00f3n del proyecto educativo del centro (PE) desde el an\u00e1lisis, reflexi\u00f3n y evaluaci\u00f3n participativa garantizando la mejora continua&#46;&#46;&#46;<\/p>\n","protected":false},"author":8061,"featured_media":0,"parent":0,"menu_order":0,"comment_status":"closed","ping_status":"closed","template":"","meta":{"ngg_post_thumbnail":0,"footnotes":""},"aioseo_notices":[],"_links":{"self":[{"href":"https:\/\/blogsaverroes.juntadeandalucia.es\/gbellasartesmalaga\/wp-json\/wp\/v2\/pages\/123"}],"collection":[{"href":"https:\/\/blogsaverroes.juntadeandalucia.es\/gbellasartesmalaga\/wp-json\/wp\/v2\/pages"}],"about":[{"href":"https:\/\/blogsaverroes.juntadeandalucia.es\/gbellasartesmalaga\/wp-json\/wp\/v2\/types\/page"}],"author":[{"embeddable":true,"href":"https:\/\/blogsaverroes.juntadeandalucia.es\/gbellasartesmalaga\/wp-json\/wp\/v2\/users\/8061"}],"replies":[{"embeddable":true,"href":"https:\/\/blogsaverroes.juntadeandalucia.es\/gbellasartesmalaga\/wp-json\/wp\/v2\/comments?post=123"}],"version-history":[{"count":3,"href":"https:\/\/blogsaverroes.juntadeandalucia.es\/gbellasartesmalaga\/wp-json\/wp\/v2\/pages\/123\/revisions"}],"predecessor-version":[{"id":12390,"href":"https:\/\/blogsaverroes.juntadeandalucia.es\/gbellasartesmalaga\/wp-json\/wp\/v2\/pages\/123\/revisions\/12390"}],"wp:attachment":[{"href":"https:\/\/blogsaverroes.juntadeandalucia.es\/gbellasartesmalaga\/wp-json\/wp\/v2\/media?parent=123"}],"curies":[{"name":"wp","href":"https:\/\/api.w.org\/{rel}","templated":true}]}}