{"id":12386,"date":"2023-11-13T08:02:43","date_gmt":"2023-11-13T07:02:43","guid":{"rendered":"https:\/\/blogsaverroes.juntadeandalucia.es\/gbellasartesmalaga\/?page_id=12386"},"modified":"2025-03-21T13:20:44","modified_gmt":"2025-03-21T12:20:44","slug":"recursos-didacticos-gabinete-bellas-artes-malaga","status":"publish","type":"page","link":"https:\/\/blogsaverroes.juntadeandalucia.es\/gbellasartesmalaga\/recursos-didacticos-gabinete-bellas-artes-malaga\/","title":{"rendered":"Recursos did\u00e1cticos Gabinete Bellas Artes Andaluc\u00eda."},"content":{"rendered":"<div class=\"journal-content-article\">\n<h2><img decoding=\"async\" class=\"aligncenter\" src=\"https:\/\/edea.juntadeandalucia.es\/bancorecursos\/file\/29a616a4-2968-4ada-90ef-2bf6322473e2\/1\/es-an_2016042212_9115414.zip\/vistaPreviaAgrega.png?temp.hn=true&amp;temp.hb=true\" alt=\"https:\/\/edea.juntadeandalucia.es\/bancorecursos\/file\/29a616a4-2968-4ada-90ef-2bf6322473e2\/1\/es-an_2016042212_9115414.zip\/vistaPreviaAgrega.png?temp.hn=true&amp;temp.hb=true\"><\/h2>\n<h2><strong>ACCESO A LOS CONTENIDOS DEL ANTIGUO GABINETE DE BELLAS ARTES M\u00c1LAGA<\/strong><\/h2>\n<\/div>\n<p>Los recursos educativos del antiguo Gabinete de Bellas Artes han sido alojados en la web de ADEA de la Junta de Andaluc\u00eda.<\/p>\n<p>En el siguiente enlace se encuentran todos los materiales ( cuadernos did\u00e1cticos y gu\u00eda del docente ) de nuestro patrimonio provincial de&nbsp;&nbsp;&nbsp;&nbsp;<a href=\"https:\/\/edea.juntadeandalucia.es\/bancorecursos\/items\/29a616a4-2968-4ada-90ef-2bf6322473e2\/1\/?attachment.uuid=45c18e39-4648-4de2-8b92-51b96882871b\"><span style=\"font-size: 20pt\">M\u00c1LAGA<\/span><\/a><\/p>\n<div>Tambi\u00e9n podemos acceder a cuadernos did\u00e1cticos a trav\u00e9s de la web <a href=\"http:\/\/www.juntadeandalucia.es\/cultura\/tabula\/handle\/20.500.11947\/92\/simple-search?filterquery=M%C3%A1laga&amp;filtername=municipio&amp;filtertype=equals\">T\u00c1BULA<\/a>, de la Consejer\u00eda de Cultura y Deporte.<\/div>\n<div>&nbsp;<\/div>\n<div>EXPOSICI\u00d3N ANTOL\u00d3GICA PEDRO DE MENA. RECURSOS EDUCATIVOS:&nbsp;&nbsp;&nbsp;<a href=\"https:\/\/blogsaverroes.juntadeandalucia.es\/gbellasartesmalaga\/files\/2025\/03\/pmenani3.pdf\">pmenani3<\/a><\/div>\n<div>&nbsp;<\/div>\n<h2>RECURSOS DE OTROS GABINETES DE BELLAS ARTES DE ANDALUC\u00cdA:<\/h2>\n<div><strong><a href=\"https:\/\/edea.juntadeandalucia.es\/bancorecursos\/items\/1921db09-07be-49a0-b550-9b434519fc4a\/1\/?attachment.uuid=cb84d645-6a81-455b-9638-c59e6f0b18d5\">SEVILLA<\/a> <\/strong><\/div>\n<div>&nbsp;<\/div>\n<div><a href=\"https:\/\/edea.juntadeandalucia.es\/bancorecursos\/items\/092425a9-21ed-4e26-81aa-c532e129736e\/1\/?attachment.uuid=907f8980-6a62-4434-ba9d-b27cd219dc5c\"><strong>C\u00d3RDOBA<\/strong><\/a><\/div>\n<div>&nbsp;<\/div>\n<div><a href=\"https:\/\/edea.juntadeandalucia.es\/bancorecursos\/items\/ec8747fb-2634-4abe-b331-d96828e3c9ec\/1\/?attachment.uuid=bb2c4a28-cd1f-43bb-9d34-635241885ce7\"><strong>GRANADA<\/strong><\/a><\/div>\n<div>&nbsp;<\/div>\n<div><strong><a href=\"https:\/\/edea.juntadeandalucia.es\/bancorecursos\/items\/ed6e9e30-6735-42a9-a0d3-11be21a56703\/1\/?attachment.uuid=8978943d-1093-4859-93a8-a78624405669\">JA\u00c9N<\/a><\/strong><\/div>\n<div>&nbsp;<\/div>\n<div>&nbsp;<\/div>\n","protected":false},"excerpt":{"rendered":"<p>ACCESO A LOS CONTENIDOS DEL ANTIGUO GABINETE DE BELLAS ARTES M\u00c1LAGA Los recursos educativos del antiguo Gabinete de Bellas Artes han sido alojados en la web de ADEA de la Junta de Andaluc\u00eda. En&#46;&#46;&#46;<\/p>\n","protected":false},"author":8061,"featured_media":0,"parent":0,"menu_order":0,"comment_status":"closed","ping_status":"closed","template":"","meta":{"ngg_post_thumbnail":0,"footnotes":""},"aioseo_notices":[],"_links":{"self":[{"href":"https:\/\/blogsaverroes.juntadeandalucia.es\/gbellasartesmalaga\/wp-json\/wp\/v2\/pages\/12386"}],"collection":[{"href":"https:\/\/blogsaverroes.juntadeandalucia.es\/gbellasartesmalaga\/wp-json\/wp\/v2\/pages"}],"about":[{"href":"https:\/\/blogsaverroes.juntadeandalucia.es\/gbellasartesmalaga\/wp-json\/wp\/v2\/types\/page"}],"author":[{"embeddable":true,"href":"https:\/\/blogsaverroes.juntadeandalucia.es\/gbellasartesmalaga\/wp-json\/wp\/v2\/users\/8061"}],"replies":[{"embeddable":true,"href":"https:\/\/blogsaverroes.juntadeandalucia.es\/gbellasartesmalaga\/wp-json\/wp\/v2\/comments?post=12386"}],"version-history":[{"count":7,"href":"https:\/\/blogsaverroes.juntadeandalucia.es\/gbellasartesmalaga\/wp-json\/wp\/v2\/pages\/12386\/revisions"}],"predecessor-version":[{"id":13832,"href":"https:\/\/blogsaverroes.juntadeandalucia.es\/gbellasartesmalaga\/wp-json\/wp\/v2\/pages\/12386\/revisions\/13832"}],"wp:attachment":[{"href":"https:\/\/blogsaverroes.juntadeandalucia.es\/gbellasartesmalaga\/wp-json\/wp\/v2\/media?parent=12386"}],"curies":[{"name":"wp","href":"https:\/\/api.w.org\/{rel}","templated":true}]}}