{"id":127,"date":"2017-09-11T09:56:38","date_gmt":"2017-09-11T09:56:38","guid":{"rendered":"http:\/\/www.educacionenmalaga.es\/gbellasartes\/?page_id=127"},"modified":"2023-07-14T13:29:52","modified_gmt":"2023-07-14T11:29:52","slug":"contacta","status":"publish","type":"page","link":"https:\/\/blogsaverroes.juntadeandalucia.es\/gbellasartesmalaga\/contacta\/","title":{"rendered":"Contacta"},"content":{"rendered":"<h2><img loading=\"lazy\" decoding=\"async\" class=\"alignnone wp-image-2456\" src=\"https:\/\/blogsaverroes.juntadeandalucia.es\/gbellasartesmalagatest2\/files\/2019\/11\/carta-abstracto-colorido-logotipo-de-g_1032-68-copia.jpg\" alt=\"\" width=\"198\" height=\"213\" srcset=\"https:\/\/blogsaverroes.juntadeandalucia.es\/gbellasartesmalaga\/files\/2019\/11\/carta-abstracto-colorido-logotipo-de-g_1032-68-copia.jpg 450w, https:\/\/blogsaverroes.juntadeandalucia.es\/gbellasartesmalaga\/files\/2019\/11\/carta-abstracto-colorido-logotipo-de-g_1032-68-copia-279x300.jpg 279w, https:\/\/blogsaverroes.juntadeandalucia.es\/gbellasartesmalaga\/files\/2019\/11\/carta-abstracto-colorido-logotipo-de-g_1032-68-copia-22x24.jpg 22w, https:\/\/blogsaverroes.juntadeandalucia.es\/gbellasartesmalaga\/files\/2019\/11\/carta-abstracto-colorido-logotipo-de-g_1032-68-copia-33x36.jpg 33w, https:\/\/blogsaverroes.juntadeandalucia.es\/gbellasartesmalaga\/files\/2019\/11\/carta-abstracto-colorido-logotipo-de-g_1032-68-copia-45x48.jpg 45w\" sizes=\"(max-width: 198px) 100vw, 198px\" \/><\/h2>\n<h4><strong> Gabinete de Bellas Artes<\/strong><\/h4>\n<p>Servicio Ordenaci\u00f3n Educativa<\/p>\n<p>DT de Desarrollo Educativo y Formaci\u00f3n Profesional y de Universidades, Investigaci\u00f3n e Innovaci\u00f3n.<\/p>\n<p>M\u00e1laga<\/p>\n<h4>Tel\u00e9fono de contacto :<\/h4>\n<h4><span style=\"color: #7ecc00\">671 599 100&nbsp; \/&nbsp; 699 100<\/span><\/h4>\n<h4>Mail : <a href=\"mailto:gbellasartes.dpma.ced@juntadeandalucia.es\">gbellasartes.dpma.ced@juntadeandalucia.es<\/a><\/h4>\n<h4>&nbsp;&nbsp;&nbsp;&nbsp;&nbsp;&nbsp;&nbsp;&nbsp;&nbsp;&nbsp;&nbsp;&nbsp; <a href=\"mailto:ambitocultural.dpma.ced@juntadeandalucia.es\">ambitocultural.dpma.ced@juntadeandalucia.es<\/a><\/h4>\n","protected":false},"excerpt":{"rendered":"<p>Gabinete de Bellas Artes Servicio Ordenaci\u00f3n Educativa DT de Desarrollo Educativo y Formaci\u00f3n Profesional y de Universidades, Investigaci\u00f3n e Innovaci\u00f3n. M\u00e1laga Tel\u00e9fono de contacto : 671 599 100&nbsp; \/&nbsp; 699 100 Mail : gbellasartes.dpma.ced@juntadeandalucia.es&#46;&#46;&#46;<\/p>\n","protected":false},"author":8061,"featured_media":0,"parent":0,"menu_order":0,"comment_status":"closed","ping_status":"closed","template":"","meta":{"ngg_post_thumbnail":0,"footnotes":""},"aioseo_notices":[],"_links":{"self":[{"href":"https:\/\/blogsaverroes.juntadeandalucia.es\/gbellasartesmalaga\/wp-json\/wp\/v2\/pages\/127"}],"collection":[{"href":"https:\/\/blogsaverroes.juntadeandalucia.es\/gbellasartesmalaga\/wp-json\/wp\/v2\/pages"}],"about":[{"href":"https:\/\/blogsaverroes.juntadeandalucia.es\/gbellasartesmalaga\/wp-json\/wp\/v2\/types\/page"}],"author":[{"embeddable":true,"href":"https:\/\/blogsaverroes.juntadeandalucia.es\/gbellasartesmalaga\/wp-json\/wp\/v2\/users\/8061"}],"replies":[{"embeddable":true,"href":"https:\/\/blogsaverroes.juntadeandalucia.es\/gbellasartesmalaga\/wp-json\/wp\/v2\/comments?post=127"}],"version-history":[{"count":6,"href":"https:\/\/blogsaverroes.juntadeandalucia.es\/gbellasartesmalaga\/wp-json\/wp\/v2\/pages\/127\/revisions"}],"predecessor-version":[{"id":12105,"href":"https:\/\/blogsaverroes.juntadeandalucia.es\/gbellasartesmalaga\/wp-json\/wp\/v2\/pages\/127\/revisions\/12105"}],"wp:attachment":[{"href":"https:\/\/blogsaverroes.juntadeandalucia.es\/gbellasartesmalaga\/wp-json\/wp\/v2\/media?parent=127"}],"curies":[{"name":"wp","href":"https:\/\/api.w.org\/{rel}","templated":true}]}}

<h2><img loading="lazy" decoding="async" class="alignnone wp-image-2456" src="https://blogsaverroes.juntadeandalucia.es/gbellasartesmalagatest2/files/2019/11/carta-abstracto-colorido-logotipo-de-g_1032-68-copia.jpg" alt="" width="198" height="213" srcset="https://blogsaverroes.juntadeandalucia.es/gbellasartesmalaga/files/2019/11/carta-abstracto-colorido-logotipo-de-g_1032-68-copia.jpg 450w, https://blogsaverroes.juntadeandalucia.es/gbellasartesmalaga/files/2019/11/carta-abstracto-colorido-logotipo-de-g_1032-68-copia-279x300.jpg 279w, https://blogsaverroes.juntadeandalucia.es/gbellasartesmalaga/files/2019/11/carta-abstracto-colorido-logotipo-de-g_1032-68-copia-22x24.jpg 22w, https://blogsaverroes.juntadeandalucia.es/gbellasartesmalaga/files/2019/11/carta-abstracto-colorido-logotipo-de-g_1032-68-copia-33x36.jpg 33w, https://blogsaverroes.juntadeandalucia.es/gbellasartesmalaga/files/2019/11/carta-abstracto-colorido-logotipo-de-g_1032-68-copia-45x48.jpg 45w" sizes="(max-width: 198px) 100vw, 198px" /></h2>
<h4><strong> Gabinete de Bellas Artes</strong></h4>
<p>Servicio Ordenación Educativa</p>
<p>DT de Desarrollo Educativo y Formación Profesional y de Universidades, Investigación e Innovación.</p>
<p>Málaga</p>
<h4>Teléfono de contacto :</h4>
<h4><span style="color: #7ecc00">671 599 100&nbsp; /&nbsp; 699 100</span></h4>
<h4>Mail : <a href="mailto:gbellasartes.dpma.ced@juntadeandalucia.es">gbellasartes.dpma.ced@juntadeandalucia.es</a></h4>
<h4>&nbsp;&nbsp;&nbsp;&nbsp;&nbsp;&nbsp;&nbsp;&nbsp;&nbsp;&nbsp;&nbsp;&nbsp; <a href="mailto:ambitocultural.dpma.ced@juntadeandalucia.es">ambitocultural.dpma.ced@juntadeandalucia.es</a></h4>

<p>Gabinete de Bellas Artes Servicio Ordenación Educativa DT de Desarrollo Educativo y Formación Profesional y de Universidades, Investigación e Innovación. Málaga Teléfono de contacto : 671 599 100&nbsp; /&nbsp; 699 100 Mail : gbellasartes.dpma.ced@juntadeandalucia.es&#46;&#46;&#46;</p>
