{"id":13114,"date":"2024-06-14T07:56:06","date_gmt":"2024-06-14T05:56:06","guid":{"rendered":"https:\/\/blogsaverroes.juntadeandalucia.es\/gbellasartesmalaga\/?page_id=13114"},"modified":"2025-06-04T08:42:24","modified_gmt":"2025-06-04T06:42:24","slug":"musintegrate","status":"publish","type":"page","link":"https:\/\/blogsaverroes.juntadeandalucia.es\/gbellasartesmalaga\/musintegrate\/","title":{"rendered":"Musint\u00e9grate"},"content":{"rendered":"<h1 class=\"p1\"><span class=\"s1\"><b><span style=\"color: #ff0000\">SOLICITUD DE ADHESI\u00d3N AL PROGRAMA MUSINT\u00c9GRATE<\/span> <\/b><\/span><\/h1>\n<h2 class=\"p1\"><span class=\"s1\"><b>\u00bfQu\u00e9 es MusInt\u00e9grate?<\/b><\/span><\/h2>\n<p class=\"p3\"><span class=\"s1\">MusInt\u00e9grate es un programa de innovaci\u00f3n educativa cuyo objetivo principal es incluir al alumnado con diversidad funcional en las Ense\u00f1anzas B\u00e1sicas de M\u00fasica. <\/span><\/p>\n<h2 class=\"p1\"><span class=\"s1\"><b>\u00bfEn qu\u00e9 consiste y por qu\u00e9 es necesario?<\/b><\/span><\/h2>\n<p class=\"p3\"><span class=\"s1\">Para poder acceder a las Ense\u00f1anzas Musicales en un Conservatorio de M\u00fasica es necesario superar con \u00e9xito una prueba de aptitud. MusInt\u00e9grate realiza una adaptaci\u00f3n de la misma conforme a las caracter\u00edsticas espec\u00edficas del alumnado que lo solicite, de modo que se puedan apreciar \u00f3ptimamente toda sus capacidad y potencial. A su vez, se realiza una reserva de plazas destinadas exclusivamente para el mismo.<\/span><\/p>\n<h2 class=\"p1\"><span class=\"s1\"><b>\u00bfQu\u00e9 requisitos debe reunir el alumnado que quiera formar parte de MusInt\u00e9grate?<\/b><\/span><\/h2>\n<p class=\"p4\"><span class=\"s1\"> El alumnado que desee acceder a las Ense\u00f1anzas B\u00e1sicas de M\u00fasica mediante esta modalidad deber\u00e1:<\/span><\/p>\n<ul class=\"ul1\">\n<li class=\"li4\"><span class=\"s1\">Cumplir un m\u00ednimo de 8 a\u00f1os de edad durante el curso acad\u00e9mico para el que se solicita la entrada.<\/span><\/li>\n<li class=\"li4\"><span class=\"s1\">Presentar informe que acredite la diversidad funcional.<\/span><\/li>\n<\/ul>\n<p><span class=\"s1\">Presentar certificado de escolarizaci\u00f3n en un<\/span><\/p>\n<ul class=\"ul1\">\n<li class=\"li4\"><span class=\"s1\">Centro ordinario. <\/span><\/li>\n<li class=\"li4\"><span class=\"s1\">Realizar la preinscripci\u00f3n en las fechas que determine la Administraci\u00f3n. <\/span><\/li>\n<\/ul>\n<h2 class=\"p1\"><span class=\"s1\"><b>\u00bfQu\u00e9 es necesario para que un Conservatorio se adscriba a MusInt\u00e9grate? <\/b><\/span><\/h2>\n<p class=\"p3\"><span class=\"s1\">MusInt\u00e9grate fue aprobado en el Parlamento de Andaluc\u00eda en Proposici\u00f3n no de Ley el d\u00eda 28 de Abril de 2011 tras la elaboraci\u00f3n de un primer proyecto en el Conservatorio Profesional de M\u00fasica \u201cMaestro Chicano Mu\u00f1oz\u201d de Lucena (C\u00f3rdoba). Los pasos para solicitar su adscripci\u00f3n son los siguientes:<\/span><\/p>\n<ul>\n<li style=\"list-style-type: none\">\n<ul class=\"ul1\">\n<li class=\"li4\"><span class=\"s1\">Contar con el respaldo de la Directiva, el Claustro de Profesorado y el Consejo Escolar del Centro. <\/span><\/li>\n<li class=\"li4\"><span class=\"s1\">Elaborar un proyecto que deber\u00e1 ser presentado a la Administraci\u00f3n para su estudio. <\/span><\/li>\n<li class=\"li4\"><span class=\"s1\">La Consejer\u00eda de Educaci\u00f3n publicar\u00e1 anualmente mediante Resoluci\u00f3n especificando los Centros que son autorizados para llevar a cabo el programa, as\u00ed como las plazas concedidas. <\/span><\/li>\n<li class=\"li4\"><span class=\"s1\">Una vez implantado, es necesario que la Directiva solicite su prorrogaci\u00f3n a la Administraci\u00f3n anualmente. <\/span><\/li>\n<li class=\"li4\"><span class=\"s1\">Cada Centro nombrar\u00e1 a un coordinador o coordinadora que se encargar\u00e1 de la organizaci\u00f3n y desarrollo del program<\/span><\/li>\n<\/ul>\n<\/li>\n<\/ul>\n<p style=\"text-align: center\"><iframe loading=\"lazy\" src=\"https:\/\/www.youtube.com\/embed\/7jDwJ01n7fg\" width=\"560\" height=\"315\" frameborder=\"0\"><\/iframe>&nbsp;<\/p>\n<h2 class=\"p1\"><span class=\"s1\"><b>\u00bfD\u00f3nde se est\u00e1 llevando a cabo MusInt\u00e9grate?<\/b><\/span><\/h2>\n<p class=\"p3\"><span class=\"s1\">MusInt\u00e9grate se est\u00e1 llevando a cabo en los siguientes Conservatorios de Andaluc\u00eda:<\/span><\/p>\n<ul>\n<li class=\"li5\">Conservatorio Elemental de M\u00fasica Maestro Moreno Trujillo, con c\u00f3digo 04700284, de Olula del R\u00edo<br \/>\n(Almer\u00eda).<br \/>\n\u2022 Conservatorio Elemental de M\u00fasica Leopoldo Torrecillas Iglesias, con c\u00f3digo 04700296, de V\u00e9lez-Rubio<br \/>\n(Almer\u00eda).<br \/>\n\u2022 Conservatorio Profesional de M\u00fasica Manuel de Falla, con c\u00f3digo 11007788, de C\u00e1diz (C\u00e1diz).<br \/>\n\u2022 Conservatorio Profesional de M\u00fasica Mu\u00f1oz Molleda, con c\u00f3digo 11700071, de La L\u00ednea de la<br \/>\nConcepci\u00f3n (C\u00e1diz).<br \/>\n\u2022 Conservatorio Profesional de M\u00fasica Maestro Chicano Mu\u00f1oz, con c\u00f3digo 14700122, de Lucena<br \/>\n(C\u00f3rdoba).<br \/>\n\u2022 Conservatorio Profesional de M\u00fasica Marcos Redondo, con c\u00f3digo 14700134, de Pozoblanco<br \/>\n(C\u00f3rdoba).<br \/>\n\u2022 Conservatorio Profesional de M\u00fasica M\u00fasico Ziryab, con c\u00f3digo 14700225, de C\u00f3rdoba (C\u00f3rdoba).<br \/>\n\u2022 Conservatorio Elemental de M\u00fasica Antonio L\u00f3pez Serrano, con c\u00f3digo 14700249, de Priego de<br \/>\nC\u00f3rdoba (C\u00f3rdoba).<br \/>\n\u2022 Conservatorio Elemental de M\u00fasica Juan Mohedo Canales, con c\u00f3digo 14700274, de Montoro<br \/>\n(C\u00f3rdoba).<br \/>\n\u2022 Conservatorio Profesional de M\u00fasica Javier Perianes, con c\u00f3digo 21004157, de Huelva (Huelva).<br \/>\n\u2022 Conservatorio Elemental de M\u00fasica Jos\u00e9 del Toro, con c\u00f3digo 21700128, de Trigueros (Huelva).<br \/>\n\u2022 Conservatorio Profesional de M\u00fasica Catedr\u00e1tico Antonio Garc\u00eda Herrera, con c\u00f3digo 21700228, de<br \/>\nBollullos Par del Condado (Huelva).<br \/>\n\u2022 Conservatorio Profesional de M\u00fasica Juan de Castro, con c\u00f3digo 23700098, de And\u00fajar (Ja\u00e9n).<br \/>\n\u2022 Conservatorio Profesional de M\u00fasica Gonzalo Mart\u00edn Tenllado, con c\u00f3digo 29700281, de M\u00e1laga<br \/>\n(M\u00e1laga).<span class=\"VuuXrf\"><br \/>\n<\/span><\/li>\n<\/ul>\n<div class=\"q0vns\">\n<div class=\"CA5RN\">&nbsp;<\/div>\n<\/div>\n<p class=\"p5\"><span class=\"s1\">Es un programa \u00fanico y pionero en la Comunidad Aut\u00f3noma de Andaluc\u00eda y el segundo de estas caracter\u00edsticas en todo el territorio nacional, siendo el primero<span class=\"Apple-converted-space\">&nbsp; <\/span>en desarrollarse<i>\u201cTots M\u00fasics, Tots Diferents\u201d <\/i>en el Conservatorio Profesional de M\u00fasica de Torrent (Valencia).<\/span><\/p>\n<h2 class=\"p1\"><span class=\"s1\"><b>\u00bfQu\u00e9 medidas principales se est\u00e1n desarrollan en cada Centro para llevar a cabo MusInt\u00e9grate?<\/b><\/span><\/h2>\n<p class=\"p5\"><span class=\"s1\"> Las medidas principales que se desarrollan en cada Centro son las siguientes:<\/span><\/p>\n<ul class=\"ul1\">\n<li class=\"li5\"><span class=\"s1\">Adaptaci\u00f3n y\/o elaboraci\u00f3n de material did\u00e1ctico y curricular para garantizar el \u00e9xito en el proceso de ense\u00f1anza-aprendizaje del alumnado adscrito.<\/span><\/li>\n<li class=\"li5\"><span class=\"s1\">Clase de apoyo y refuerzo si es necesario. <\/span><\/li>\n<li class=\"li5\"><span class=\"s1\">Formaci\u00f3n espec\u00edfica para el profesorado. <\/span><\/li>\n<\/ul>\n<h2><strong>\u00bfQu\u00e9 plazo tiene?<\/strong><\/h2>\n<p>Las solicitudes deben presentarse a comienzos de curso por ventanilla electr\u00f3nica dirigido a las delegaciones territoriales de Educaci\u00f3n de cada provincia. La resoluci\u00f3n est\u00e1 prevista salga aproximadamente para el mes de marzo, siendo de aplicaci\u00f3n para el curso siguiente.<\/p>\n<p>Si quieres que tu centro participe de este proyecto, env\u00edanos un correo a <a href=\"mailto:gbellasartes.dpma.ced@juntadeandalucia.es\"><strong>gbellasartes.dpma.ced@juntadeandalucia.es<\/strong><\/a> y te informaremos.<\/p>\n<h1><span style=\"color: #ff0000\">SOLICITUDES ALUMNADO UNA VEZ APROBADO<\/span><\/h1>\n<h3>\u00bfQu\u00e9 instrumentos se ofrecen?<\/h3>\n<p>Se ofrecer\u00e1 a las personas aspirantes un instrumento u otro de los adheridos al proyecto del centro educativo, seg\u00fan sus caracter\u00edsticas, una vez superada la prueba de acceso.<\/p>\n<h3>\u00bfC\u00f3mo se accede?<\/h3>\n<p>Mediante una prueba pr\u00e1ctica a primer curso de Ense\u00f1anzas B\u00e1sicas, similar a la prueba general de aptitud, aunque debidamente adaptada a las caracter\u00edsticas individuales de cada aspirante.<\/p>\n<h2><span id=\"Requisitos\" class=\"ez-toc-section\"><\/span>Requisitos<\/h2>\n<ol>\n<li>Tener como m\u00ednimo 8 a\u00f1os de edad o cumplirlos en el a\u00f1o natural correspondiente al comienzo del curso escolar para el que se convocan las pruebas de acceso.<\/li>\n<li>Estar escolarizado en un centro de r\u00e9gimen general.<\/li>\n<li>Presentar un informe que acredite la diversidad funcional.<\/li>\n<li>Solicitar la admisi\u00f3n en el plazo establecido.<\/li>\n<li>Estar incluido en la relaci\u00f3n de personas solicitantes admitidas a las pruebas de aptitud para el acceso a 1\u00ba de Ense\u00f1anzas Elementales B\u00e1sicas.<\/li>\n<li>Superar la prueba de aptitud convocada.<\/li>\n<li>Obtener plaza en el proceso de adjudicaci\u00f3n correspondiente.<\/li>\n<\/ol>\n<p>El plazo de presentaci\u00f3n de solicitudes de admisi\u00f3n es del 1 al 30 de abril, ambos incluidos. La solicitudes deben presentarse telem\u00e1ticamente a trav\u00e9s de la <a href=\"https:\/\/www.juntadeandalucia.es\/educacion\/secretariavirtual\/\" target=\"_blank\" rel=\"noopener\">Secretar\u00eda Virtual de los Centros educativos andaluces<\/a>, adjuntando:<\/p>\n<ul>\n<li>Informe que acredite la diversidad funcional.<\/li>\n<li>Certificado de escolarizaci\u00f3n en un centro de r\u00e9gimen general.<\/li>\n<\/ul>\n<p>Si no se adjunta esta documentaci\u00f3n, las personas aspirantes pasar\u00e1n a concurrir a la prueba de aptitud general a Primero de Ense\u00f1anzas B\u00e1sicas (no a la adaptada propia de MusInt\u00e9grate).<\/p>\n<h2>Matriculaci\u00f3n<\/h2>\n<p>La matriculaci\u00f3n de este alumnado debe ser presencial, e indicar en el momento de la presentaci\u00f3n que es alumnado perteneciente a MusInt\u00e9grate.<\/p>\n<p>&nbsp;<\/p>\n","protected":false},"excerpt":{"rendered":"<p>SOLICITUD DE ADHESI\u00d3N AL PROGRAMA MUSINT\u00c9GRATE \u00bfQu\u00e9 es MusInt\u00e9grate? MusInt\u00e9grate es un programa de innovaci\u00f3n educativa cuyo objetivo principal es incluir al alumnado con diversidad funcional en las Ense\u00f1anzas B\u00e1sicas de M\u00fasica. \u00bfEn qu\u00e9&#46;&#46;&#46;<\/p>\n","protected":false},"author":8061,"featured_media":0,"parent":0,"menu_order":0,"comment_status":"closed","ping_status":"closed","template":"","meta":{"ngg_post_thumbnail":0,"footnotes":""},"aioseo_notices":[],"_links":{"self":[{"href":"https:\/\/blogsaverroes.juntadeandalucia.es\/gbellasartesmalaga\/wp-json\/wp\/v2\/pages\/13114"}],"collection":[{"href":"https:\/\/blogsaverroes.juntadeandalucia.es\/gbellasartesmalaga\/wp-json\/wp\/v2\/pages"}],"about":[{"href":"https:\/\/blogsaverroes.juntadeandalucia.es\/gbellasartesmalaga\/wp-json\/wp\/v2\/types\/page"}],"author":[{"embeddable":true,"href":"https:\/\/blogsaverroes.juntadeandalucia.es\/gbellasartesmalaga\/wp-json\/wp\/v2\/users\/8061"}],"replies":[{"embeddable":true,"href":"https:\/\/blogsaverroes.juntadeandalucia.es\/gbellasartesmalaga\/wp-json\/wp\/v2\/comments?post=13114"}],"version-history":[{"count":6,"href":"https:\/\/blogsaverroes.juntadeandalucia.es\/gbellasartesmalaga\/wp-json\/wp\/v2\/pages\/13114\/revisions"}],"predecessor-version":[{"id":14179,"href":"https:\/\/blogsaverroes.juntadeandalucia.es\/gbellasartesmalaga\/wp-json\/wp\/v2\/pages\/13114\/revisions\/14179"}],"wp:attachment":[{"href":"https:\/\/blogsaverroes.juntadeandalucia.es\/gbellasartesmalaga\/wp-json\/wp\/v2\/media?parent=13114"}],"curies":[{"name":"wp","href":"https:\/\/api.w.org\/{rel}","templated":true}]}}