{"id":13155,"date":"2024-06-14T13:19:47","date_gmt":"2024-06-14T11:19:47","guid":{"rendered":"https:\/\/blogsaverroes.juntadeandalucia.es\/gbellasartesmalaga\/?page_id=13155"},"modified":"2024-06-27T13:25:23","modified_gmt":"2024-06-27T11:25:23","slug":"documentos-y-recursos-digitales","status":"publish","type":"page","link":"https:\/\/blogsaverroes.juntadeandalucia.es\/gbellasartesmalaga\/documentos-y-recursos-digitales\/","title":{"rendered":"DOCUMENTOS Y RECURSOS DIGITALES"},"content":{"rendered":"<h1><img loading=\"lazy\" decoding=\"async\" class=\"alignleft size-large wp-image-13130\" src=\"https:\/\/blogsaverroes.juntadeandalucia.es\/gbellasartesmalaga\/files\/2024\/06\/About-World-Heritage-Day3-1024x256.png\" alt=\"\" width=\"1024\" height=\"256\" srcset=\"https:\/\/blogsaverroes.juntadeandalucia.es\/gbellasartesmalaga\/files\/2024\/06\/About-World-Heritage-Day3-1024x256.png 1024w, https:\/\/blogsaverroes.juntadeandalucia.es\/gbellasartesmalaga\/files\/2024\/06\/About-World-Heritage-Day3-300x75.png 300w, https:\/\/blogsaverroes.juntadeandalucia.es\/gbellasartesmalaga\/files\/2024\/06\/About-World-Heritage-Day3-150x37.png 150w, https:\/\/blogsaverroes.juntadeandalucia.es\/gbellasartesmalaga\/files\/2024\/06\/About-World-Heritage-Day3-768x192.png 768w, https:\/\/blogsaverroes.juntadeandalucia.es\/gbellasartesmalaga\/files\/2024\/06\/About-World-Heritage-Day3-1536x384.png 1536w, https:\/\/blogsaverroes.juntadeandalucia.es\/gbellasartesmalaga\/files\/2024\/06\/About-World-Heritage-Day3-2048x512.png 2048w\" sizes=\"(max-width: 1024px) 100vw, 1024px\" \/><\/h1>\n<h1>&nbsp;<\/h1>\n<p>&nbsp;<\/p>\n<blockquote class=\"wp-embedded-content\" data-secret=\"lup2ADt7Wv\"><p><a href=\"https:\/\/blogsaverroes.juntadeandalucia.es\/gbellasartesmalaga\/2024\/02\/20\/28f-caminando-juntos-hacia-la-autonomia-andaluza-aplicacion-digital-para-alumnado-eso-y-bachillerato\/\">28F. Caminando juntos hacia La autonom\u00eda andaluza. Aplicaci\u00f3n digital para alumnado ESO y Bachillerato.<\/a><\/p><\/blockquote>\n<p><iframe class=\"wp-embedded-content\" sandbox=\"allow-scripts\" security=\"restricted\" style=\"position: absolute; clip: rect(1px, 1px, 1px, 1px);\" title=\"\u00ab28F. Caminando juntos hacia La autonom\u00eda andaluza. Aplicaci\u00f3n digital para alumnado ESO y Bachillerato.\u00bb \u2014 Gabinete de Bellas Artes de M\u00e1laga\" src=\"https:\/\/blogsaverroes.juntadeandalucia.es\/gbellasartesmalaga\/2024\/02\/20\/28f-caminando-juntos-hacia-la-autonomia-andaluza-aplicacion-digital-para-alumnado-eso-y-bachillerato\/embed\/#?secret=t8qOo9AT5J#?secret=lup2ADt7Wv\" data-secret=\"lup2ADt7Wv\" width=\"500\" height=\"282\" frameborder=\"0\" marginwidth=\"0\" marginheight=\"0\" scrolling=\"no\"><\/iframe><\/p>\n<blockquote class=\"wp-embedded-content\" data-secret=\"05VgRO2H23\"><p><a href=\"https:\/\/blogsaverroes.juntadeandalucia.es\/gbellasartesmalaga\/2024\/02\/16\/programa-de-ahorro-energetico-endesa-educa-digital\/\">Programa de ahorro energ\u00e9tico Endesa Educa Digital<\/a><\/p><\/blockquote>\n<p><iframe class=\"wp-embedded-content\" sandbox=\"allow-scripts\" security=\"restricted\" style=\"position: absolute; clip: rect(1px, 1px, 1px, 1px);\" title=\"\u00abPrograma de ahorro energ\u00e9tico Endesa Educa Digital\u00bb \u2014 Gabinete de Bellas Artes de M\u00e1laga\" src=\"https:\/\/blogsaverroes.juntadeandalucia.es\/gbellasartesmalaga\/2024\/02\/16\/programa-de-ahorro-energetico-endesa-educa-digital\/embed\/#?secret=MeZRojTJA4#?secret=05VgRO2H23\" data-secret=\"05VgRO2H23\" width=\"500\" height=\"282\" frameborder=\"0\" marginwidth=\"0\" marginheight=\"0\" scrolling=\"no\"><\/iframe><\/p>\n<blockquote class=\"wp-embedded-content\" data-secret=\"TQM5vImx8W\"><p><a href=\"https:\/\/blogsaverroes.juntadeandalucia.es\/gbellasartesmalaga\/2024\/02\/05\/videojuego-cante-jondo-un-corazon-creativo-exposicion-virtual-interactiva\/\">Videojuego &#8220;Cante jondo. Un coraz\u00f3n creativo&#8221;. Exposici\u00f3n virtual interactiva.<\/a><\/p><\/blockquote>\n<p><iframe class=\"wp-embedded-content\" sandbox=\"allow-scripts\" security=\"restricted\" style=\"position: absolute; clip: rect(1px, 1px, 1px, 1px);\" title=\"\u00abVideojuego &#8220;Cante jondo. Un coraz\u00f3n creativo&#8221;. Exposici\u00f3n virtual interactiva.\u00bb \u2014 Gabinete de Bellas Artes de M\u00e1laga\" src=\"https:\/\/blogsaverroes.juntadeandalucia.es\/gbellasartesmalaga\/2024\/02\/05\/videojuego-cante-jondo-un-corazon-creativo-exposicion-virtual-interactiva\/embed\/#?secret=d5jfNRc3yD#?secret=TQM5vImx8W\" data-secret=\"TQM5vImx8W\" width=\"500\" height=\"282\" frameborder=\"0\" marginwidth=\"0\" marginheight=\"0\" scrolling=\"no\"><\/iframe><\/p>\n<blockquote class=\"wp-embedded-content\" data-secret=\"vHagZGhwq0\"><p><a href=\"https:\/\/blogsaverroes.juntadeandalucia.es\/gbellasartesmalaga\/2023\/06\/21\/nace-educa-ieca-el-portal-educativo-de-estadistica-y-cartografia-de-andalucia\/\">Nace &#8216;educa IECA&#8217;, el portal educativo de estad\u00edstica y cartograf\u00eda de Andaluc\u00eda<\/a><\/p><\/blockquote>\n<p><iframe class=\"wp-embedded-content\" sandbox=\"allow-scripts\" security=\"restricted\" style=\"position: absolute; clip: rect(1px, 1px, 1px, 1px);\" title=\"\u00abNace &#8216;educa IECA&#8217;, el portal educativo de estad\u00edstica y cartograf\u00eda de Andaluc\u00eda\u00bb \u2014 Gabinete de Bellas Artes de M\u00e1laga\" src=\"https:\/\/blogsaverroes.juntadeandalucia.es\/gbellasartesmalaga\/2023\/06\/21\/nace-educa-ieca-el-portal-educativo-de-estadistica-y-cartografia-de-andalucia\/embed\/#?secret=tVL99nTiV3#?secret=vHagZGhwq0\" data-secret=\"vHagZGhwq0\" width=\"500\" height=\"282\" frameborder=\"0\" marginwidth=\"0\" marginheight=\"0\" scrolling=\"no\"><\/iframe><\/p>\n<blockquote class=\"wp-embedded-content\" data-secret=\"vHagZGhwq0\"><p><a href=\"https:\/\/blogsaverroes.juntadeandalucia.es\/gbellasartesmalaga\/2023\/06\/21\/nace-educa-ieca-el-portal-educativo-de-estadistica-y-cartografia-de-andalucia\/\">Nace &#8216;educa IECA&#8217;, el portal educativo de estad\u00edstica y cartograf\u00eda de Andaluc\u00eda<\/a><\/p><\/blockquote>\n<p><iframe class=\"wp-embedded-content\" sandbox=\"allow-scripts\" security=\"restricted\" style=\"position: absolute; clip: rect(1px, 1px, 1px, 1px);\" title=\"\u00abNace &#8216;educa IECA&#8217;, el portal educativo de estad\u00edstica y cartograf\u00eda de Andaluc\u00eda\u00bb \u2014 Gabinete de Bellas Artes de M\u00e1laga\" src=\"https:\/\/blogsaverroes.juntadeandalucia.es\/gbellasartesmalaga\/2023\/06\/21\/nace-educa-ieca-el-portal-educativo-de-estadistica-y-cartografia-de-andalucia\/embed\/#?secret=tVL99nTiV3#?secret=vHagZGhwq0\" data-secret=\"vHagZGhwq0\" width=\"500\" height=\"282\" frameborder=\"0\" marginwidth=\"0\" marginheight=\"0\" scrolling=\"no\"><\/iframe><\/p>\n<blockquote class=\"wp-embedded-content\" data-secret=\"RKFpKbPzlU\"><p><a href=\"https:\/\/blogsaverroes.juntadeandalucia.es\/gbellasartesmalaga\/2020\/08\/27\/toy-theater-juegos-interactivos-gratuitos-para-el-aprendizaje\/\">Toy Theater: juegos interactivos gratuitos para el aprendizaje.<\/a><\/p><\/blockquote>\n<p><iframe class=\"wp-embedded-content\" sandbox=\"allow-scripts\" security=\"restricted\" style=\"position: absolute; clip: rect(1px, 1px, 1px, 1px);\" title=\"\u00abToy Theater: juegos interactivos gratuitos para el aprendizaje.\u00bb \u2014 Gabinete de Bellas Artes de M\u00e1laga\" src=\"https:\/\/blogsaverroes.juntadeandalucia.es\/gbellasartesmalaga\/2020\/08\/27\/toy-theater-juegos-interactivos-gratuitos-para-el-aprendizaje\/embed\/#?secret=1o3USuRuzM#?secret=RKFpKbPzlU\" data-secret=\"RKFpKbPzlU\" width=\"500\" height=\"282\" frameborder=\"0\" marginwidth=\"0\" marginheight=\"0\" scrolling=\"no\"><\/iframe><\/p>\n<blockquote class=\"wp-embedded-content\" data-secret=\"zy02CIplxA\"><p><a href=\"https:\/\/blogsaverroes.juntadeandalucia.es\/gbellasartesmalaga\/2020\/04\/05\/convierte-tus-fichas-de-clase-en-interactivas-con-liveworksheets\/\">Convierte tus fichas de clase en interactivas con Liveworksheets<\/a><\/p><\/blockquote>\n<p><iframe class=\"wp-embedded-content\" sandbox=\"allow-scripts\" security=\"restricted\" style=\"position: absolute; clip: rect(1px, 1px, 1px, 1px);\" title=\"\u00abConvierte tus fichas de clase en interactivas con Liveworksheets\u00bb \u2014 Gabinete de Bellas Artes de M\u00e1laga\" src=\"https:\/\/blogsaverroes.juntadeandalucia.es\/gbellasartesmalaga\/2020\/04\/05\/convierte-tus-fichas-de-clase-en-interactivas-con-liveworksheets\/embed\/#?secret=YxqyT3Uwrx#?secret=zy02CIplxA\" data-secret=\"zy02CIplxA\" width=\"500\" height=\"282\" frameborder=\"0\" marginwidth=\"0\" marginheight=\"0\" scrolling=\"no\"><\/iframe><\/p>\n<blockquote class=\"wp-embedded-content\" data-secret=\"NZflxJtX05\"><p><a href=\"https:\/\/blogsaverroes.juntadeandalucia.es\/gbellasartesmalaga\/2020\/03\/17\/maravillas-de-andalucia-500-anos-de-historia-de-la-comunidad-a-traves-de-su-patrimonio-documental\/\">\u00abMaravillas de Andaluc\u00eda\u00bb: 500 a\u00f1os de historia de la comunidad a trav\u00e9s de su patrimonio documental<\/a><\/p><\/blockquote>\n<p><iframe class=\"wp-embedded-content\" sandbox=\"allow-scripts\" security=\"restricted\" style=\"position: absolute; clip: rect(1px, 1px, 1px, 1px);\" title=\"\u00ab\u00abMaravillas de Andaluc\u00eda\u00bb: 500 a\u00f1os de historia de la comunidad a trav\u00e9s de su patrimonio documental\u00bb \u2014 Gabinete de Bellas Artes de M\u00e1laga\" src=\"https:\/\/blogsaverroes.juntadeandalucia.es\/gbellasartesmalaga\/2020\/03\/17\/maravillas-de-andalucia-500-anos-de-historia-de-la-comunidad-a-traves-de-su-patrimonio-documental\/embed\/#?secret=nxyQ5lUrth#?secret=NZflxJtX05\" data-secret=\"NZflxJtX05\" width=\"500\" height=\"282\" frameborder=\"0\" marginwidth=\"0\" marginheight=\"0\" scrolling=\"no\"><\/iframe><\/p>\n<blockquote class=\"wp-embedded-content\" data-secret=\"og2V5YwXdZ\"><p><a href=\"https:\/\/blogsaverroes.juntadeandalucia.es\/gbellasartesmalaga\/2024\/02\/22\/proyectoreaduaandalucia-recursos-educativos-abiertos-steam-para-todas-las-etapas-educativas\/\">#ProyectoREADUAAndaluc\u00eda. Recursos educativos abiertos STEAM para todas las etapas educativas.<\/a><\/p><\/blockquote>\n<p><iframe class=\"wp-embedded-content\" sandbox=\"allow-scripts\" security=\"restricted\" style=\"position: absolute; clip: rect(1px, 1px, 1px, 1px);\" title=\"\u00ab#ProyectoREADUAAndaluc\u00eda. Recursos educativos abiertos STEAM para todas las etapas educativas.\u00bb \u2014 Gabinete de Bellas Artes de M\u00e1laga\" src=\"https:\/\/blogsaverroes.juntadeandalucia.es\/gbellasartesmalaga\/2024\/02\/22\/proyectoreaduaandalucia-recursos-educativos-abiertos-steam-para-todas-las-etapas-educativas\/embed\/#?secret=oiQQ8z6bXK#?secret=og2V5YwXdZ\" data-secret=\"og2V5YwXdZ\" width=\"500\" height=\"282\" frameborder=\"0\" marginwidth=\"0\" marginheight=\"0\" scrolling=\"no\"><\/iframe><\/p>\n<p>&nbsp;<\/p>\n<p>&nbsp;<\/p>\n","protected":false},"excerpt":{"rendered":"<p>&nbsp; &nbsp; 28F. Caminando juntos hacia La autonom\u00eda andaluza. Aplicaci\u00f3n digital para alumnado ESO y Bachillerato. Programa de ahorro energ\u00e9tico Endesa Educa Digital Videojuego &#8220;Cante jondo. Un coraz\u00f3n creativo&#8221;. Exposici\u00f3n virtual interactiva. Nace &#8216;educa&#46;&#46;&#46;<\/p>\n","protected":false},"author":8061,"featured_media":0,"parent":0,"menu_order":0,"comment_status":"closed","ping_status":"closed","template":"","meta":{"ngg_post_thumbnail":0,"footnotes":""},"aioseo_notices":[],"_links":{"self":[{"href":"https:\/\/blogsaverroes.juntadeandalucia.es\/gbellasartesmalaga\/wp-json\/wp\/v2\/pages\/13155"}],"collection":[{"href":"https:\/\/blogsaverroes.juntadeandalucia.es\/gbellasartesmalaga\/wp-json\/wp\/v2\/pages"}],"about":[{"href":"https:\/\/blogsaverroes.juntadeandalucia.es\/gbellasartesmalaga\/wp-json\/wp\/v2\/types\/page"}],"author":[{"embeddable":true,"href":"https:\/\/blogsaverroes.juntadeandalucia.es\/gbellasartesmalaga\/wp-json\/wp\/v2\/users\/8061"}],"replies":[{"embeddable":true,"href":"https:\/\/blogsaverroes.juntadeandalucia.es\/gbellasartesmalaga\/wp-json\/wp\/v2\/comments?post=13155"}],"version-history":[{"count":4,"href":"https:\/\/blogsaverroes.juntadeandalucia.es\/gbellasartesmalaga\/wp-json\/wp\/v2\/pages\/13155\/revisions"}],"predecessor-version":[{"id":13231,"href":"https:\/\/blogsaverroes.juntadeandalucia.es\/gbellasartesmalaga\/wp-json\/wp\/v2\/pages\/13155\/revisions\/13231"}],"wp:attachment":[{"href":"https:\/\/blogsaverroes.juntadeandalucia.es\/gbellasartesmalaga\/wp-json\/wp\/v2\/media?parent=13155"}],"curies":[{"name":"wp","href":"https:\/\/api.w.org\/{rel}","templated":true}]}}