{"id":228,"date":"2017-09-12T06:45:47","date_gmt":"2017-09-12T06:45:47","guid":{"rendered":"http:\/\/www.educacionenmalaga.es\/gbellasartes\/?page_id=228"},"modified":"2020-03-25T08:58:39","modified_gmt":"2020-03-25T07:58:39","slug":"ronda","status":"publish","type":"page","link":"https:\/\/blogsaverroes.juntadeandalucia.es\/gbellasartesmalaga\/ronda\/","title":{"rendered":"Ronda"},"content":{"rendered":"<p>&nbsp;<\/p>\n<ul>\n<li>\n<h3>\u00a0<a href=\"https:\/\/drive.google.com\/open?id=0B-Kwkt6ufx-gQTAwOXRpZl9nZ2c\" target=\"_blank\" rel=\"noopener noreferrer\">Rutas Did\u00e1cticas de la Provincia de M\u00e1laga: Ronda.<\/a><\/h3>\n<\/li>\n<li>\n<h3>Acinipo.<\/h3>\n<ul>\n<li><a href=\"http:\/\/agrega.juntadeandalucia.es\/\/repositorio\/22042016\/c5\/es-an_2016042212_9115414\/ronda\/acinieso.pdf\" target=\"_blank\" rel=\"noopener noreferrer\">Cuaderno alumnado ESO<\/a><\/li>\n<li><a href=\"http:\/\/agrega.juntadeandalucia.es\/\/repositorio\/22042016\/c5\/es-an_2016042212_9115414\/ronda\/follaci.pdf\" target=\"_blank\" rel=\"noopener noreferrer\">Yacimiento romano de Acinipo. Folleto<\/a><\/li>\n<\/ul>\n<\/li>\n<li>\n<h3>Alminar de San Sebasti\u00e1n.<\/h3>\n<ul>\n<li><a href=\"http:\/\/agrega.juntadeandalucia.es\/\/repositorio\/22042016\/c5\/es-an_2016042212_9115414\/ronda\/almisebas.pdf\" target=\"_blank\" rel=\"noopener noreferrer\">Maqueta recortable<\/a><\/li>\n<\/ul>\n<\/li>\n<li>\n<h3>Castillo del \u00c1guila. Gauc\u00edn.<\/h3>\n<ul>\n<li><a href=\"http:\/\/agrega.juntadeandalucia.es\/\/repositorio\/22042016\/c5\/es-an_2016042212_9115414\/ronda\/follgau.pdf\" target=\"_blank\" rel=\"noopener noreferrer\">Folleto<\/a><\/li>\n<\/ul>\n<\/li>\n<li>\n<h3><a id=\"ITEM-768b17ef-3245-3b7f-856c-b35e57231f17\" class=\"escogido\" href=\"http:\/\/agrega.juntadeandalucia.es\/visualizador-1\/VisualizadorSS\/VisualizarDatosSeleccionar.do?idSeleccionado=ITEM-768b17ef-3245-3b7f-856c-b35e57231f17\" target=\"\" rel=\"noopener noreferrer\">Patrimonio de la Sierra de las Nieves<\/a><\/h3>\n<ul>\n<li class=\"item\">\u00a0 <a id=\"ITEM-bfc642b7-b4a2-3206-96e3-78a85e0badd2\" href=\"http:\/\/agrega.juntadeandalucia.es\/visualizador-1\/VisualizadorSS\/VisualizarDatosSeleccionar.do?idSeleccionado=ITEM-bfc642b7-b4a2-3206-96e3-78a85e0badd2&amp;urlContenido=http:\/\/agrega.juntadeandalucia.es\/\/repositorio\/22042016\/c5\/es-an_2016042212_9115414\/valle_guadalhorce\/sierrap.pdf\" target=\"\" rel=\"noopener noreferrer\">Orientaciones did\u00e1cticas<\/a><\/li>\n<li class=\"item\">\u00a0 <a id=\"ITEM-adecb49c-30c0-3f97-8f68-6fc838609e5b\" href=\"http:\/\/agrega.juntadeandalucia.es\/visualizador-1\/VisualizadorSS\/VisualizarDatosSeleccionar.do?idSeleccionado=ITEM-adecb49c-30c0-3f97-8f68-6fc838609e5b&amp;urlContenido=http:\/\/agrega.juntadeandalucia.es\/\/repositorio\/22042016\/c5\/es-an_2016042212_9115414\/valle_guadalhorce\/sierra.pdf\" target=\"\" rel=\"noopener noreferrer\">Gu\u00eda<\/a><\/li>\n<\/ul>\n<\/li>\n<\/ul>\n","protected":false},"excerpt":{"rendered":"<p>&nbsp; \u00a0Rutas Did\u00e1cticas de la Provincia de M\u00e1laga: Ronda. Acinipo. Cuaderno alumnado ESO Yacimiento romano de Acinipo. Folleto Alminar de San Sebasti\u00e1n. Maqueta recortable Castillo del \u00c1guila. Gauc\u00edn. Folleto Patrimonio de la Sierra de&#46;&#46;&#46;<\/p>\n","protected":false},"author":8061,"featured_media":0,"parent":0,"menu_order":0,"comment_status":"closed","ping_status":"closed","template":"","meta":{"ngg_post_thumbnail":0,"footnotes":""},"aioseo_notices":[],"_links":{"self":[{"href":"https:\/\/blogsaverroes.juntadeandalucia.es\/gbellasartesmalaga\/wp-json\/wp\/v2\/pages\/228"}],"collection":[{"href":"https:\/\/blogsaverroes.juntadeandalucia.es\/gbellasartesmalaga\/wp-json\/wp\/v2\/pages"}],"about":[{"href":"https:\/\/blogsaverroes.juntadeandalucia.es\/gbellasartesmalaga\/wp-json\/wp\/v2\/types\/page"}],"author":[{"embeddable":true,"href":"https:\/\/blogsaverroes.juntadeandalucia.es\/gbellasartesmalaga\/wp-json\/wp\/v2\/users\/8061"}],"replies":[{"embeddable":true,"href":"https:\/\/blogsaverroes.juntadeandalucia.es\/gbellasartesmalaga\/wp-json\/wp\/v2\/comments?post=228"}],"version-history":[{"count":1,"href":"https:\/\/blogsaverroes.juntadeandalucia.es\/gbellasartesmalaga\/wp-json\/wp\/v2\/pages\/228\/revisions"}],"predecessor-version":[{"id":7217,"href":"https:\/\/blogsaverroes.juntadeandalucia.es\/gbellasartesmalaga\/wp-json\/wp\/v2\/pages\/228\/revisions\/7217"}],"wp:attachment":[{"href":"https:\/\/blogsaverroes.juntadeandalucia.es\/gbellasartesmalaga\/wp-json\/wp\/v2\/media?parent=228"}],"curies":[{"name":"wp","href":"https:\/\/api.w.org\/{rel}","templated":true}]}}

<p>&nbsp;</p>
<ul>
<li>
<h3> <a href="https://drive.google.com/open?id=0B-Kwkt6ufx-gQTAwOXRpZl9nZ2c" target="_blank" rel="noopener noreferrer">Rutas Didácticas de la Provincia de Málaga: Ronda.</a></h3>
</li>
<li>
<h3>Acinipo.</h3>
<ul>
<li><a href="http://agrega.juntadeandalucia.es//repositorio/22042016/c5/es-an_2016042212_9115414/ronda/acinieso.pdf" target="_blank" rel="noopener noreferrer">Cuaderno alumnado ESO</a></li>
<li><a href="http://agrega.juntadeandalucia.es//repositorio/22042016/c5/es-an_2016042212_9115414/ronda/follaci.pdf" target="_blank" rel="noopener noreferrer">Yacimiento romano de Acinipo. Folleto</a></li>
</ul>
</li>
<li>
<h3>Alminar de San Sebastián.</h3>
<ul>
<li><a href="http://agrega.juntadeandalucia.es//repositorio/22042016/c5/es-an_2016042212_9115414/ronda/almisebas.pdf" target="_blank" rel="noopener noreferrer">Maqueta recortable</a></li>
</ul>
</li>
<li>
<h3>Castillo del Águila. Gaucín.</h3>
<ul>
<li><a href="http://agrega.juntadeandalucia.es//repositorio/22042016/c5/es-an_2016042212_9115414/ronda/follgau.pdf" target="_blank" rel="noopener noreferrer">Folleto</a></li>
</ul>
</li>
<li>
<h3><a id="ITEM-768b17ef-3245-3b7f-856c-b35e57231f17" class="escogido" href="http://agrega.juntadeandalucia.es/visualizador-1/VisualizadorSS/VisualizarDatosSeleccionar.do?idSeleccionado=ITEM-768b17ef-3245-3b7f-856c-b35e57231f17" target="" rel="noopener noreferrer">Patrimonio de la Sierra de las Nieves</a></h3>
<ul>
<li class="item">  <a id="ITEM-bfc642b7-b4a2-3206-96e3-78a85e0badd2" href="http://agrega.juntadeandalucia.es/visualizador-1/VisualizadorSS/VisualizarDatosSeleccionar.do?idSeleccionado=ITEM-bfc642b7-b4a2-3206-96e3-78a85e0badd2&amp;urlContenido=http://agrega.juntadeandalucia.es//repositorio/22042016/c5/es-an_2016042212_9115414/valle_guadalhorce/sierrap.pdf" target="" rel="noopener noreferrer">Orientaciones didácticas</a></li>
<li class="item">  <a id="ITEM-adecb49c-30c0-3f97-8f68-6fc838609e5b" href="http://agrega.juntadeandalucia.es/visualizador-1/VisualizadorSS/VisualizarDatosSeleccionar.do?idSeleccionado=ITEM-adecb49c-30c0-3f97-8f68-6fc838609e5b&amp;urlContenido=http://agrega.juntadeandalucia.es//repositorio/22042016/c5/es-an_2016042212_9115414/valle_guadalhorce/sierra.pdf" target="" rel="noopener noreferrer">Guía</a></li>
</ul>
</li>
</ul>

<p>&nbsp;  Rutas Didácticas de la Provincia de Málaga: Ronda. Acinipo. Cuaderno alumnado ESO Yacimiento romano de Acinipo. Folleto Alminar de San Sebastián. Maqueta recortable Castillo del Águila. Gaucín. Folleto Patrimonio de la Sierra de&#46;&#46;&#46;</p>
