{"id":250,"date":"2017-09-12T07:19:23","date_gmt":"2017-09-12T07:19:23","guid":{"rendered":"http:\/\/www.educacionenmalaga.es\/gbellasartes\/?page_id=250"},"modified":"2020-03-25T08:59:02","modified_gmt":"2020-03-25T07:59:02","slug":"visitas-virtuales","status":"publish","type":"page","link":"https:\/\/blogsaverroes.juntadeandalucia.es\/gbellasartesmalaga\/visitas-virtuales\/","title":{"rendered":"Visitas Virtuales"},"content":{"rendered":"<ul>\n<li>\n<h3><strong>Museo de M\u00e1laga<\/strong><\/h3>\n<\/li>\n<\/ul>\n<div>\n<ul>\n<li><a href=\"http:\/\/agrega.juntadeandalucia.es\/\/repositorio\/22042016\/c5\/es-an_2016042212_9115414\/museos_malaga\/web\/museo\/arqueo\/conjuarq.htm\" target=\"_blank\" rel=\"noopener noreferrer\">Secci\u00f3n de Arqueolog\u00eda<\/a><\/li>\n<li><a href=\"http:\/\/agrega.juntadeandalucia.es\/\/repositorio\/22042016\/c5\/es-an_2016042212_9115414\/museos_malaga\/web\/museo\/arte\/conjurt1.htm\" target=\"_blank\" rel=\"noopener noreferrer\">Secci\u00f3n de Bellas Artes<\/a><\/li>\n<\/ul>\n<\/div>\n<ul>\n<li>\n<h3><strong>\u00a0El Arte de la Di\u00f3cesis de M\u00e1laga<\/strong><\/h3>\n<\/li>\n<li><a href=\"https:\/\/sites.google.com\/view\/esplendordelamemoria\/p%C3%A1gina-principal\" target=\"_blank\" rel=\"noopener noreferrer\">El Esplendor de la Memoria. El Arte de la Di\u00f3cesis de M\u00e1laga<\/a><\/li>\n<\/ul>\n","protected":false},"excerpt":{"rendered":"<p>Museo de M\u00e1laga Secci\u00f3n de Arqueolog\u00eda Secci\u00f3n de Bellas Artes \u00a0El Arte de la Di\u00f3cesis de M\u00e1laga El Esplendor de la Memoria. El Arte de la Di\u00f3cesis de M\u00e1laga<\/p>\n","protected":false},"author":8061,"featured_media":0,"parent":0,"menu_order":0,"comment_status":"closed","ping_status":"closed","template":"","meta":{"ngg_post_thumbnail":0,"footnotes":""},"aioseo_notices":[],"_links":{"self":[{"href":"https:\/\/blogsaverroes.juntadeandalucia.es\/gbellasartesmalaga\/wp-json\/wp\/v2\/pages\/250"}],"collection":[{"href":"https:\/\/blogsaverroes.juntadeandalucia.es\/gbellasartesmalaga\/wp-json\/wp\/v2\/pages"}],"about":[{"href":"https:\/\/blogsaverroes.juntadeandalucia.es\/gbellasartesmalaga\/wp-json\/wp\/v2\/types\/page"}],"author":[{"embeddable":true,"href":"https:\/\/blogsaverroes.juntadeandalucia.es\/gbellasartesmalaga\/wp-json\/wp\/v2\/users\/8061"}],"replies":[{"embeddable":true,"href":"https:\/\/blogsaverroes.juntadeandalucia.es\/gbellasartesmalaga\/wp-json\/wp\/v2\/comments?post=250"}],"version-history":[{"count":1,"href":"https:\/\/blogsaverroes.juntadeandalucia.es\/gbellasartesmalaga\/wp-json\/wp\/v2\/pages\/250\/revisions"}],"predecessor-version":[{"id":7223,"href":"https:\/\/blogsaverroes.juntadeandalucia.es\/gbellasartesmalaga\/wp-json\/wp\/v2\/pages\/250\/revisions\/7223"}],"wp:attachment":[{"href":"https:\/\/blogsaverroes.juntadeandalucia.es\/gbellasartesmalaga\/wp-json\/wp\/v2\/media?parent=250"}],"curies":[{"name":"wp","href":"https:\/\/api.w.org\/{rel}","templated":true}]}}

<ul>
<li>
<h3><strong>Museo de Málaga</strong></h3>
</li>
</ul>
<div>
<ul>
<li><a href="http://agrega.juntadeandalucia.es//repositorio/22042016/c5/es-an_2016042212_9115414/museos_malaga/web/museo/arqueo/conjuarq.htm" target="_blank" rel="noopener noreferrer">Sección de Arqueología</a></li>
<li><a href="http://agrega.juntadeandalucia.es//repositorio/22042016/c5/es-an_2016042212_9115414/museos_malaga/web/museo/arte/conjurt1.htm" target="_blank" rel="noopener noreferrer">Sección de Bellas Artes</a></li>
</ul>
</div>
<ul>
<li>
<h3><strong> El Arte de la Diócesis de Málaga</strong></h3>
</li>
<li><a href="https://sites.google.com/view/esplendordelamemoria/p%C3%A1gina-principal" target="_blank" rel="noopener noreferrer">El Esplendor de la Memoria. El Arte de la Diócesis de Málaga</a></li>
</ul>

<p>Museo de Málaga Sección de Arqueología Sección de Bellas Artes  El Arte de la Diócesis de Málaga El Esplendor de la Memoria. El Arte de la Diócesis de Málaga</p>
