{"id":309,"date":"2017-09-13T06:25:30","date_gmt":"2017-09-13T06:25:30","guid":{"rendered":"http:\/\/www.educacionenmalaga.es\/gbellasartes\/?page_id=309"},"modified":"2020-03-25T08:58:38","modified_gmt":"2020-03-25T07:58:38","slug":"marbella","status":"publish","type":"page","link":"https:\/\/blogsaverroes.juntadeandalucia.es\/gbellasartesmalaga\/marbella\/","title":{"rendered":"Marbella"},"content":{"rendered":"<ul>\n<li>\n<h3><a href=\"http:\/\/www.mgec.es\/wp\/\">Museo del Grabado Espa\u00f1ol Contempor\u00e1neo<\/a><\/h3>\n<\/li>\n<li>\n<h3><a href=\"https:\/\/www1.ccul.junta-andalucia.es\/cultura\/agendaandaluciatucultura\/evento\/museo-etnografico-municipal-de-estepona\">Museo Etnogr\u00e1fico Municipal de Estepona<\/a><\/h3>\n<\/li>\n<li>\n<h3><a href=\"http:\/\/www.andalucia.org\/es\/turismo-cultural\/visitas\/malaga\/museos\/castillo-de-la-duquesa-museo-arqueologico-municipal-de-manilva\/\">Museo Mun<\/a><a href=\"http:\/\/www.andalucia.org\/es\/turismo-cultural\/visitas\/malaga\/museos\/castillo-de-la-duquesa-museo-arqueologico-municipal-de-manilva\/\">icipal Arqueol\u00f3gico de Manilva<\/a><\/h3>\n<\/li>\n<li>\n<h3><a href=\"http:\/\/www.marbella.es\/cultura\/patrimonio\/arqueologia\/basilica-paleocristiana-de-vega-del-mar.html\">Bas\u00edlica Paleocristiana Vega del Mar ( Marbella ) <\/a><\/h3>\n<\/li>\n<\/ul>\n","protected":false},"excerpt":{"rendered":"<p>Museo del Grabado Espa\u00f1ol Contempor\u00e1neo Museo Etnogr\u00e1fico Municipal de Estepona Museo Municipal Arqueol\u00f3gico de Manilva Bas\u00edlica Paleocristiana Vega del Mar ( Marbella )<\/p>\n","protected":false},"author":8061,"featured_media":0,"parent":0,"menu_order":0,"comment_status":"closed","ping_status":"closed","template":"","meta":{"ngg_post_thumbnail":0,"footnotes":""},"aioseo_notices":[],"_links":{"self":[{"href":"https:\/\/blogsaverroes.juntadeandalucia.es\/gbellasartesmalaga\/wp-json\/wp\/v2\/pages\/309"}],"collection":[{"href":"https:\/\/blogsaverroes.juntadeandalucia.es\/gbellasartesmalaga\/wp-json\/wp\/v2\/pages"}],"about":[{"href":"https:\/\/blogsaverroes.juntadeandalucia.es\/gbellasartesmalaga\/wp-json\/wp\/v2\/types\/page"}],"author":[{"embeddable":true,"href":"https:\/\/blogsaverroes.juntadeandalucia.es\/gbellasartesmalaga\/wp-json\/wp\/v2\/users\/8061"}],"replies":[{"embeddable":true,"href":"https:\/\/blogsaverroes.juntadeandalucia.es\/gbellasartesmalaga\/wp-json\/wp\/v2\/comments?post=309"}],"version-history":[{"count":1,"href":"https:\/\/blogsaverroes.juntadeandalucia.es\/gbellasartesmalaga\/wp-json\/wp\/v2\/pages\/309\/revisions"}],"predecessor-version":[{"id":7198,"href":"https:\/\/blogsaverroes.juntadeandalucia.es\/gbellasartesmalaga\/wp-json\/wp\/v2\/pages\/309\/revisions\/7198"}],"wp:attachment":[{"href":"https:\/\/blogsaverroes.juntadeandalucia.es\/gbellasartesmalaga\/wp-json\/wp\/v2\/media?parent=309"}],"curies":[{"name":"wp","href":"https:\/\/api.w.org\/{rel}","templated":true}]}}

<ul>
<li>
<h3><a href="http://www.mgec.es/wp/">Museo del Grabado Español Contemporáneo</a></h3>
</li>
<li>
<h3><a href="https://www1.ccul.junta-andalucia.es/cultura/agendaandaluciatucultura/evento/museo-etnografico-municipal-de-estepona">Museo Etnográfico Municipal de Estepona</a></h3>
</li>
<li>
<h3><a href="http://www.andalucia.org/es/turismo-cultural/visitas/malaga/museos/castillo-de-la-duquesa-museo-arqueologico-municipal-de-manilva/">Museo Mun</a><a href="http://www.andalucia.org/es/turismo-cultural/visitas/malaga/museos/castillo-de-la-duquesa-museo-arqueologico-municipal-de-manilva/">icipal Arqueológico de Manilva</a></h3>
</li>
<li>
<h3><a href="http://www.marbella.es/cultura/patrimonio/arqueologia/basilica-paleocristiana-de-vega-del-mar.html">Basílica Paleocristiana Vega del Mar ( Marbella ) </a></h3>
</li>
</ul>

<p>Museo del Grabado Español Contemporáneo Museo Etnográfico Municipal de Estepona Museo Municipal Arqueológico de Manilva Basílica Paleocristiana Vega del Mar ( Marbella )</p>
