{"id":321,"date":"2017-09-13T11:00:20","date_gmt":"2017-09-13T11:00:20","guid":{"rendered":"http:\/\/www.educacionenmalaga.es\/gbellasartes\/?page_id=321"},"modified":"2020-03-25T08:58:38","modified_gmt":"2020-03-25T07:58:38","slug":"programa-abecedaria","status":"publish","type":"page","link":"https:\/\/blogsaverroes.juntadeandalucia.es\/gbellasartesmalaga\/programa-abecedaria\/","title":{"rendered":"Programa Abecedaria- ENREDATE"},"content":{"rendered":"<blockquote>\n<h6><em>&#8220;El oficio de escribir para ni\u00f1as y ni\u00f1os, por lo tanto, ser\u00eda el oficio de construir mundos y submundos con las palabras. Igualito que escribir para adultos. S\u00f3lo que para ni\u00f1as y ni\u00f1os tiene que haber algo m\u00e1s, un supermundo, el de la esperanza&#8221;.<\/em><\/h6>\n<\/blockquote>\n<h6 style=\"text-align: right\">Ana Mar\u00eda Machado.<\/h6>\n<p>El <strong>\u201cPrograma Abecedaria\u201d<\/strong> es el programa de las artes esc\u00e9nicas con el que se pretende acercar la cultura a todos los niveles de la sociedad andaluza.<\/p>\n<p>La Consejer\u00eda de Educaci\u00f3n, en colaboraci\u00f3n con la Consejer\u00eda de Cultura, pone en marcha cada a\u00f1o una nueva edici\u00f3n del <strong>Programa Abecedaria<\/strong> de las artes esc\u00e9nicas: m\u00fasica, teatro y danza, con el fin de garantizar el acceso a la cultura del alumnado de los centros de los municipios adheridos.<\/p>\n<p>Con este fin, garantiza el acceso a la cultura del alumnado de los municipios adheridos al programa, organiza dos ediciones (febrero-junio y octubre-diciembre) de este programa con un completo repertorio de actividades culturales, recogidas en una <strong><em>gu\u00eda did\u00e1ctica<\/em><\/strong> elaborada por los asesores y asesoras de la Consejer\u00eda de Educaci\u00f3n, especialistas en las distintas etapas educativas y modalidades, que sirven de apoyo para la preparaci\u00f3n del espect\u00e1culo en el aula.<\/p>\n<p class=\"texto_parrafo_texto_educacion\">Toda la informaci\u00f3n para participar en este programa se puede obtener:<\/p>\n<p>En los siguientes n\u00fameros de tel\u00e9fono: 958 028 054 (128054) y 958 028 056 (128056)<br \/>\nA trav\u00e9s de esta direcci\u00f3n de correo electr\u00f3nico: <u>programa.abecedaria.aaiicc@juntadeandalucia.es <\/u><br \/>\nEn la p\u00e1gina web:<a href=\"https:\/\/www.juntadeandalucia.es\/cultura\/enredate\/portal\/index.html\" target=\"_blank\" rel=\"noopener noreferrer\"> <u>www.enredateandalucia.es<\/u><\/a><\/p>\n<h3>M\u00e1s informaci\u00f3n sobre el programa <a href=\"http:\/\/portal.ced.junta-andalucia.es\/educacion\/webportal\/web\/planes-y-programas\/programaabecedaria\">AQU\u00cd<\/a><\/h3>\n<h3>La <a href=\"https:\/\/www1.ccul.junta-andalucia.es\/cultura\/enredate\/portal\/buscarProgramacion.html?bttfecha=&amp;bttespectaculo=&amp;bsltmodalidad=&amp;bttcompania=&amp;bsltprovincia=29&amp;bsltmunicipio=\">agenda<\/a> de ENREDATE red andaluza de teatros p\u00fablicos<\/h3>\n","protected":false},"excerpt":{"rendered":"<p>&#8220;El oficio de escribir para ni\u00f1as y ni\u00f1os, por lo tanto, ser\u00eda el oficio de construir mundos y submundos con las palabras. Igualito que escribir para adultos. S\u00f3lo que para ni\u00f1as y ni\u00f1os tiene&#46;&#46;&#46;<\/p>\n","protected":false},"author":8061,"featured_media":322,"parent":0,"menu_order":0,"comment_status":"closed","ping_status":"closed","template":"","meta":{"ngg_post_thumbnail":0,"footnotes":""},"aioseo_notices":[],"_links":{"self":[{"href":"https:\/\/blogsaverroes.juntadeandalucia.es\/gbellasartesmalaga\/wp-json\/wp\/v2\/pages\/321"}],"collection":[{"href":"https:\/\/blogsaverroes.juntadeandalucia.es\/gbellasartesmalaga\/wp-json\/wp\/v2\/pages"}],"about":[{"href":"https:\/\/blogsaverroes.juntadeandalucia.es\/gbellasartesmalaga\/wp-json\/wp\/v2\/types\/page"}],"author":[{"embeddable":true,"href":"https:\/\/blogsaverroes.juntadeandalucia.es\/gbellasartesmalaga\/wp-json\/wp\/v2\/users\/8061"}],"replies":[{"embeddable":true,"href":"https:\/\/blogsaverroes.juntadeandalucia.es\/gbellasartesmalaga\/wp-json\/wp\/v2\/comments?post=321"}],"version-history":[{"count":1,"href":"https:\/\/blogsaverroes.juntadeandalucia.es\/gbellasartesmalaga\/wp-json\/wp\/v2\/pages\/321\/revisions"}],"predecessor-version":[{"id":7211,"href":"https:\/\/blogsaverroes.juntadeandalucia.es\/gbellasartesmalaga\/wp-json\/wp\/v2\/pages\/321\/revisions\/7211"}],"wp:featuredmedia":[{"embeddable":true,"href":"https:\/\/blogsaverroes.juntadeandalucia.es\/gbellasartesmalaga\/wp-json\/wp\/v2\/media\/322"}],"wp:attachment":[{"href":"https:\/\/blogsaverroes.juntadeandalucia.es\/gbellasartesmalaga\/wp-json\/wp\/v2\/media?parent=321"}],"curies":[{"name":"wp","href":"https:\/\/api.w.org\/{rel}","templated":true}]}}