{"id":670,"date":"2017-11-23T09:47:37","date_gmt":"2017-11-23T09:47:37","guid":{"rendered":"http:\/\/www.educacionenmalaga.es\/gbellasartes\/?page_id=670"},"modified":"2020-03-25T08:58:38","modified_gmt":"2020-03-25T07:58:38","slug":"presentacion-jornada-de-trabajo-patrimonio-2017","status":"publish","type":"page","link":"https:\/\/blogsaverroes.juntadeandalucia.es\/gbellasartesmalaga\/presentacion-jornada-de-trabajo-patrimonio-2017\/","title":{"rendered":"Presentaci\u00f3n Jornada de Trabajo Patrimonio 2017"},"content":{"rendered":"<p><img loading=\"lazy\" decoding=\"async\" class=\"alignnone size-full wp-image-649\" src=\"http:\/\/www.educacionenmalaga.es\/gbellasartes\/files\/2017\/11\/sin-titulo-2.png\" alt=\"\" width=\"738\" height=\"557\" srcset=\"https:\/\/blogsaverroes.juntadeandalucia.es\/gbellasartesmalaga\/files\/2017\/11\/sin-titulo-2.png 738w, https:\/\/blogsaverroes.juntadeandalucia.es\/gbellasartesmalaga\/files\/2017\/11\/sin-titulo-2-300x226.png 300w, https:\/\/blogsaverroes.juntadeandalucia.es\/gbellasartesmalaga\/files\/2017\/11\/sin-titulo-2-24x18.png 24w, https:\/\/blogsaverroes.juntadeandalucia.es\/gbellasartesmalaga\/files\/2017\/11\/sin-titulo-2-36x27.png 36w, https:\/\/blogsaverroes.juntadeandalucia.es\/gbellasartesmalaga\/files\/2017\/11\/sin-titulo-2-48x36.png 48w\" sizes=\"(max-width: 738px) 100vw, 738px\" \/><\/p>\n<p>El pasado 6 de noviembre de 2017 tuvo lugar en el CEP de M\u00e1laga la <strong>Jornada de Trabajo<\/strong> con los coordinadores\/as del programa educactivo &#8220;<strong><em> Vivir y Sentir el Patrimonio<\/em><\/strong> &#8220;.<\/p>\n<p>Durante dichas jornadas se hizo una presentaci\u00f3n donde se ofrec\u00eda una visi\u00f3n del programa y de los aspectos a tener en cuenta a la hora de plantear un proyecto, as\u00ed como recursos de utilidad.<\/p>\n<p>Es por ello, que queremos compartir dicha presentaci\u00f3n que puede resultar \u00fatil para conocer mejor el programa.<\/p>\n<p><a href=\"http:\/\/www.educacionenmalaga.es\/gbellasartes\/files\/2017\/11\/jornada-inicial-patrimonio-power-point.ppt\">JORNADA INICIAL PATRIMONIO POWER POINT<\/a><\/p>\n","protected":false},"excerpt":{"rendered":"<p>El pasado 6 de noviembre de 2017 tuvo lugar en el CEP de M\u00e1laga la Jornada de Trabajo con los coordinadores\/as del programa educactivo &#8220; Vivir y Sentir el Patrimonio &#8220;. Durante dichas jornadas&#46;&#46;&#46;<\/p>\n","protected":false},"author":8061,"featured_media":0,"parent":0,"menu_order":0,"comment_status":"closed","ping_status":"closed","template":"","meta":{"ngg_post_thumbnail":0,"footnotes":""},"aioseo_notices":[],"_links":{"self":[{"href":"https:\/\/blogsaverroes.juntadeandalucia.es\/gbellasartesmalaga\/wp-json\/wp\/v2\/pages\/670"}],"collection":[{"href":"https:\/\/blogsaverroes.juntadeandalucia.es\/gbellasartesmalaga\/wp-json\/wp\/v2\/pages"}],"about":[{"href":"https:\/\/blogsaverroes.juntadeandalucia.es\/gbellasartesmalaga\/wp-json\/wp\/v2\/types\/page"}],"author":[{"embeddable":true,"href":"https:\/\/blogsaverroes.juntadeandalucia.es\/gbellasartesmalaga\/wp-json\/wp\/v2\/users\/8061"}],"replies":[{"embeddable":true,"href":"https:\/\/blogsaverroes.juntadeandalucia.es\/gbellasartesmalaga\/wp-json\/wp\/v2\/comments?post=670"}],"version-history":[{"count":1,"href":"https:\/\/blogsaverroes.juntadeandalucia.es\/gbellasartesmalaga\/wp-json\/wp\/v2\/pages\/670\/revisions"}],"predecessor-version":[{"id":7210,"href":"https:\/\/blogsaverroes.juntadeandalucia.es\/gbellasartesmalaga\/wp-json\/wp\/v2\/pages\/670\/revisions\/7210"}],"wp:attachment":[{"href":"https:\/\/blogsaverroes.juntadeandalucia.es\/gbellasartesmalaga\/wp-json\/wp\/v2\/media?parent=670"}],"curies":[{"name":"wp","href":"https:\/\/api.w.org\/{rel}","templated":true}]}}

Presentación Jornada de Trabajo Patrimonio 2017

<p><img loading="lazy" decoding="async" class="alignnone size-full wp-image-649" src="http://www.educacionenmalaga.es/gbellasartes/files/2017/11/sin-titulo-2.png" alt="" width="738" height="557" srcset="https://blogsaverroes.juntadeandalucia.es/gbellasartesmalaga/files/2017/11/sin-titulo-2.png 738w, https://blogsaverroes.juntadeandalucia.es/gbellasartesmalaga/files/2017/11/sin-titulo-2-300x226.png 300w, https://blogsaverroes.juntadeandalucia.es/gbellasartesmalaga/files/2017/11/sin-titulo-2-24x18.png 24w, https://blogsaverroes.juntadeandalucia.es/gbellasartesmalaga/files/2017/11/sin-titulo-2-36x27.png 36w, https://blogsaverroes.juntadeandalucia.es/gbellasartesmalaga/files/2017/11/sin-titulo-2-48x36.png 48w" sizes="(max-width: 738px) 100vw, 738px" /></p>
<p>El pasado 6 de noviembre de 2017 tuvo lugar en el CEP de Málaga la <strong>Jornada de Trabajo</strong> con los coordinadores/as del programa educactivo &#8220;<strong><em> Vivir y Sentir el Patrimonio</em></strong> &#8220;.</p>
<p>Durante dichas jornadas se hizo una presentación donde se ofrecía una visión del programa y de los aspectos a tener en cuenta a la hora de plantear un proyecto, así como recursos de utilidad.</p>
<p>Es por ello, que queremos compartir dicha presentación que puede resultar útil para conocer mejor el programa.</p>
<p><a href="http://www.educacionenmalaga.es/gbellasartes/files/2017/11/jornada-inicial-patrimonio-power-point.ppt">JORNADA INICIAL PATRIMONIO POWER POINT</a></p>

<p>El pasado 6 de noviembre de 2017 tuvo lugar en el CEP de Málaga la Jornada de Trabajo con los coordinadores/as del programa educactivo &#8220; Vivir y Sentir el Patrimonio &#8220;. Durante dichas jornadas&#46;&#46;&#46;</p>
