{"id":2,"date":"2010-04-14T08:08:00","date_gmt":"2010-04-14T08:08:00","guid":{"rendered":""},"modified":"2016-11-01T00:28:32","modified_gmt":"2016-10-31T23:28:32","slug":"informacion","status":"publish","type":"page","link":"https:\/\/blogsaverroes.juntadeandalucia.es\/geohistoria\/informacion\/","title":{"rendered":"Informaci\u00f3n"},"content":{"rendered":"<p style=\"text-align: center\"><img loading=\"lazy\" decoding=\"async\" class=\"aligncenter\" src=\"http:\/\/bachiller.sabuco.com\/historia\/images\/Vermeer_Clio.jpg\" alt=\"\" width=\"344\" height=\"515\" \/><\/p>\n<p style=\"text-align: justify\">El objetivo principal de este blog es enlazar otros blogs que trabajan y aportan recursos para la ense\u00f1anza de la Ciencias Sociales, Geograf\u00eda e Historia. Todos los art\u00edculos est\u00e1n debidamente identificados por sus autores. Por supuesto, no est\u00e1n todos los que son pero sin son todos los que est\u00e1n. Iremos a\u00f1adiendo otros blogs que creemos pueden aportar nuevos recursos a nuestras materias. Se aceptan sugerencias, cr\u00edticas y nuevas aportaciones. si alguno de los autores no desea que sus art\u00edculos aparezcan en esta p\u00e1gina, por favor, dir\u00edjase a la direcci\u00f3n de correo que a\u00f1ado a continuaci\u00f3n.<\/p>\n<p style=\"text-align: left\">Para cualquier comunicaci\u00f3n dir\u00edjanse a la direcci\u00f3n jose.moraga.edu@juntadeandalucia.es.<\/p>\n","protected":false},"excerpt":{"rendered":"<p>El objetivo principal de este blog es enlazar otros blogs que trabajan y aportan recursos para la ense\u00f1anza de la Ciencias Sociales, Geograf\u00eda e Historia. Todos los art\u00edculos est\u00e1n debidamente identificados por sus autores.&#46;&#46;&#46;<\/p>\n","protected":false},"author":168,"featured_media":0,"parent":0,"menu_order":0,"comment_status":"open","ping_status":"open","template":"","meta":{"ngg_post_thumbnail":0,"footnotes":""},"aioseo_notices":[],"_links":{"self":[{"href":"https:\/\/blogsaverroes.juntadeandalucia.es\/geohistoria\/wp-json\/wp\/v2\/pages\/2"}],"collection":[{"href":"https:\/\/blogsaverroes.juntadeandalucia.es\/geohistoria\/wp-json\/wp\/v2\/pages"}],"about":[{"href":"https:\/\/blogsaverroes.juntadeandalucia.es\/geohistoria\/wp-json\/wp\/v2\/types\/page"}],"author":[{"embeddable":true,"href":"https:\/\/blogsaverroes.juntadeandalucia.es\/geohistoria\/wp-json\/wp\/v2\/users\/168"}],"replies":[{"embeddable":true,"href":"https:\/\/blogsaverroes.juntadeandalucia.es\/geohistoria\/wp-json\/wp\/v2\/comments?post=2"}],"version-history":[{"count":6,"href":"https:\/\/blogsaverroes.juntadeandalucia.es\/geohistoria\/wp-json\/wp\/v2\/pages\/2\/revisions"}],"predecessor-version":[{"id":87735,"href":"https:\/\/blogsaverroes.juntadeandalucia.es\/geohistoria\/wp-json\/wp\/v2\/pages\/2\/revisions\/87735"}],"wp:attachment":[{"href":"https:\/\/blogsaverroes.juntadeandalucia.es\/geohistoria\/wp-json\/wp\/v2\/media?parent=2"}],"curies":[{"name":"wp","href":"https:\/\/api.w.org\/{rel}","templated":true}]}}