{"id":114,"date":"2022-11-06T21:38:35","date_gmt":"2022-11-06T21:38:35","guid":{"rendered":"https:\/\/blogsaverroes.juntadeandalucia.es\/granadainfantil\/?page_id=114"},"modified":"2023-03-05T17:25:32","modified_gmt":"2023-03-05T17:25:32","slug":"datos-del-cep-guadix","status":"publish","type":"page","link":"https:\/\/blogsaverroes.juntadeandalucia.es\/granadainfantil\/datos-del-cep-guadix\/","title":{"rendered":"Datos del CEP Guadix"},"content":{"rendered":"<p><iframe src=\"https:\/\/www.google.com\/maps\/embed?pb=!1m18!1m12!1m3!1d3173.8496854142977!2d-3.132129184701893!3d37.29869617984894!2m3!1f0!2f0!3f0!3m2!1i1024!2i768!4f13.1!3m3!1m2!1s0xd6e2b02829e7ef3%3A0x4ae91ebf9a7875b3!2sCentro%20del%20Profesorado%20Guadix!5e0!3m2!1ses!2ses!4v1678033835138!5m2!1ses!2ses\" width=\"600\" height=\"450\"><\/iframe><\/p>\n<p><span style=\"font-family: helvetica, arial, sans-serif\"><strong>CEP DE GUADIX<\/strong><\/span><\/p>\n<p><span style=\"font-family: helvetica, arial, sans-serif\">Centro del profesorado de Guadix.<\/span><br \/>\n<span style=\"font-family: helvetica, arial, sans-serif\">Avenida Medina Olmos, 64., 18500 Guadix, Granada.<\/span><br \/>\n<span style=\"font-family: helvetica, arial, sans-serif\">(+34)958699573\/74 195573\/74<\/span><br \/>\n<span style=\"font-family: helvetica, arial, sans-serif\">Cepgr3.ced@juntadeandalucia.es<\/span><\/p>\n<p><span style=\"font-family: helvetica, arial, sans-serif\">Horario de atenci\u00f3n al p\u00fablico:<\/span><br \/>\n<span style=\"font-family: helvetica, arial, sans-serif\">Lunes a jueves de 09:00 a 14:00 y de 16:00 a 20:00.<\/span><br \/>\n<span style=\"font-family: helvetica, arial, sans-serif\">Viernes de 09:00 a 14:00.<\/span><\/p>\n<p><span style=\"font-family: helvetica, arial, sans-serif\"><strong>Historia del CEP<\/strong><\/span><\/p>\n<p><span style=\"font-family: helvetica, arial, sans-serif\">A partir del a\u00f1o 1986 empezaron a salir en el BOJA la creaci\u00f3n de distintos CEP por todas las provincias y comarcas de Andaluc\u00eda, el de Guadix en el BOJA de 2 de mayo de 1987.En un principio los CEP ten\u00edan dos asesor\u00edas con dotaci\u00f3n espec\u00edfica de material, las llamadas DIN y DERE (departamentos de inform\u00e1tica y recursos audiovisuales), el resto de asesor\u00edas sin cuantificar, pues seg\u00fan necesidades, hab\u00eda m\u00e1s o menos.<\/span><\/p>\n<p><span style=\"font-family: helvetica, arial, sans-serif\">Durante los diez a\u00f1os siguientes fue un periodo de implantaci\u00f3n entre el profesorado donde se dinamiz\u00f3, se dio a conocer entre el profesorado a la vez que se hac\u00edan much\u00edsimas actividades de formaci\u00f3n y de todo tipo tanto de autoformaci\u00f3n, proyectos de innovaci\u00f3n y se acog\u00eda todo lo que el profesorado demandaba.<\/span><\/p>\n<p><span style=\"font-family: helvetica, arial, sans-serif\">En 1992 se publica el primer Plan Andaluz de Formaci\u00f3n y en 1997 el Decreto 194\/1997, refleja la primera reestructuraci\u00f3n de los CEP en Andaluc\u00eda, donde lo m\u00e1s importante que rese\u00f1ar es la supresi\u00f3n de todas las Aulas de Extensi\u00f3n de los CEP, el CEP de Guadix ten\u00eda un Aula en la localidad de Guadahortuna donde hab\u00eda permanentemente un asesor de audiovisuales.<\/span><\/p>\n<p><span style=\"font-family: helvetica, arial, sans-serif\">En el a\u00f1o 2002, se publica el II Plan Andaluz de Formaci\u00f3n del Profesorado que junto con el Decreto 110\/2003 por el que se regula el sistema andaluz de formaci\u00f3n conformaba la red de formaci\u00f3n y funcionamiento de los CEP en Andaluc\u00eda. Cada curso escolar entre los meses de mayo y junio se hac\u00eda el plan de formaci\u00f3n del curso siguiente atendiendo a dos realidades: las necesidades del profesorado de una parte y por la otra las que nos indica la Consejer\u00eda de Educaci\u00f3n.<\/span><\/p>\n<p><span style=\"font-family: helvetica, arial, sans-serif\">En el a\u00f1o 2014, se aprueba el III Plan Andaluz de Formaci\u00f3n Permanente del Profesorado (BOJA 02-09-2014), que regula la actual red de formaci\u00f3n de los CEP de Andaluc\u00eda.<\/span><\/p>\n<p><span style=\"font-family: helvetica, arial, sans-serif\">Actualmente el equipo t\u00e9cnico de formaci\u00f3n del Centro del Profesorado de Guadix est\u00e1 constituido por su director y las cinco asesor\u00edas que dispone el centro (infantil, dos de primaria, secundaria \u00e1mbito ling\u00fc\u00edstico y secundaria \u00e1mbito cient\u00edfico tecnol\u00f3gico).<\/span><\/p>\n<p><span style=\"font-family: helvetica, arial, sans-serif\"><strong>Nuestros centros.<\/strong><\/span><\/p>\n<p class=\"p1\"><span style=\"font-family: helvetica, arial, sans-serif\">El \u00e1mbito de actuaci\u00f3n del Centro del Profesorado de Guadix,&nbsp;&nbsp;se corresponde con la Zona 3 de la provincia de Granada.<\/span><\/p>\n<p class=\"p1\"><span style=\"font-family: helvetica, arial, sans-serif\">Se encuentra ubicado en la localidad de Guadix y est\u00e1 constituido por 74 centros educativos de titularidad p\u00fablica, privada o concertada.<\/span><\/p>\n<p class=\"p1\"><span style=\"font-family: helvetica, arial, sans-serif\">El \u00e1mbito geogr\u00e1fico del Centro del Profesorado de Guadix lo constituyen dos comarcas naturales: Guadix y el Marquesado del Zenete e Iznalloz-Montes Orientales<\/span><\/p>\n","protected":false},"excerpt":{"rendered":"<p>CEP DE GUADIX Centro del profesorado de Guadix. Avenida Medina Olmos, 64., 18500 Guadix, Granada. (+34)958699573\/74 195573\/74 Cepgr3.ced@juntadeandalucia.es Horario de atenci\u00f3n al p\u00fablico: Lunes a jueves de 09:00 a 14:00 y de 16:00 a&#46;&#46;&#46;<\/p>\n","protected":false},"author":6066,"featured_media":0,"parent":0,"menu_order":0,"comment_status":"closed","ping_status":"closed","template":"","meta":{"ngg_post_thumbnail":0,"footnotes":""},"aioseo_notices":[],"_links":{"self":[{"href":"https:\/\/blogsaverroes.juntadeandalucia.es\/granadainfantil\/wp-json\/wp\/v2\/pages\/114"}],"collection":[{"href":"https:\/\/blogsaverroes.juntadeandalucia.es\/granadainfantil\/wp-json\/wp\/v2\/pages"}],"about":[{"href":"https:\/\/blogsaverroes.juntadeandalucia.es\/granadainfantil\/wp-json\/wp\/v2\/types\/page"}],"author":[{"embeddable":true,"href":"https:\/\/blogsaverroes.juntadeandalucia.es\/granadainfantil\/wp-json\/wp\/v2\/users\/6066"}],"replies":[{"embeddable":true,"href":"https:\/\/blogsaverroes.juntadeandalucia.es\/granadainfantil\/wp-json\/wp\/v2\/comments?post=114"}],"version-history":[{"count":3,"href":"https:\/\/blogsaverroes.juntadeandalucia.es\/granadainfantil\/wp-json\/wp\/v2\/pages\/114\/revisions"}],"predecessor-version":[{"id":271,"href":"https:\/\/blogsaverroes.juntadeandalucia.es\/granadainfantil\/wp-json\/wp\/v2\/pages\/114\/revisions\/271"}],"wp:attachment":[{"href":"https:\/\/blogsaverroes.juntadeandalucia.es\/granadainfantil\/wp-json\/wp\/v2\/media?parent=114"}],"curies":[{"name":"wp","href":"https:\/\/api.w.org\/{rel}","templated":true}]}}

<p><iframe src="https://www.google.com/maps/embed?pb=!1m18!1m12!1m3!1d3173.8496854142977!2d-3.132129184701893!3d37.29869617984894!2m3!1f0!2f0!3f0!3m2!1i1024!2i768!4f13.1!3m3!1m2!1s0xd6e2b02829e7ef3%3A0x4ae91ebf9a7875b3!2sCentro%20del%20Profesorado%20Guadix!5e0!3m2!1ses!2ses!4v1678033835138!5m2!1ses!2ses" width="600" height="450"></iframe></p>
<p><span style="font-family: helvetica, arial, sans-serif"><strong>CEP DE GUADIX</strong></span></p>
<p><span style="font-family: helvetica, arial, sans-serif">Centro del profesorado de Guadix.</span><br />
<span style="font-family: helvetica, arial, sans-serif">Avenida Medina Olmos, 64., 18500 Guadix, Granada.</span><br />
<span style="font-family: helvetica, arial, sans-serif">(+34)958699573/74 195573/74</span><br />
<span style="font-family: helvetica, arial, sans-serif">Cepgr3.ced@juntadeandalucia.es</span></p>
<p><span style="font-family: helvetica, arial, sans-serif">Horario de atención al público:</span><br />
<span style="font-family: helvetica, arial, sans-serif">Lunes a jueves de 09:00 a 14:00 y de 16:00 a 20:00.</span><br />
<span style="font-family: helvetica, arial, sans-serif">Viernes de 09:00 a 14:00.</span></p>
<p><span style="font-family: helvetica, arial, sans-serif"><strong>Historia del CEP</strong></span></p>
<p><span style="font-family: helvetica, arial, sans-serif">A partir del año 1986 empezaron a salir en el BOJA la creación de distintos CEP por todas las provincias y comarcas de Andalucía, el de Guadix en el BOJA de 2 de mayo de 1987.En un principio los CEP tenían dos asesorías con dotación específica de material, las llamadas DIN y DERE (departamentos de informática y recursos audiovisuales), el resto de asesorías sin cuantificar, pues según necesidades, había más o menos.</span></p>
<p><span style="font-family: helvetica, arial, sans-serif">Durante los diez años siguientes fue un periodo de implantación entre el profesorado donde se dinamizó, se dio a conocer entre el profesorado a la vez que se hacían muchísimas actividades de formación y de todo tipo tanto de autoformación, proyectos de innovación y se acogía todo lo que el profesorado demandaba.</span></p>
<p><span style="font-family: helvetica, arial, sans-serif">En 1992 se publica el primer Plan Andaluz de Formación y en 1997 el Decreto 194/1997, refleja la primera reestructuración de los CEP en Andalucía, donde lo más importante que reseñar es la supresión de todas las Aulas de Extensión de los CEP, el CEP de Guadix tenía un Aula en la localidad de Guadahortuna donde había permanentemente un asesor de audiovisuales.</span></p>
<p><span style="font-family: helvetica, arial, sans-serif">En el año 2002, se publica el II Plan Andaluz de Formación del Profesorado que junto con el Decreto 110/2003 por el que se regula el sistema andaluz de formación conformaba la red de formación y funcionamiento de los CEP en Andalucía. Cada curso escolar entre los meses de mayo y junio se hacía el plan de formación del curso siguiente atendiendo a dos realidades: las necesidades del profesorado de una parte y por la otra las que nos indica la Consejería de Educación.</span></p>
<p><span style="font-family: helvetica, arial, sans-serif">En el año 2014, se aprueba el III Plan Andaluz de Formación Permanente del Profesorado (BOJA 02-09-2014), que regula la actual red de formación de los CEP de Andalucía.</span></p>
<p><span style="font-family: helvetica, arial, sans-serif">Actualmente el equipo técnico de formación del Centro del Profesorado de Guadix está constituido por su director y las cinco asesorías que dispone el centro (infantil, dos de primaria, secundaria ámbito lingüístico y secundaria ámbito científico tecnológico).</span></p>
<p><span style="font-family: helvetica, arial, sans-serif"><strong>Nuestros centros.</strong></span></p>
<p class="p1"><span style="font-family: helvetica, arial, sans-serif">El ámbito de actuación del Centro del Profesorado de Guadix,&nbsp;&nbsp;se corresponde con la Zona 3 de la provincia de Granada.</span></p>
<p class="p1"><span style="font-family: helvetica, arial, sans-serif">Se encuentra ubicado en la localidad de Guadix y está constituido por 74 centros educativos de titularidad pública, privada o concertada.</span></p>
<p class="p1"><span style="font-family: helvetica, arial, sans-serif">El ámbito geográfico del Centro del Profesorado de Guadix lo constituyen dos comarcas naturales: Guadix y el Marquesado del Zenete e Iznalloz-Montes Orientales</span></p>

<p>CEP DE GUADIX Centro del profesorado de Guadix. Avenida Medina Olmos, 64., 18500 Guadix, Granada. (+34)958699573/74 195573/74 Cepgr3.ced@juntadeandalucia.es Horario de atención al público: Lunes a jueves de 09:00 a 14:00 y de 16:00 a&#46;&#46;&#46;</p>
