{"id":122,"date":"2022-11-06T21:40:15","date_gmt":"2022-11-06T21:40:15","guid":{"rendered":"https:\/\/blogsaverroes.juntadeandalucia.es\/granadainfantil\/?page_id=122"},"modified":"2023-03-06T10:53:29","modified_gmt":"2023-03-06T10:53:29","slug":"asesoria-e-infantil-cep-granada","status":"publish","type":"page","link":"https:\/\/blogsaverroes.juntadeandalucia.es\/granadainfantil\/asesoria-e-infantil-cep-granada\/","title":{"rendered":"Asesor\u00edas E. Infantil CEP Granada"},"content":{"rendered":"<p><img decoding=\"async\" class=\"alignnone size-full wp-image-364\" src=\"https:\/\/blogsaverroes.juntadeandalucia.es\/granadainfantil\/files\/2023\/03\/Sin-t\u00edtulo.png\" alt=\"\" width=\"106\" height=\"119\"><\/p>\n<p><b>Ana Carrasco Sierra<\/b><\/p>\n<p>&nbsp; Tel\u00e9fono m\u00f3vil 671536348 \/ Corporativo: 636348<\/p>\n<p>&nbsp; Correo electr\u00f3nico:&nbsp;<a href=\"mailto:ana.carrasco.sierra.edu@juntadeandalucia.es\">ana.carrasco.sierra.edu@juntadeandalucia.es<\/a><\/p>\n<p><img decoding=\"async\" class=\"alignnone size-full wp-image-369\" src=\"https:\/\/blogsaverroes.juntadeandalucia.es\/granadainfantil\/files\/2023\/03\/Sin-t\u00edtulo-1.png\" alt=\"\" width=\"102\" height=\"124\"><\/p>\n<p><b>Javier L\u00f3pez Medina<\/b><\/p>\n<p>&nbsp; Tel\u00e9fono m\u00f3vil 671536249 \/ Corporativo: 636249<\/p>\n<p>&nbsp; Correo electr\u00f3nico:&nbsp;<a href=\"mailto:javier.lopez.medina.edu@juntadeandalucia.es\">javier.lopez.medina.edu@juntadeandalucia.es<\/a><\/p>\n","protected":false},"excerpt":{"rendered":"<p>Ana Carrasco Sierra &nbsp; Tel\u00e9fono m\u00f3vil 671536348 \/ Corporativo: 636348 &nbsp; Correo electr\u00f3nico:&nbsp;ana.carrasco.sierra.edu@juntadeandalucia.es Javier L\u00f3pez Medina &nbsp; Tel\u00e9fono m\u00f3vil 671536249 \/ Corporativo: 636249 &nbsp; Correo electr\u00f3nico:&nbsp;javier.lopez.medina.edu@juntadeandalucia.es<\/p>\n","protected":false},"author":6066,"featured_media":0,"parent":0,"menu_order":0,"comment_status":"closed","ping_status":"closed","template":"","meta":{"ngg_post_thumbnail":0,"footnotes":""},"aioseo_notices":[],"_links":{"self":[{"href":"https:\/\/blogsaverroes.juntadeandalucia.es\/granadainfantil\/wp-json\/wp\/v2\/pages\/122"}],"collection":[{"href":"https:\/\/blogsaverroes.juntadeandalucia.es\/granadainfantil\/wp-json\/wp\/v2\/pages"}],"about":[{"href":"https:\/\/blogsaverroes.juntadeandalucia.es\/granadainfantil\/wp-json\/wp\/v2\/types\/page"}],"author":[{"embeddable":true,"href":"https:\/\/blogsaverroes.juntadeandalucia.es\/granadainfantil\/wp-json\/wp\/v2\/users\/6066"}],"replies":[{"embeddable":true,"href":"https:\/\/blogsaverroes.juntadeandalucia.es\/granadainfantil\/wp-json\/wp\/v2\/comments?post=122"}],"version-history":[{"count":3,"href":"https:\/\/blogsaverroes.juntadeandalucia.es\/granadainfantil\/wp-json\/wp\/v2\/pages\/122\/revisions"}],"predecessor-version":[{"id":372,"href":"https:\/\/blogsaverroes.juntadeandalucia.es\/granadainfantil\/wp-json\/wp\/v2\/pages\/122\/revisions\/372"}],"wp:attachment":[{"href":"https:\/\/blogsaverroes.juntadeandalucia.es\/granadainfantil\/wp-json\/wp\/v2\/media?parent=122"}],"curies":[{"name":"wp","href":"https:\/\/api.w.org\/{rel}","templated":true}]}}

Asesorías E. Infantil CEP Granada

<p><img decoding="async" class="alignnone size-full wp-image-364" src="https://blogsaverroes.juntadeandalucia.es/granadainfantil/files/2023/03/Sin-título.png" alt="" width="106" height="119"></p>
<p><b>Ana Carrasco Sierra</b></p>
<p>&nbsp; Teléfono móvil 671536348 / Corporativo: 636348</p>
<p>&nbsp; Correo electrónico:&nbsp;<a href="mailto:ana.carrasco.sierra.edu@juntadeandalucia.es">ana.carrasco.sierra.edu@juntadeandalucia.es</a></p>
<p><img decoding="async" class="alignnone size-full wp-image-369" src="https://blogsaverroes.juntadeandalucia.es/granadainfantil/files/2023/03/Sin-título-1.png" alt="" width="102" height="124"></p>
<p><b>Javier López Medina</b></p>
<p>&nbsp; Teléfono móvil 671536249 / Corporativo: 636249</p>
<p>&nbsp; Correo electrónico:&nbsp;<a href="mailto:javier.lopez.medina.edu@juntadeandalucia.es">javier.lopez.medina.edu@juntadeandalucia.es</a></p>

<p>Ana Carrasco Sierra &nbsp; Teléfono móvil 671536348 / Corporativo: 636348 &nbsp; Correo electrónico:&nbsp;ana.carrasco.sierra.edu@juntadeandalucia.es Javier López Medina &nbsp; Teléfono móvil 671536249 / Corporativo: 636249 &nbsp; Correo electrónico:&nbsp;javier.lopez.medina.edu@juntadeandalucia.es</p>
