{"id":163,"date":"2023-02-07T23:52:16","date_gmt":"2023-02-07T23:52:16","guid":{"rendered":"https:\/\/blogsaverroes.juntadeandalucia.es\/granadainfantil\/?page_id=163"},"modified":"2023-02-07T23:56:41","modified_gmt":"2023-02-07T23:56:41","slug":"163-2","status":"publish","type":"page","link":"https:\/\/blogsaverroes.juntadeandalucia.es\/granadainfantil\/","title":{"rendered":""},"content":{"rendered":"<p>&nbsp;<\/p>\n<div id=\"attachment_102\" style=\"width: 622px\" class=\"wp-caption aligncenter\"><img fetchpriority=\"high\" decoding=\"async\" aria-describedby=\"caption-attachment-102\" class=\"wp-image-102 size-full\" src=\"https:\/\/blogsaverroes.juntadeandalucia.es\/granadainfantil\/files\/2022\/10\/istockphoto-1026632588-612x612-1.jpeg\" alt=\"\" width=\"612\" height=\"370\" srcset=\"https:\/\/blogsaverroes.juntadeandalucia.es\/granadainfantil\/files\/2022\/10\/istockphoto-1026632588-612x612-1.jpeg 612w, https:\/\/blogsaverroes.juntadeandalucia.es\/granadainfantil\/files\/2022\/10\/istockphoto-1026632588-612x612-1-300x181.jpeg 300w\" sizes=\"(max-width: 612px) 100vw, 612px\" \/><p id=\"caption-attachment-102\" class=\"wp-caption-text\">&nbsp;<\/p><\/div>\n<blockquote>\n<h3 style=\"text-align: center\"><strong><span style=\"font-size: 18pt\">\u00abLa ense\u00f1anza que deja huella no es la que se hace de cabeza a cabeza, sino de coraz\u00f3n a coraz\u00f3n\u00bb (Howard G.Hendricks)<\/span><\/strong><\/h3>\n<h1 style=\"text-align: center\"><span style=\"font-size: 36pt\">\u00bfQU\u00c9 PRETENDEMOS?<\/span><\/h1>\n<p style=\"text-align: justify\"><span style=\"font-size: 18pt\">Ser un espacio de encuentro de los profesionales de la Educaci\u00f3n Infantil 0-6 donde difundiremos nuestras pr\u00e1cticas educativas con el personal de las Escuelas Infantiles y Centros de Educaci\u00f3n Infantil y Primaria en los \u00e1mbitos de los distintos Centros del Profesorado de la provincia de Granada (Granada, Motril Guadix y Baza). Crearemos un lugar de encuentro, participaci\u00f3n y colaboraci\u00f3n de los profesionales de este nivel educativo intentando responder a vuestras necesidades y problemas a trav\u00e9s de la formaci\u00f3n continua, innovadora y contextualizada.&nbsp;<\/span><\/p>\n<p>&nbsp;<\/p><\/blockquote>\n<p><img decoding=\"async\" class=\"aligncenter wp-image-164 size-full\" src=\"https:\/\/blogsaverroes.juntadeandalucia.es\/granadainfantil\/files\/2023\/02\/gabriela-braga-CVEWeDNsJP4-unsplash-scaled.jpg\" alt=\"\" width=\"2560\" height=\"1386\" srcset=\"https:\/\/blogsaverroes.juntadeandalucia.es\/granadainfantil\/files\/2023\/02\/gabriela-braga-CVEWeDNsJP4-unsplash-scaled.jpg 2560w, https:\/\/blogsaverroes.juntadeandalucia.es\/granadainfantil\/files\/2023\/02\/gabriela-braga-CVEWeDNsJP4-unsplash-300x162.jpg 300w, https:\/\/blogsaverroes.juntadeandalucia.es\/granadainfantil\/files\/2023\/02\/gabriela-braga-CVEWeDNsJP4-unsplash-1024x554.jpg 1024w, https:\/\/blogsaverroes.juntadeandalucia.es\/granadainfantil\/files\/2023\/02\/gabriela-braga-CVEWeDNsJP4-unsplash-768x416.jpg 768w, https:\/\/blogsaverroes.juntadeandalucia.es\/granadainfantil\/files\/2023\/02\/gabriela-braga-CVEWeDNsJP4-unsplash-1536x832.jpg 1536w, https:\/\/blogsaverroes.juntadeandalucia.es\/granadainfantil\/files\/2023\/02\/gabriela-braga-CVEWeDNsJP4-unsplash-2048x1109.jpg 2048w\" sizes=\"(max-width: 2560px) 100vw, 2560px\" \/><\/p>\n<blockquote>\n<h4 style=\"text-align: center\"><strong><span style=\"font-size: 18pt\">\u00abLa mejor ense\u00f1anza es la que utiliza la menor cantidad de palabras necesarias para la tarea\u00bb (Mar\u00eda Montessori)<\/span><\/strong><\/h4>\n<\/blockquote>\n","protected":false},"excerpt":{"rendered":"<p>&nbsp; \u00abLa ense\u00f1anza que deja huella no es la que se hace de cabeza a cabeza, sino de coraz\u00f3n a coraz\u00f3n\u00bb (Howard G.Hendricks) \u00bfQU\u00c9 PRETENDEMOS? Ser un espacio de encuentro de los profesionales de&#46;&#46;&#46;<\/p>\n","protected":false},"author":6066,"featured_media":0,"parent":0,"menu_order":0,"comment_status":"closed","ping_status":"closed","template":"","meta":{"ngg_post_thumbnail":0,"footnotes":""},"aioseo_notices":[],"_links":{"self":[{"href":"https:\/\/blogsaverroes.juntadeandalucia.es\/granadainfantil\/wp-json\/wp\/v2\/pages\/163"}],"collection":[{"href":"https:\/\/blogsaverroes.juntadeandalucia.es\/granadainfantil\/wp-json\/wp\/v2\/pages"}],"about":[{"href":"https:\/\/blogsaverroes.juntadeandalucia.es\/granadainfantil\/wp-json\/wp\/v2\/types\/page"}],"author":[{"embeddable":true,"href":"https:\/\/blogsaverroes.juntadeandalucia.es\/granadainfantil\/wp-json\/wp\/v2\/users\/6066"}],"replies":[{"embeddable":true,"href":"https:\/\/blogsaverroes.juntadeandalucia.es\/granadainfantil\/wp-json\/wp\/v2\/comments?post=163"}],"version-history":[{"count":5,"href":"https:\/\/blogsaverroes.juntadeandalucia.es\/granadainfantil\/wp-json\/wp\/v2\/pages\/163\/revisions"}],"predecessor-version":[{"id":169,"href":"https:\/\/blogsaverroes.juntadeandalucia.es\/granadainfantil\/wp-json\/wp\/v2\/pages\/163\/revisions\/169"}],"wp:attachment":[{"href":"https:\/\/blogsaverroes.juntadeandalucia.es\/granadainfantil\/wp-json\/wp\/v2\/media?parent=163"}],"curies":[{"name":"wp","href":"https:\/\/api.w.org\/{rel}","templated":true}]}}