{"id":60,"date":"2022-10-19T11:20:42","date_gmt":"2022-10-19T11:20:42","guid":{"rendered":"https:\/\/blogsaverroes.juntadeandalucia.es\/granadainfantil\/?page_id=60"},"modified":"2023-03-06T15:33:32","modified_gmt":"2023-03-06T15:33:32","slug":"cursos-cep-granada","status":"publish","type":"page","link":"https:\/\/blogsaverroes.juntadeandalucia.es\/granadainfantil\/cursos-cep-granada\/","title":{"rendered":"Cursos CEP GRANADA"},"content":{"rendered":"<div class=\"pt-cv-wrapper\"><div class=\"pt-cv-view pt-cv-grid pt-cv-colsys\" id=\"pt-cv-view-99fff0975a\"><div data-id=\"pt-cv-page-1\" class=\"pt-cv-page\" data-cvc=\"2\"><div class=\"col-md-6 col-sm-6 col-xs-12 pt-cv-content-item pt-cv-1-col\" ><div class='pt-cv-ifield'><a href=\"https:\/\/blogsaverroes.juntadeandalucia.es\/granadainfantil\/2023\/04\/26\/motril-se-convierte-en-la-capital-de-la-educacion-infantil-con-el-ii-encuentro-de-formacion-del-profesorado\/\" class=\"_self pt-cv-href-thumbnail pt-cv-thumb-default\" target=\"_self\" ><img fetchpriority=\"high\" decoding=\"async\" width=\"300\" height=\"225\" src=\"https:\/\/blogsaverroes.juntadeandalucia.es\/granadainfantil\/files\/2023\/04\/9b822e1c-810c-4366-bb3b-6d68708d4221-300x225.jpg\" class=\"pt-cv-thumbnail\" alt=\"\" srcset=\"https:\/\/blogsaverroes.juntadeandalucia.es\/granadainfantil\/files\/2023\/04\/9b822e1c-810c-4366-bb3b-6d68708d4221-300x225.jpg 300w, https:\/\/blogsaverroes.juntadeandalucia.es\/granadainfantil\/files\/2023\/04\/9b822e1c-810c-4366-bb3b-6d68708d4221-768x576.jpg 768w, https:\/\/blogsaverroes.juntadeandalucia.es\/granadainfantil\/files\/2023\/04\/9b822e1c-810c-4366-bb3b-6d68708d4221.jpg 1024w\" sizes=\"(max-width: 300px) 100vw, 300px\" \/><\/a>\n<h4 class=\"pt-cv-title\"><a href=\"https:\/\/blogsaverroes.juntadeandalucia.es\/granadainfantil\/2023\/04\/26\/motril-se-convierte-en-la-capital-de-la-educacion-infantil-con-el-ii-encuentro-de-formacion-del-profesorado\/\" class=\"_self\" target=\"_self\" >Motril se convierte en la capital de la educaci\u00f3n infantil con el II Encuentro de Formaci\u00f3n del Profesorado<\/a><\/h4>\n<div class=\"pt-cv-content\">\u00a1Motril se convierte en la capital de la educaci\u00f3n infantil con el II Encuentro de Formaci\u00f3n del Profesorado de toda ...<br \/><div class=\"pt-cv-rmwrap\"><a href=\"https:\/\/blogsaverroes.juntadeandalucia.es\/granadainfantil\/2023\/04\/26\/motril-se-convierte-en-la-capital-de-la-educacion-infantil-con-el-ii-encuentro-de-formacion-del-profesorado\/\" class=\"_self pt-cv-readmore btn btn-success\" target=\"_self\">Leer M\u00e1s<\/a><\/div><\/div><\/div><\/div>\n<div class=\"col-md-6 col-sm-6 col-xs-12 pt-cv-content-item pt-cv-1-col\" ><div class='pt-cv-ifield'><a href=\"https:\/\/blogsaverroes.juntadeandalucia.es\/granadainfantil\/2023\/04\/21\/apego-y-regulacion-emocional-en-la-primera-infancia-0-a-3-anos\/\" class=\"_self pt-cv-href-thumbnail pt-cv-thumb-default\" target=\"_self\" ><img decoding=\"async\" width=\"300\" height=\"195\" src=\"https:\/\/blogsaverroes.juntadeandalucia.es\/granadainfantil\/files\/2023\/04\/APEGO-300x195.jpg\" class=\"pt-cv-thumbnail\" alt=\"\" srcset=\"https:\/\/blogsaverroes.juntadeandalucia.es\/granadainfantil\/files\/2023\/04\/APEGO-300x195.jpg 300w, https:\/\/blogsaverroes.juntadeandalucia.es\/granadainfantil\/files\/2023\/04\/APEGO.jpg 360w\" sizes=\"(max-width: 300px) 100vw, 300px\" \/><\/a>\n<h4 class=\"pt-cv-title\"><a href=\"https:\/\/blogsaverroes.juntadeandalucia.es\/granadainfantil\/2023\/04\/21\/apego-y-regulacion-emocional-en-la-primera-infancia-0-a-3-anos\/\" class=\"_self\" target=\"_self\" >APEGO Y REGULACI\u00d3N EMOCIONAL EN LA PRIMERA INFANCIA (0 A 3 A\u00d1OS)<\/a><\/h4>\n<div class=\"pt-cv-content\"> ...<br \/><div class=\"pt-cv-rmwrap\"><a href=\"https:\/\/blogsaverroes.juntadeandalucia.es\/granadainfantil\/2023\/04\/21\/apego-y-regulacion-emocional-en-la-primera-infancia-0-a-3-anos\/\" class=\"_self pt-cv-readmore btn btn-success\" target=\"_self\">Leer M\u00e1s<\/a><\/div><\/div><\/div><\/div>\n<div class=\"col-md-6 col-sm-6 col-xs-12 pt-cv-content-item pt-cv-1-col\" ><div class='pt-cv-ifield'><a href=\"https:\/\/blogsaverroes.juntadeandalucia.es\/granadainfantil\/2023\/04\/21\/empezamos-con-buen-pie-periodo-de-adaptacion-en-educacion-infantil\/\" class=\"_self pt-cv-href-thumbnail pt-cv-thumb-default\" target=\"_self\" ><img decoding=\"async\" width=\"300\" height=\"200\" src=\"https:\/\/blogsaverroes.juntadeandalucia.es\/granadainfantil\/files\/2023\/04\/PERIODO-DE-ADAPTACI\u00d3N-300x200.jpg\" class=\"pt-cv-thumbnail\" alt=\"\" srcset=\"https:\/\/blogsaverroes.juntadeandalucia.es\/granadainfantil\/files\/2023\/04\/PERIODO-DE-ADAPTACI\u00d3N-300x200.jpg 300w, https:\/\/blogsaverroes.juntadeandalucia.es\/granadainfantil\/files\/2023\/04\/PERIODO-DE-ADAPTACI\u00d3N-1024x682.jpg 1024w, https:\/\/blogsaverroes.juntadeandalucia.es\/granadainfantil\/files\/2023\/04\/PERIODO-DE-ADAPTACI\u00d3N-768x512.jpg 768w, https:\/\/blogsaverroes.juntadeandalucia.es\/granadainfantil\/files\/2023\/04\/PERIODO-DE-ADAPTACI\u00d3N.jpg 1280w\" sizes=\"(max-width: 300px) 100vw, 300px\" \/><\/a>\n<h4 class=\"pt-cv-title\"><a href=\"https:\/\/blogsaverroes.juntadeandalucia.es\/granadainfantil\/2023\/04\/21\/empezamos-con-buen-pie-periodo-de-adaptacion-en-educacion-infantil\/\" class=\"_self\" target=\"_self\" >EMPEZAMOS CON BUEN PIE. PERIODO DE ADAPTACI\u00d3N EN EDUCACI\u00d3N INFANTIL.<\/a><\/h4>\n<div class=\"pt-cv-content\"> ...<br \/><div class=\"pt-cv-rmwrap\"><a href=\"https:\/\/blogsaverroes.juntadeandalucia.es\/granadainfantil\/2023\/04\/21\/empezamos-con-buen-pie-periodo-de-adaptacion-en-educacion-infantil\/\" class=\"_self pt-cv-readmore btn btn-success\" target=\"_self\">Leer M\u00e1s<\/a><\/div><\/div><\/div><\/div>\n<div class=\"col-md-6 col-sm-6 col-xs-12 pt-cv-content-item pt-cv-1-col\" ><div class='pt-cv-ifield'><a href=\"https:\/\/blogsaverroes.juntadeandalucia.es\/granadainfantil\/2023\/04\/21\/el-cuento-en-el-aula-como-recurso-pedagogico-0-3\/\" class=\"_self pt-cv-href-thumbnail pt-cv-thumb-default\" target=\"_self\" ><img loading=\"lazy\" decoding=\"async\" width=\"300\" height=\"250\" src=\"https:\/\/blogsaverroes.juntadeandalucia.es\/granadainfantil\/files\/2023\/04\/CUENTO-300x250.jpg\" class=\"pt-cv-thumbnail\" alt=\"\" srcset=\"https:\/\/blogsaverroes.juntadeandalucia.es\/granadainfantil\/files\/2023\/04\/CUENTO-300x250.jpg 300w, https:\/\/blogsaverroes.juntadeandalucia.es\/granadainfantil\/files\/2023\/04\/CUENTO-768x640.jpg 768w, https:\/\/blogsaverroes.juntadeandalucia.es\/granadainfantil\/files\/2023\/04\/CUENTO.jpg 1023w\" sizes=\"(max-width: 300px) 100vw, 300px\" \/><\/a>\n<h4 class=\"pt-cv-title\"><a href=\"https:\/\/blogsaverroes.juntadeandalucia.es\/granadainfantil\/2023\/04\/21\/el-cuento-en-el-aula-como-recurso-pedagogico-0-3\/\" class=\"_self\" target=\"_self\" >EL CUENTO EN EL AULA COMO RECURSO PEDAG\u00d3GICO 0-3<\/a><\/h4>\n<div class=\"pt-cv-content\">Curso muy pr\u00e1ctico dirigido a docentes del primer ciclo de Educaci\u00f3n Infantil. Consta de tres sesiones presenciales. En la primera ...<br \/><div class=\"pt-cv-rmwrap\"><a href=\"https:\/\/blogsaverroes.juntadeandalucia.es\/granadainfantil\/2023\/04\/21\/el-cuento-en-el-aula-como-recurso-pedagogico-0-3\/\" class=\"_self pt-cv-readmore btn btn-success\" target=\"_self\">Leer M\u00e1s<\/a><\/div><\/div><\/div><\/div>\n<div class=\"col-md-6 col-sm-6 col-xs-12 pt-cv-content-item pt-cv-1-col\" ><div class='pt-cv-ifield'><a href=\"https:\/\/blogsaverroes.juntadeandalucia.es\/granadainfantil\/2023\/04\/21\/kit-de-herramientas-digitales-para-el-profesorado-de-educacion-infantil-0-3-anos\/\" class=\"_self pt-cv-href-thumbnail pt-cv-thumb-default\" target=\"_self\" ><img loading=\"lazy\" decoding=\"async\" width=\"300\" height=\"75\" src=\"https:\/\/blogsaverroes.juntadeandalucia.es\/granadainfantil\/files\/2023\/04\/2-1-300x75.png\" class=\"pt-cv-thumbnail\" alt=\"\" srcset=\"https:\/\/blogsaverroes.juntadeandalucia.es\/granadainfantil\/files\/2023\/04\/2-1-300x75.png 300w, https:\/\/blogsaverroes.juntadeandalucia.es\/granadainfantil\/files\/2023\/04\/2-1-768x192.png 768w, https:\/\/blogsaverroes.juntadeandalucia.es\/granadainfantil\/files\/2023\/04\/2-1.png 800w\" sizes=\"(max-width: 300px) 100vw, 300px\" \/><\/a>\n<h4 class=\"pt-cv-title\"><a href=\"https:\/\/blogsaverroes.juntadeandalucia.es\/granadainfantil\/2023\/04\/21\/kit-de-herramientas-digitales-para-el-profesorado-de-educacion-infantil-0-3-anos\/\" class=\"_self\" target=\"_self\" >KIT DE HERRAMIENTAS DIGITALES PARA EL PROFESORADO DE EDUCACI\u00d3N INFANTIL 0-3 A\u00d1OS<\/a><\/h4>\n<div class=\"pt-cv-content\"> ...<br \/><div class=\"pt-cv-rmwrap\"><a href=\"https:\/\/blogsaverroes.juntadeandalucia.es\/granadainfantil\/2023\/04\/21\/kit-de-herramientas-digitales-para-el-profesorado-de-educacion-infantil-0-3-anos\/\" class=\"_self pt-cv-readmore btn btn-success\" target=\"_self\">Leer M\u00e1s<\/a><\/div><\/div><\/div><\/div>\n<div class=\"col-md-6 col-sm-6 col-xs-12 pt-cv-content-item pt-cv-1-col\" ><div class='pt-cv-ifield'><a href=\"https:\/\/blogsaverroes.juntadeandalucia.es\/granadainfantil\/2023\/04\/21\/primeros-auxilios-y-atencion-al-alumnado-con-enfermedades-cronicas-en-el-ambito-escolar-infantil-0-3\/\" class=\"_self pt-cv-href-thumbnail pt-cv-thumb-default\" target=\"_self\" ><img loading=\"lazy\" decoding=\"async\" width=\"300\" height=\"181\" src=\"https:\/\/blogsaverroes.juntadeandalucia.es\/granadainfantil\/files\/2023\/04\/descargar-300x181.jpg\" class=\"pt-cv-thumbnail\" alt=\"\" srcset=\"https:\/\/blogsaverroes.juntadeandalucia.es\/granadainfantil\/files\/2023\/04\/descargar-300x181.jpg 300w, https:\/\/blogsaverroes.juntadeandalucia.es\/granadainfantil\/files\/2023\/04\/descargar.jpg 387w\" sizes=\"(max-width: 300px) 100vw, 300px\" \/><\/a>\n<h4 class=\"pt-cv-title\"><a href=\"https:\/\/blogsaverroes.juntadeandalucia.es\/granadainfantil\/2023\/04\/21\/primeros-auxilios-y-atencion-al-alumnado-con-enfermedades-cronicas-en-el-ambito-escolar-infantil-0-3\/\" class=\"_self\" target=\"_self\" >PRIMEROS AUXILIOS Y ATENCION AL ALUMNADO CON ENFERMEDADES CRONICAS EN EL AMBITO ESCOLAR &#8211; INFANTIL (0- 3)<\/a><\/h4>\n<div class=\"pt-cv-content\"> ...<br \/><div class=\"pt-cv-rmwrap\"><a href=\"https:\/\/blogsaverroes.juntadeandalucia.es\/granadainfantil\/2023\/04\/21\/primeros-auxilios-y-atencion-al-alumnado-con-enfermedades-cronicas-en-el-ambito-escolar-infantil-0-3\/\" class=\"_self pt-cv-readmore btn btn-success\" target=\"_self\">Leer M\u00e1s<\/a><\/div><\/div><\/div><\/div>\n<div class=\"col-md-6 col-sm-6 col-xs-12 pt-cv-content-item pt-cv-1-col\" ><div class='pt-cv-ifield'><a href=\"https:\/\/blogsaverroes.juntadeandalucia.es\/granadainfantil\/2023\/04\/21\/signos-de-alerta-en-la-etapa-de-infantil-0-3-anos\/\" class=\"_self pt-cv-href-thumbnail pt-cv-thumb-default\" target=\"_self\" ><img loading=\"lazy\" decoding=\"async\" width=\"300\" height=\"225\" src=\"https:\/\/blogsaverroes.juntadeandalucia.es\/granadainfantil\/files\/2023\/04\/SIGNOS-DE-ALERTA-IMAGEN-300x225.jpg\" class=\"pt-cv-thumbnail\" alt=\"\" srcset=\"https:\/\/blogsaverroes.juntadeandalucia.es\/granadainfantil\/files\/2023\/04\/SIGNOS-DE-ALERTA-IMAGEN-300x225.jpg 300w, https:\/\/blogsaverroes.juntadeandalucia.es\/granadainfantil\/files\/2023\/04\/SIGNOS-DE-ALERTA-IMAGEN-1024x768.jpg 1024w, https:\/\/blogsaverroes.juntadeandalucia.es\/granadainfantil\/files\/2023\/04\/SIGNOS-DE-ALERTA-IMAGEN-768x576.jpg 768w, https:\/\/blogsaverroes.juntadeandalucia.es\/granadainfantil\/files\/2023\/04\/SIGNOS-DE-ALERTA-IMAGEN.jpg 1280w\" sizes=\"(max-width: 300px) 100vw, 300px\" \/><\/a>\n<h4 class=\"pt-cv-title\"><a href=\"https:\/\/blogsaverroes.juntadeandalucia.es\/granadainfantil\/2023\/04\/21\/signos-de-alerta-en-la-etapa-de-infantil-0-3-anos\/\" class=\"_self\" target=\"_self\" >SIGNOS DE ALERTA EN LA ETAPA DE INFANTIL 0-3 A\u00d1OS<\/a><\/h4>\n<div class=\"pt-cv-content\"> ...<br \/><div class=\"pt-cv-rmwrap\"><a href=\"https:\/\/blogsaverroes.juntadeandalucia.es\/granadainfantil\/2023\/04\/21\/signos-de-alerta-en-la-etapa-de-infantil-0-3-anos\/\" class=\"_self pt-cv-readmore btn btn-success\" target=\"_self\">Leer M\u00e1s<\/a><\/div><\/div><\/div><\/div>\n<div class=\"col-md-6 col-sm-6 col-xs-12 pt-cv-content-item pt-cv-1-col\" ><div class='pt-cv-ifield'><a href=\"https:\/\/blogsaverroes.juntadeandalucia.es\/granadainfantil\/2023\/04\/21\/aprendizaje-cooperativo-expandiendo-los-limites-de-la-cooperacion-educacion-infantil\/\" class=\"_self pt-cv-href-thumbnail pt-cv-thumb-default\" target=\"_self\" ><img loading=\"lazy\" decoding=\"async\" width=\"300\" height=\"225\" src=\"https:\/\/blogsaverroes.juntadeandalucia.es\/granadainfantil\/files\/2023\/04\/R-1-300x225.jpg\" class=\"pt-cv-thumbnail\" alt=\"\" srcset=\"https:\/\/blogsaverroes.juntadeandalucia.es\/granadainfantil\/files\/2023\/04\/R-1-300x225.jpg 300w, https:\/\/blogsaverroes.juntadeandalucia.es\/granadainfantil\/files\/2023\/04\/R-1-768x576.jpg 768w, https:\/\/blogsaverroes.juntadeandalucia.es\/granadainfantil\/files\/2023\/04\/R-1.jpg 960w\" sizes=\"(max-width: 300px) 100vw, 300px\" \/><\/a>\n<h4 class=\"pt-cv-title\"><a href=\"https:\/\/blogsaverroes.juntadeandalucia.es\/granadainfantil\/2023\/04\/21\/aprendizaje-cooperativo-expandiendo-los-limites-de-la-cooperacion-educacion-infantil\/\" class=\"_self\" target=\"_self\" >APRENDIZAJE COOPERATIVO: EXPANDIENDO LOS L\u00cdMITES DE LA COOPERACI\u00d3N (EDUCACI\u00d3N INFANTIL)<\/a><\/h4>\n<div class=\"pt-cv-content\">Curso para docentes de EDUCACI\u00d3N INFANTIL de centros p\u00fablicos, impartido por Marta Rodr\u00edguez Espiga, en cinco sesiones a trav\u00e9s de ...<br \/><div class=\"pt-cv-rmwrap\"><a href=\"https:\/\/blogsaverroes.juntadeandalucia.es\/granadainfantil\/2023\/04\/21\/aprendizaje-cooperativo-expandiendo-los-limites-de-la-cooperacion-educacion-infantil\/\" class=\"_self pt-cv-readmore btn btn-success\" target=\"_self\">Leer M\u00e1s<\/a><\/div><\/div><\/div><\/div>\n<div class=\"col-md-6 col-sm-6 col-xs-12 pt-cv-content-item pt-cv-1-col\" ><div class='pt-cv-ifield'><a href=\"https:\/\/blogsaverroes.juntadeandalucia.es\/granadainfantil\/2023\/04\/21\/1001-usos-competenciales-de-los-cuentos\/\" class=\"_self pt-cv-href-thumbnail pt-cv-thumb-default\" target=\"_self\" ><img loading=\"lazy\" decoding=\"async\" width=\"300\" height=\"200\" src=\"https:\/\/blogsaverroes.juntadeandalucia.es\/granadainfantil\/files\/2023\/04\/imagen-curso-cuentos-competenciales-300x200.jpg\" class=\"pt-cv-thumbnail\" alt=\"\" srcset=\"https:\/\/blogsaverroes.juntadeandalucia.es\/granadainfantil\/files\/2023\/04\/imagen-curso-cuentos-competenciales-300x200.jpg 300w, https:\/\/blogsaverroes.juntadeandalucia.es\/granadainfantil\/files\/2023\/04\/imagen-curso-cuentos-competenciales-1024x682.jpg 1024w, https:\/\/blogsaverroes.juntadeandalucia.es\/granadainfantil\/files\/2023\/04\/imagen-curso-cuentos-competenciales-768x512.jpg 768w, https:\/\/blogsaverroes.juntadeandalucia.es\/granadainfantil\/files\/2023\/04\/imagen-curso-cuentos-competenciales.jpg 1280w\" sizes=\"(max-width: 300px) 100vw, 300px\" \/><\/a>\n<h4 class=\"pt-cv-title\"><a href=\"https:\/\/blogsaverroes.juntadeandalucia.es\/granadainfantil\/2023\/04\/21\/1001-usos-competenciales-de-los-cuentos\/\" class=\"_self\" target=\"_self\" >1001 USOS COMPETENCIALES DE LOS CUENTOS<\/a><\/h4>\n<div class=\"pt-cv-content\"> ...<br \/><div class=\"pt-cv-rmwrap\"><a href=\"https:\/\/blogsaverroes.juntadeandalucia.es\/granadainfantil\/2023\/04\/21\/1001-usos-competenciales-de-los-cuentos\/\" class=\"_self pt-cv-readmore btn btn-success\" target=\"_self\">Leer M\u00e1s<\/a><\/div><\/div><\/div><\/div>\n<div class=\"col-md-6 col-sm-6 col-xs-12 pt-cv-content-item pt-cv-1-col\" ><div class='pt-cv-ifield'><a href=\"https:\/\/blogsaverroes.juntadeandalucia.es\/granadainfantil\/2023\/04\/21\/la-musica-como-actividad-sociocultural-recursos-para-la-etapa-infantil-2\/\" class=\"_self pt-cv-href-thumbnail pt-cv-thumb-default\" target=\"_self\" ><img loading=\"lazy\" decoding=\"async\" width=\"156\" height=\"156\" src=\"https:\/\/blogsaverroes.juntadeandalucia.es\/granadainfantil\/files\/2023\/04\/th.jpg\" class=\"pt-cv-thumbnail\" alt=\"\" srcset=\"https:\/\/blogsaverroes.juntadeandalucia.es\/granadainfantil\/files\/2023\/04\/th.jpg 156w, https:\/\/blogsaverroes.juntadeandalucia.es\/granadainfantil\/files\/2023\/04\/th-150x150.jpg 150w, https:\/\/blogsaverroes.juntadeandalucia.es\/granadainfantil\/files\/2023\/04\/th-80x80.jpg 80w\" sizes=\"(max-width: 156px) 100vw, 156px\" \/><\/a>\n<h4 class=\"pt-cv-title\"><a href=\"https:\/\/blogsaverroes.juntadeandalucia.es\/granadainfantil\/2023\/04\/21\/la-musica-como-actividad-sociocultural-recursos-para-la-etapa-infantil-2\/\" class=\"_self\" target=\"_self\" >LA M\u00daSICA COMO ACTIVIDAD SOCIOCULTURAL: RECURSOS PARA LA ETAPA INFANTIL<\/a><\/h4>\n<div class=\"pt-cv-content\"> ...<br \/><div class=\"pt-cv-rmwrap\"><a href=\"https:\/\/blogsaverroes.juntadeandalucia.es\/granadainfantil\/2023\/04\/21\/la-musica-como-actividad-sociocultural-recursos-para-la-etapa-infantil-2\/\" class=\"_self pt-cv-readmore btn btn-success\" target=\"_self\">Leer M\u00e1s<\/a><\/div><\/div><\/div><\/div><\/div><\/div><\/div>\n","protected":false},"excerpt":{"rendered":"","protected":false},"author":3720,"featured_media":0,"parent":0,"menu_order":0,"comment_status":"closed","ping_status":"closed","template":"","meta":{"ngg_post_thumbnail":0,"footnotes":""},"aioseo_notices":[],"_links":{"self":[{"href":"https:\/\/blogsaverroes.juntadeandalucia.es\/granadainfantil\/wp-json\/wp\/v2\/pages\/60"}],"collection":[{"href":"https:\/\/blogsaverroes.juntadeandalucia.es\/granadainfantil\/wp-json\/wp\/v2\/pages"}],"about":[{"href":"https:\/\/blogsaverroes.juntadeandalucia.es\/granadainfantil\/wp-json\/wp\/v2\/types\/page"}],"author":[{"embeddable":true,"href":"https:\/\/blogsaverroes.juntadeandalucia.es\/granadainfantil\/wp-json\/wp\/v2\/users\/3720"}],"replies":[{"embeddable":true,"href":"https:\/\/blogsaverroes.juntadeandalucia.es\/granadainfantil\/wp-json\/wp\/v2\/comments?post=60"}],"version-history":[{"count":11,"href":"https:\/\/blogsaverroes.juntadeandalucia.es\/granadainfantil\/wp-json\/wp\/v2\/pages\/60\/revisions"}],"predecessor-version":[{"id":412,"href":"https:\/\/blogsaverroes.juntadeandalucia.es\/granadainfantil\/wp-json\/wp\/v2\/pages\/60\/revisions\/412"}],"wp:attachment":[{"href":"https:\/\/blogsaverroes.juntadeandalucia.es\/granadainfantil\/wp-json\/wp\/v2\/media?parent=60"}],"curies":[{"name":"wp","href":"https:\/\/api.w.org\/{rel}","templated":true}]}}