{"id":66,"date":"2022-10-19T11:22:31","date_gmt":"2022-10-19T11:22:31","guid":{"rendered":"https:\/\/blogsaverroes.juntadeandalucia.es\/granadainfantil\/?page_id=66"},"modified":"2023-02-27T01:29:22","modified_gmt":"2023-02-27T01:29:22","slug":"cursos-cep-baza","status":"publish","type":"page","link":"https:\/\/blogsaverroes.juntadeandalucia.es\/granadainfantil\/cursos-cep-baza\/","title":{"rendered":"Cursos CEP BAZA"},"content":{"rendered":"<div class=\"pt-cv-wrapper\"><div class=\"pt-cv-view pt-cv-grid pt-cv-colsys\" id=\"pt-cv-view-da00a63m5k\"><div data-id=\"pt-cv-page-1\" class=\"pt-cv-page\" data-cvc=\"2\"><div class=\"col-md-6 col-sm-6 col-xs-12 pt-cv-content-item pt-cv-1-col\" ><div class='pt-cv-ifield'><a href=\"https:\/\/blogsaverroes.juntadeandalucia.es\/granadainfantil\/2023\/05\/11\/curso-en-estrategias-y-recursospara-el-alumnado-con-trastornodel-espectro-autista-tea\/\" class=\"_self pt-cv-href-thumbnail pt-cv-thumb-default\" target=\"_self\" ><img fetchpriority=\"high\" decoding=\"async\" width=\"300\" height=\"300\" src=\"https:\/\/blogsaverroes.juntadeandalucia.es\/granadainfantil\/files\/2023\/05\/TEA-300x300.jpeg\" class=\"pt-cv-thumbnail\" alt=\"\" srcset=\"https:\/\/blogsaverroes.juntadeandalucia.es\/granadainfantil\/files\/2023\/05\/TEA-300x300.jpeg 300w, https:\/\/blogsaverroes.juntadeandalucia.es\/granadainfantil\/files\/2023\/05\/TEA-1024x1024.jpeg 1024w, https:\/\/blogsaverroes.juntadeandalucia.es\/granadainfantil\/files\/2023\/05\/TEA-150x150.jpeg 150w, https:\/\/blogsaverroes.juntadeandalucia.es\/granadainfantil\/files\/2023\/05\/TEA-768x768.jpeg 768w, https:\/\/blogsaverroes.juntadeandalucia.es\/granadainfantil\/files\/2023\/05\/TEA-80x80.jpeg 80w, https:\/\/blogsaverroes.juntadeandalucia.es\/granadainfantil\/files\/2023\/05\/TEA-320x320.jpeg 320w, https:\/\/blogsaverroes.juntadeandalucia.es\/granadainfantil\/files\/2023\/05\/TEA.jpeg 1080w\" sizes=\"(max-width: 300px) 100vw, 300px\" \/><\/a>\n<h4 class=\"pt-cv-title\"><a href=\"https:\/\/blogsaverroes.juntadeandalucia.es\/granadainfantil\/2023\/05\/11\/curso-en-estrategias-y-recursospara-el-alumnado-con-trastornodel-espectro-autista-tea\/\" class=\"_self\" target=\"_self\" >Curso en Estrategias y Recursospara el Alumnado con Trastornodel Espectro Autista (TEA)<\/a><\/h4>\n<div class=\"pt-cv-content\"> ...<br \/><div class=\"pt-cv-rmwrap\"><a href=\"https:\/\/blogsaverroes.juntadeandalucia.es\/granadainfantil\/2023\/05\/11\/curso-en-estrategias-y-recursospara-el-alumnado-con-trastornodel-espectro-autista-tea\/\" class=\"_self pt-cv-readmore btn btn-success\" target=\"_self\">Leer M\u00e1s<\/a><\/div><\/div><\/div><\/div>\n<div class=\"col-md-6 col-sm-6 col-xs-12 pt-cv-content-item pt-cv-1-col\" ><div class='pt-cv-ifield'><a href=\"https:\/\/blogsaverroes.juntadeandalucia.es\/granadainfantil\/2023\/05\/10\/avanzando-en-educacion-infantil-0-3-aprendizaje-basado-en-cuentos\/\" class=\"_self pt-cv-href-thumbnail pt-cv-thumb-default\" target=\"_self\" ><img decoding=\"async\" width=\"300\" height=\"300\" src=\"https:\/\/blogsaverroes.juntadeandalucia.es\/granadainfantil\/files\/2023\/05\/AVANZANDO-EN-EDUCACI\u00d3N-INFANTIL-0-3-APRENDIZAJE-BASADO-EN-CUENTOS-300x300.png\" class=\"pt-cv-thumbnail\" alt=\"\" srcset=\"https:\/\/blogsaverroes.juntadeandalucia.es\/granadainfantil\/files\/2023\/05\/AVANZANDO-EN-EDUCACI\u00d3N-INFANTIL-0-3-APRENDIZAJE-BASADO-EN-CUENTOS-300x300.png 300w, https:\/\/blogsaverroes.juntadeandalucia.es\/granadainfantil\/files\/2023\/05\/AVANZANDO-EN-EDUCACI\u00d3N-INFANTIL-0-3-APRENDIZAJE-BASADO-EN-CUENTOS-1024x1024.png 1024w, https:\/\/blogsaverroes.juntadeandalucia.es\/granadainfantil\/files\/2023\/05\/AVANZANDO-EN-EDUCACI\u00d3N-INFANTIL-0-3-APRENDIZAJE-BASADO-EN-CUENTOS-150x150.png 150w, https:\/\/blogsaverroes.juntadeandalucia.es\/granadainfantil\/files\/2023\/05\/AVANZANDO-EN-EDUCACI\u00d3N-INFANTIL-0-3-APRENDIZAJE-BASADO-EN-CUENTOS-768x768.png 768w, https:\/\/blogsaverroes.juntadeandalucia.es\/granadainfantil\/files\/2023\/05\/AVANZANDO-EN-EDUCACI\u00d3N-INFANTIL-0-3-APRENDIZAJE-BASADO-EN-CUENTOS-80x80.png 80w, https:\/\/blogsaverroes.juntadeandalucia.es\/granadainfantil\/files\/2023\/05\/AVANZANDO-EN-EDUCACI\u00d3N-INFANTIL-0-3-APRENDIZAJE-BASADO-EN-CUENTOS-320x320.png 320w, https:\/\/blogsaverroes.juntadeandalucia.es\/granadainfantil\/files\/2023\/05\/AVANZANDO-EN-EDUCACI\u00d3N-INFANTIL-0-3-APRENDIZAJE-BASADO-EN-CUENTOS.png 1080w\" sizes=\"(max-width: 300px) 100vw, 300px\" \/><\/a>\n<h4 class=\"pt-cv-title\"><a href=\"https:\/\/blogsaverroes.juntadeandalucia.es\/granadainfantil\/2023\/05\/10\/avanzando-en-educacion-infantil-0-3-aprendizaje-basado-en-cuentos\/\" class=\"_self\" target=\"_self\" >AVANZANDO EN EDUCACI\u00d3N INFANTIL 0-3: APRENDIZAJE BASADO EN CUENTOS<\/a><\/h4>\n<div class=\"pt-cv-content\"> ...<br \/><div class=\"pt-cv-rmwrap\"><a href=\"https:\/\/blogsaverroes.juntadeandalucia.es\/granadainfantil\/2023\/05\/10\/avanzando-en-educacion-infantil-0-3-aprendizaje-basado-en-cuentos\/\" class=\"_self pt-cv-readmore btn btn-success\" target=\"_self\">Leer M\u00e1s<\/a><\/div><\/div><\/div><\/div>\n<div class=\"col-md-6 col-sm-6 col-xs-12 pt-cv-content-item pt-cv-1-col\" ><div class='pt-cv-ifield'><a href=\"https:\/\/blogsaverroes.juntadeandalucia.es\/granadainfantil\/2023\/04\/26\/motril-se-convierte-en-la-capital-de-la-educacion-infantil-con-el-ii-encuentro-de-formacion-del-profesorado\/\" class=\"_self pt-cv-href-thumbnail pt-cv-thumb-default\" target=\"_self\" ><img decoding=\"async\" width=\"300\" height=\"225\" src=\"https:\/\/blogsaverroes.juntadeandalucia.es\/granadainfantil\/files\/2023\/04\/9b822e1c-810c-4366-bb3b-6d68708d4221-300x225.jpg\" class=\"pt-cv-thumbnail\" alt=\"\" srcset=\"https:\/\/blogsaverroes.juntadeandalucia.es\/granadainfantil\/files\/2023\/04\/9b822e1c-810c-4366-bb3b-6d68708d4221-300x225.jpg 300w, https:\/\/blogsaverroes.juntadeandalucia.es\/granadainfantil\/files\/2023\/04\/9b822e1c-810c-4366-bb3b-6d68708d4221-768x576.jpg 768w, https:\/\/blogsaverroes.juntadeandalucia.es\/granadainfantil\/files\/2023\/04\/9b822e1c-810c-4366-bb3b-6d68708d4221.jpg 1024w\" sizes=\"(max-width: 300px) 100vw, 300px\" \/><\/a>\n<h4 class=\"pt-cv-title\"><a href=\"https:\/\/blogsaverroes.juntadeandalucia.es\/granadainfantil\/2023\/04\/26\/motril-se-convierte-en-la-capital-de-la-educacion-infantil-con-el-ii-encuentro-de-formacion-del-profesorado\/\" class=\"_self\" target=\"_self\" >Motril se convierte en la capital de la educaci\u00f3n infantil con el II Encuentro de Formaci\u00f3n del Profesorado<\/a><\/h4>\n<div class=\"pt-cv-content\">\u00a1Motril se convierte en la capital de la educaci\u00f3n infantil con el II Encuentro de Formaci\u00f3n del Profesorado de toda ...<br \/><div class=\"pt-cv-rmwrap\"><a href=\"https:\/\/blogsaverroes.juntadeandalucia.es\/granadainfantil\/2023\/04\/26\/motril-se-convierte-en-la-capital-de-la-educacion-infantil-con-el-ii-encuentro-de-formacion-del-profesorado\/\" class=\"_self pt-cv-readmore btn btn-success\" target=\"_self\">Leer M\u00e1s<\/a><\/div><\/div><\/div><\/div>\n<div class=\"col-md-6 col-sm-6 col-xs-12 pt-cv-content-item pt-cv-1-col\" ><div class='pt-cv-ifield'><a href=\"https:\/\/blogsaverroes.juntadeandalucia.es\/granadainfantil\/2023\/04\/21\/apego-y-regulacion-emocional-en-la-primera-infancia-0-a-3-anos\/\" class=\"_self pt-cv-href-thumbnail pt-cv-thumb-default\" target=\"_self\" ><img loading=\"lazy\" decoding=\"async\" width=\"300\" height=\"195\" src=\"https:\/\/blogsaverroes.juntadeandalucia.es\/granadainfantil\/files\/2023\/04\/APEGO-300x195.jpg\" class=\"pt-cv-thumbnail\" alt=\"\" srcset=\"https:\/\/blogsaverroes.juntadeandalucia.es\/granadainfantil\/files\/2023\/04\/APEGO-300x195.jpg 300w, https:\/\/blogsaverroes.juntadeandalucia.es\/granadainfantil\/files\/2023\/04\/APEGO.jpg 360w\" sizes=\"(max-width: 300px) 100vw, 300px\" \/><\/a>\n<h4 class=\"pt-cv-title\"><a href=\"https:\/\/blogsaverroes.juntadeandalucia.es\/granadainfantil\/2023\/04\/21\/apego-y-regulacion-emocional-en-la-primera-infancia-0-a-3-anos\/\" class=\"_self\" target=\"_self\" >APEGO Y REGULACI\u00d3N EMOCIONAL EN LA PRIMERA INFANCIA (0 A 3 A\u00d1OS)<\/a><\/h4>\n<div class=\"pt-cv-content\"> ...<br \/><div class=\"pt-cv-rmwrap\"><a href=\"https:\/\/blogsaverroes.juntadeandalucia.es\/granadainfantil\/2023\/04\/21\/apego-y-regulacion-emocional-en-la-primera-infancia-0-a-3-anos\/\" class=\"_self pt-cv-readmore btn btn-success\" target=\"_self\">Leer M\u00e1s<\/a><\/div><\/div><\/div><\/div>\n<div class=\"col-md-6 col-sm-6 col-xs-12 pt-cv-content-item pt-cv-1-col\" ><div class='pt-cv-ifield'><a href=\"https:\/\/blogsaverroes.juntadeandalucia.es\/granadainfantil\/2023\/04\/19\/ii-encuentro-provincial-de-educacion-infantil-0-6-anos\/\" class=\"_self pt-cv-href-thumbnail pt-cv-thumb-default\" target=\"_self\" ><img loading=\"lazy\" decoding=\"async\" width=\"300\" height=\"300\" src=\"https:\/\/blogsaverroes.juntadeandalucia.es\/granadainfantil\/files\/2023\/04\/II-ENCUENTRO-PROVINCIAL-DE-EDUCACI\u00d3N-INFANTIL-0-6-A\u00d1OS-post-300x300.png\" class=\"pt-cv-thumbnail\" alt=\"\" srcset=\"https:\/\/blogsaverroes.juntadeandalucia.es\/granadainfantil\/files\/2023\/04\/II-ENCUENTRO-PROVINCIAL-DE-EDUCACI\u00d3N-INFANTIL-0-6-A\u00d1OS-post-300x300.png 300w, https:\/\/blogsaverroes.juntadeandalucia.es\/granadainfantil\/files\/2023\/04\/II-ENCUENTRO-PROVINCIAL-DE-EDUCACI\u00d3N-INFANTIL-0-6-A\u00d1OS-post-1024x1024.png 1024w, https:\/\/blogsaverroes.juntadeandalucia.es\/granadainfantil\/files\/2023\/04\/II-ENCUENTRO-PROVINCIAL-DE-EDUCACI\u00d3N-INFANTIL-0-6-A\u00d1OS-post-150x150.png 150w, https:\/\/blogsaverroes.juntadeandalucia.es\/granadainfantil\/files\/2023\/04\/II-ENCUENTRO-PROVINCIAL-DE-EDUCACI\u00d3N-INFANTIL-0-6-A\u00d1OS-post-768x768.png 768w, https:\/\/blogsaverroes.juntadeandalucia.es\/granadainfantil\/files\/2023\/04\/II-ENCUENTRO-PROVINCIAL-DE-EDUCACI\u00d3N-INFANTIL-0-6-A\u00d1OS-post-80x80.png 80w, https:\/\/blogsaverroes.juntadeandalucia.es\/granadainfantil\/files\/2023\/04\/II-ENCUENTRO-PROVINCIAL-DE-EDUCACI\u00d3N-INFANTIL-0-6-A\u00d1OS-post-320x320.png 320w, https:\/\/blogsaverroes.juntadeandalucia.es\/granadainfantil\/files\/2023\/04\/II-ENCUENTRO-PROVINCIAL-DE-EDUCACI\u00d3N-INFANTIL-0-6-A\u00d1OS-post.png 1080w\" sizes=\"(max-width: 300px) 100vw, 300px\" \/><\/a>\n<h4 class=\"pt-cv-title\"><a href=\"https:\/\/blogsaverroes.juntadeandalucia.es\/granadainfantil\/2023\/04\/19\/ii-encuentro-provincial-de-educacion-infantil-0-6-anos\/\" class=\"_self\" target=\"_self\" >II ENCUENTRO PROVINCIAL DE EDUCACI\u00d3N INFANTIL 0-6 A\u00d1OS<\/a><\/h4>\n<div class=\"pt-cv-content\">Crearemos un lugar de encuentro, participaci\u00f3n y colaboraci\u00f3n de los profesionales de esta etapa educativa. Ampliaremos nuestra formaci\u00f3n en torno ...<br \/><div class=\"pt-cv-rmwrap\"><a href=\"https:\/\/blogsaverroes.juntadeandalucia.es\/granadainfantil\/2023\/04\/19\/ii-encuentro-provincial-de-educacion-infantil-0-6-anos\/\" class=\"_self pt-cv-readmore btn btn-success\" target=\"_self\">Leer M\u00e1s<\/a><\/div><\/div><\/div><\/div>\n<div class=\"col-md-6 col-sm-6 col-xs-12 pt-cv-content-item pt-cv-1-col\" ><div class='pt-cv-ifield'><a href=\"https:\/\/blogsaverroes.juntadeandalucia.es\/granadainfantil\/2023\/04\/13\/deteccion-signos-de-alerta-en-el-desarrollo-infantil-0-3\/\" class=\"_self pt-cv-href-thumbnail pt-cv-thumb-default\" target=\"_self\" ><img loading=\"lazy\" decoding=\"async\" width=\"212\" height=\"300\" src=\"https:\/\/blogsaverroes.juntadeandalucia.es\/granadainfantil\/files\/2023\/04\/AVFP-Signos-Alerta-212x300.jpeg\" class=\"pt-cv-thumbnail\" alt=\"\" srcset=\"https:\/\/blogsaverroes.juntadeandalucia.es\/granadainfantil\/files\/2023\/04\/AVFP-Signos-Alerta-212x300.jpeg 212w, https:\/\/blogsaverroes.juntadeandalucia.es\/granadainfantil\/files\/2023\/04\/AVFP-Signos-Alerta-724x1024.jpeg 724w, https:\/\/blogsaverroes.juntadeandalucia.es\/granadainfantil\/files\/2023\/04\/AVFP-Signos-Alerta-768x1086.jpeg 768w, https:\/\/blogsaverroes.juntadeandalucia.es\/granadainfantil\/files\/2023\/04\/AVFP-Signos-Alerta.jpeg 905w\" sizes=\"(max-width: 212px) 100vw, 212px\" \/><\/a>\n<h4 class=\"pt-cv-title\"><a href=\"https:\/\/blogsaverroes.juntadeandalucia.es\/granadainfantil\/2023\/04\/13\/deteccion-signos-de-alerta-en-el-desarrollo-infantil-0-3\/\" class=\"_self\" target=\"_self\" >DETECCI\u00d3N SIGNOS DE ALERTA EN EL DESARROLLO INFANTIL 0-3<\/a><\/h4>\n<div class=\"pt-cv-content\"> ...<br \/><div class=\"pt-cv-rmwrap\"><a href=\"https:\/\/blogsaverroes.juntadeandalucia.es\/granadainfantil\/2023\/04\/13\/deteccion-signos-de-alerta-en-el-desarrollo-infantil-0-3\/\" class=\"_self pt-cv-readmore btn btn-success\" target=\"_self\">Leer M\u00e1s<\/a><\/div><\/div><\/div><\/div>\n<div class=\"col-md-6 col-sm-6 col-xs-12 pt-cv-content-item pt-cv-1-col\" ><div class='pt-cv-ifield'><a href=\"https:\/\/blogsaverroes.juntadeandalucia.es\/granadainfantil\/2023\/03\/11\/pensamiento-computacional-en-educacion-infantil-0-6\/\" class=\"_self pt-cv-href-thumbnail pt-cv-thumb-default\" target=\"_self\" ><img loading=\"lazy\" decoding=\"async\" width=\"300\" height=\"300\" src=\"https:\/\/blogsaverroes.juntadeandalucia.es\/granadainfantil\/files\/2023\/03\/PENSAMIENTO-COMPUTACIONAL-EN-EDUCACI\u00d3N-INFANTIL-0-6-300x300.png\" class=\"pt-cv-thumbnail\" alt=\"\" srcset=\"https:\/\/blogsaverroes.juntadeandalucia.es\/granadainfantil\/files\/2023\/03\/PENSAMIENTO-COMPUTACIONAL-EN-EDUCACI\u00d3N-INFANTIL-0-6-300x300.png 300w, https:\/\/blogsaverroes.juntadeandalucia.es\/granadainfantil\/files\/2023\/03\/PENSAMIENTO-COMPUTACIONAL-EN-EDUCACI\u00d3N-INFANTIL-0-6-1024x1024.png 1024w, https:\/\/blogsaverroes.juntadeandalucia.es\/granadainfantil\/files\/2023\/03\/PENSAMIENTO-COMPUTACIONAL-EN-EDUCACI\u00d3N-INFANTIL-0-6-150x150.png 150w, https:\/\/blogsaverroes.juntadeandalucia.es\/granadainfantil\/files\/2023\/03\/PENSAMIENTO-COMPUTACIONAL-EN-EDUCACI\u00d3N-INFANTIL-0-6-768x768.png 768w, https:\/\/blogsaverroes.juntadeandalucia.es\/granadainfantil\/files\/2023\/03\/PENSAMIENTO-COMPUTACIONAL-EN-EDUCACI\u00d3N-INFANTIL-0-6-80x80.png 80w, https:\/\/blogsaverroes.juntadeandalucia.es\/granadainfantil\/files\/2023\/03\/PENSAMIENTO-COMPUTACIONAL-EN-EDUCACI\u00d3N-INFANTIL-0-6-320x320.png 320w, https:\/\/blogsaverroes.juntadeandalucia.es\/granadainfantil\/files\/2023\/03\/PENSAMIENTO-COMPUTACIONAL-EN-EDUCACI\u00d3N-INFANTIL-0-6.png 1080w\" sizes=\"(max-width: 300px) 100vw, 300px\" \/><\/a>\n<h4 class=\"pt-cv-title\"><a href=\"https:\/\/blogsaverroes.juntadeandalucia.es\/granadainfantil\/2023\/03\/11\/pensamiento-computacional-en-educacion-infantil-0-6\/\" class=\"_self\" target=\"_self\" >PENSAMIENTO COMPUTACIONAL EN EDUCACI\u00d3N INFANTIL 0-6<\/a><\/h4>\n<div class=\"pt-cv-content\"> ...<br \/><div class=\"pt-cv-rmwrap\"><a href=\"https:\/\/blogsaverroes.juntadeandalucia.es\/granadainfantil\/2023\/03\/11\/pensamiento-computacional-en-educacion-infantil-0-6\/\" class=\"_self pt-cv-readmore btn btn-success\" target=\"_self\">Leer M\u00e1s<\/a><\/div><\/div><\/div><\/div>\n<div class=\"col-md-6 col-sm-6 col-xs-12 pt-cv-content-item pt-cv-1-col\" ><div class='pt-cv-ifield'><a href=\"https:\/\/blogsaverroes.juntadeandalucia.es\/granadainfantil\/2023\/03\/10\/desarrollo-motor-en-educacion-infantil-0-3-anos\/\" class=\"_self pt-cv-href-thumbnail pt-cv-thumb-default\" target=\"_self\" ><img loading=\"lazy\" decoding=\"async\" width=\"300\" height=\"300\" src=\"https:\/\/blogsaverroes.juntadeandalucia.es\/granadainfantil\/files\/2023\/03\/AVANZANDO-EN-EDUCACI\u00d3N-INFANTIL-0-3-DESARROLLO-MOTOR-EN-EDUCACI\u00d3N-INFANTIL--300x300.png\" class=\"pt-cv-thumbnail\" alt=\"\" srcset=\"https:\/\/blogsaverroes.juntadeandalucia.es\/granadainfantil\/files\/2023\/03\/AVANZANDO-EN-EDUCACI\u00d3N-INFANTIL-0-3-DESARROLLO-MOTOR-EN-EDUCACI\u00d3N-INFANTIL--300x300.png 300w, https:\/\/blogsaverroes.juntadeandalucia.es\/granadainfantil\/files\/2023\/03\/AVANZANDO-EN-EDUCACI\u00d3N-INFANTIL-0-3-DESARROLLO-MOTOR-EN-EDUCACI\u00d3N-INFANTIL--1024x1024.png 1024w, https:\/\/blogsaverroes.juntadeandalucia.es\/granadainfantil\/files\/2023\/03\/AVANZANDO-EN-EDUCACI\u00d3N-INFANTIL-0-3-DESARROLLO-MOTOR-EN-EDUCACI\u00d3N-INFANTIL--150x150.png 150w, https:\/\/blogsaverroes.juntadeandalucia.es\/granadainfantil\/files\/2023\/03\/AVANZANDO-EN-EDUCACI\u00d3N-INFANTIL-0-3-DESARROLLO-MOTOR-EN-EDUCACI\u00d3N-INFANTIL--768x768.png 768w, https:\/\/blogsaverroes.juntadeandalucia.es\/granadainfantil\/files\/2023\/03\/AVANZANDO-EN-EDUCACI\u00d3N-INFANTIL-0-3-DESARROLLO-MOTOR-EN-EDUCACI\u00d3N-INFANTIL--80x80.png 80w, https:\/\/blogsaverroes.juntadeandalucia.es\/granadainfantil\/files\/2023\/03\/AVANZANDO-EN-EDUCACI\u00d3N-INFANTIL-0-3-DESARROLLO-MOTOR-EN-EDUCACI\u00d3N-INFANTIL--320x320.png 320w, https:\/\/blogsaverroes.juntadeandalucia.es\/granadainfantil\/files\/2023\/03\/AVANZANDO-EN-EDUCACI\u00d3N-INFANTIL-0-3-DESARROLLO-MOTOR-EN-EDUCACI\u00d3N-INFANTIL-.png 1080w\" sizes=\"(max-width: 300px) 100vw, 300px\" \/><\/a>\n<h4 class=\"pt-cv-title\"><a href=\"https:\/\/blogsaverroes.juntadeandalucia.es\/granadainfantil\/2023\/03\/10\/desarrollo-motor-en-educacion-infantil-0-3-anos\/\" class=\"_self\" target=\"_self\" >DESARROLLO MOTOR EN EDUCACI\u00d3N INFANTIL 0-3 A\u00d1OS<\/a><\/h4>\n<div class=\"pt-cv-content\"> ...<br \/><div class=\"pt-cv-rmwrap\"><a href=\"https:\/\/blogsaverroes.juntadeandalucia.es\/granadainfantil\/2023\/03\/10\/desarrollo-motor-en-educacion-infantil-0-3-anos\/\" class=\"_self pt-cv-readmore btn btn-success\" target=\"_self\">Leer M\u00e1s<\/a><\/div><\/div><\/div><\/div>\n<div class=\"col-md-6 col-sm-6 col-xs-12 pt-cv-content-item pt-cv-1-col\" ><div class='pt-cv-ifield'><a href=\"https:\/\/blogsaverroes.juntadeandalucia.es\/granadainfantil\/2023\/02\/27\/competencia-digital-docente-nivel-a1\/\" class=\"_self pt-cv-href-thumbnail pt-cv-thumb-default\" target=\"_self\" ><img loading=\"lazy\" decoding=\"async\" width=\"300\" height=\"300\" src=\"https:\/\/blogsaverroes.juntadeandalucia.es\/granadainfantil\/files\/2023\/02\/Competencia-Digital-Docente-A1-300x300.png\" class=\"pt-cv-thumbnail\" alt=\"\" srcset=\"https:\/\/blogsaverroes.juntadeandalucia.es\/granadainfantil\/files\/2023\/02\/Competencia-Digital-Docente-A1-300x300.png 300w, https:\/\/blogsaverroes.juntadeandalucia.es\/granadainfantil\/files\/2023\/02\/Competencia-Digital-Docente-A1-1024x1024.png 1024w, https:\/\/blogsaverroes.juntadeandalucia.es\/granadainfantil\/files\/2023\/02\/Competencia-Digital-Docente-A1-150x150.png 150w, https:\/\/blogsaverroes.juntadeandalucia.es\/granadainfantil\/files\/2023\/02\/Competencia-Digital-Docente-A1-768x768.png 768w, https:\/\/blogsaverroes.juntadeandalucia.es\/granadainfantil\/files\/2023\/02\/Competencia-Digital-Docente-A1-80x80.png 80w, https:\/\/blogsaverroes.juntadeandalucia.es\/granadainfantil\/files\/2023\/02\/Competencia-Digital-Docente-A1-320x320.png 320w, https:\/\/blogsaverroes.juntadeandalucia.es\/granadainfantil\/files\/2023\/02\/Competencia-Digital-Docente-A1.png 1080w\" sizes=\"(max-width: 300px) 100vw, 300px\" \/><\/a>\n<h4 class=\"pt-cv-title\"><a href=\"https:\/\/blogsaverroes.juntadeandalucia.es\/granadainfantil\/2023\/02\/27\/competencia-digital-docente-nivel-a1\/\" class=\"_self\" target=\"_self\" >COMPETENCIA DIGITAL DOCENTE NIVEL A1<\/a><\/h4>\n<div class=\"pt-cv-content\"> ...<br \/><div class=\"pt-cv-rmwrap\"><a href=\"https:\/\/blogsaverroes.juntadeandalucia.es\/granadainfantil\/2023\/02\/27\/competencia-digital-docente-nivel-a1\/\" class=\"_self pt-cv-readmore btn btn-success\" target=\"_self\">Leer M\u00e1s<\/a><\/div><\/div><\/div><\/div>\n<div class=\"col-md-6 col-sm-6 col-xs-12 pt-cv-content-item pt-cv-1-col\" ><div class='pt-cv-ifield'><a href=\"https:\/\/blogsaverroes.juntadeandalucia.es\/granadainfantil\/2022\/11\/06\/los-ambientes-de-aprendizaje-en-el-aula-de-educacion-infantil\/\" class=\"_self pt-cv-href-thumbnail pt-cv-thumb-default\" target=\"_self\" ><img loading=\"lazy\" decoding=\"async\" width=\"300\" height=\"300\" src=\"https:\/\/blogsaverroes.juntadeandalucia.es\/granadainfantil\/files\/2023\/02\/LOS-AMBIENTES-DE-APRENDIZAJE-EN-EL-AULA-DE-EDUCACI\u00d3N-INFANTIL-300x300.png\" class=\"pt-cv-thumbnail\" alt=\"\" srcset=\"https:\/\/blogsaverroes.juntadeandalucia.es\/granadainfantil\/files\/2023\/02\/LOS-AMBIENTES-DE-APRENDIZAJE-EN-EL-AULA-DE-EDUCACI\u00d3N-INFANTIL-300x300.png 300w, https:\/\/blogsaverroes.juntadeandalucia.es\/granadainfantil\/files\/2023\/02\/LOS-AMBIENTES-DE-APRENDIZAJE-EN-EL-AULA-DE-EDUCACI\u00d3N-INFANTIL-1024x1024.png 1024w, https:\/\/blogsaverroes.juntadeandalucia.es\/granadainfantil\/files\/2023\/02\/LOS-AMBIENTES-DE-APRENDIZAJE-EN-EL-AULA-DE-EDUCACI\u00d3N-INFANTIL-150x150.png 150w, https:\/\/blogsaverroes.juntadeandalucia.es\/granadainfantil\/files\/2023\/02\/LOS-AMBIENTES-DE-APRENDIZAJE-EN-EL-AULA-DE-EDUCACI\u00d3N-INFANTIL-768x768.png 768w, https:\/\/blogsaverroes.juntadeandalucia.es\/granadainfantil\/files\/2023\/02\/LOS-AMBIENTES-DE-APRENDIZAJE-EN-EL-AULA-DE-EDUCACI\u00d3N-INFANTIL-80x80.png 80w, https:\/\/blogsaverroes.juntadeandalucia.es\/granadainfantil\/files\/2023\/02\/LOS-AMBIENTES-DE-APRENDIZAJE-EN-EL-AULA-DE-EDUCACI\u00d3N-INFANTIL-320x320.png 320w, https:\/\/blogsaverroes.juntadeandalucia.es\/granadainfantil\/files\/2023\/02\/LOS-AMBIENTES-DE-APRENDIZAJE-EN-EL-AULA-DE-EDUCACI\u00d3N-INFANTIL.png 1080w\" sizes=\"(max-width: 300px) 100vw, 300px\" \/><\/a>\n<h4 class=\"pt-cv-title\"><a href=\"https:\/\/blogsaverroes.juntadeandalucia.es\/granadainfantil\/2022\/11\/06\/los-ambientes-de-aprendizaje-en-el-aula-de-educacion-infantil\/\" class=\"_self\" target=\"_self\" >LOS AMBIENTES DE APRENDIZAJE EN EL AULA DE EDUCACI\u00d3N INFANTIL<\/a><\/h4>\n<div class=\"pt-cv-content\"> ...<br \/><div class=\"pt-cv-rmwrap\"><a href=\"https:\/\/blogsaverroes.juntadeandalucia.es\/granadainfantil\/2022\/11\/06\/los-ambientes-de-aprendizaje-en-el-aula-de-educacion-infantil\/\" class=\"_self pt-cv-readmore btn btn-success\" target=\"_self\">Leer M\u00e1s<\/a><\/div><\/div><\/div><\/div><\/div><\/div><\/div>\n","protected":false},"excerpt":{"rendered":"","protected":false},"author":3720,"featured_media":0,"parent":0,"menu_order":0,"comment_status":"closed","ping_status":"closed","template":"","meta":{"ngg_post_thumbnail":0,"footnotes":""},"aioseo_notices":[],"_links":{"self":[{"href":"https:\/\/blogsaverroes.juntadeandalucia.es\/granadainfantil\/wp-json\/wp\/v2\/pages\/66"}],"collection":[{"href":"https:\/\/blogsaverroes.juntadeandalucia.es\/granadainfantil\/wp-json\/wp\/v2\/pages"}],"about":[{"href":"https:\/\/blogsaverroes.juntadeandalucia.es\/granadainfantil\/wp-json\/wp\/v2\/types\/page"}],"author":[{"embeddable":true,"href":"https:\/\/blogsaverroes.juntadeandalucia.es\/granadainfantil\/wp-json\/wp\/v2\/users\/3720"}],"replies":[{"embeddable":true,"href":"https:\/\/blogsaverroes.juntadeandalucia.es\/granadainfantil\/wp-json\/wp\/v2\/comments?post=66"}],"version-history":[{"count":2,"href":"https:\/\/blogsaverroes.juntadeandalucia.es\/granadainfantil\/wp-json\/wp\/v2\/pages\/66\/revisions"}],"predecessor-version":[{"id":192,"href":"https:\/\/blogsaverroes.juntadeandalucia.es\/granadainfantil\/wp-json\/wp\/v2\/pages\/66\/revisions\/192"}],"wp:attachment":[{"href":"https:\/\/blogsaverroes.juntadeandalucia.es\/granadainfantil\/wp-json\/wp\/v2\/media?parent=66"}],"curies":[{"name":"wp","href":"https:\/\/api.w.org\/{rel}","templated":true}]}}