{"id":434,"date":"2015-03-20T07:07:50","date_gmt":"2015-03-20T07:07:50","guid":{"rendered":"http:\/\/blogsaverroes.juntadeandalucia.es\/pre\/ceip\/?page_id=434"},"modified":"2016-10-09T21:28:01","modified_gmt":"2016-10-09T19:28:01","slug":"materiales-recursos","status":"publish","type":"page","link":"https:\/\/blogsaverroes.juntadeandalucia.es\/grancapitan\/materiales-recursos\/","title":{"rendered":"Criterios de Evaluaci\u00f3n &#8211; 2\u00ba Ciclo"},"content":{"rendered":"<ul>\n<li><a href=\"http:\/\/blogsaverroes.juntadeandalucia.es\/grancapitan\/files\/2015\/03\/Art\u00edstica_2\u00ba_Ciclo.pdf\">Art\u00edstica_2\u00ba_Ciclo<\/a><\/li>\n<li><a href=\"http:\/\/blogsaverroes.juntadeandalucia.es\/grancapitan\/files\/2015\/03\/Ciencias_Naturales_2\u00ba_Ciclo.pdf\">Ciencias_Naturales_2\u00ba_Ciclo<\/a><\/li>\n<li><a href=\"http:\/\/blogsaverroes.juntadeandalucia.es\/grancapitan\/files\/2015\/03\/Ciencias_Sociales_2\u00ba_Ciclo.pdf\">Ciencias_Sociales_2\u00ba_Ciclo<\/a><\/li>\n<li><a href=\"http:\/\/blogsaverroes.juntadeandalucia.es\/grancapitan\/files\/2015\/03\/Educaci\u00f3n_F\u00edsica_2\u00ba_Ciclo.pdf\">Educaci\u00f3n_F\u00edsica_2\u00ba_Ciclo<\/a><\/li>\n<li><a href=\"http:\/\/blogsaverroes.juntadeandalucia.es\/grancapitan\/files\/2015\/03\/Franc\u00e9s_2\u00ba_Ciclo.pdf\">Franc\u00e9s_2\u00ba_Ciclo<\/a><\/li>\n<li><a href=\"http:\/\/blogsaverroes.juntadeandalucia.es\/grancapitan\/files\/2015\/03\/Ingl\u00e9s_2\u00ba_Ciclo.pdf\">Ingl\u00e9s_2\u00ba_Ciclo<\/a><\/li>\n<li><a href=\"http:\/\/blogsaverroes.juntadeandalucia.es\/grancapitan\/files\/2015\/03\/Lengua_2\u00ba_Ciclo.pdf\">Lengua_2\u00ba_Ciclo<\/a><\/li>\n<li><a href=\"http:\/\/blogsaverroes.juntadeandalucia.es\/grancapitan\/files\/2015\/03\/Matem\u00e1ticas_2\u00ba_Ciclo.pdf\">Matem\u00e1ticas_2\u00ba_Ciclo<\/a><\/li>\n<li><a href=\"http:\/\/blogsaverroes.juntadeandalucia.es\/grancapitan\/files\/2015\/03\/Valores_Sociales_y_C\u00edvicos_2\u00ba_Ciclo.pdf\">Valores_Sociales_y_C\u00edvicos_2\u00ba_Ciclo<\/a><\/li>\n<li><a href=\"http:\/\/blogsaverroes.juntadeandalucia.es\/grancapitan\/files\/2015\/03\/Religi\u00f3n_2\u00ba_Ciclo.pdf\">Religi\u00f3n_2\u00ba_Ciclo<\/a><\/li>\n<\/ul>\n<p>(Extra\u00eddo de la<a title=\"Orden 17\/03\/2015\" href=\"http:\/\/www.adideandalucia.es\/normas\/ordenes\/Orden17marzo2015CurriculoPrimaria.pdf\" target=\"_blank\"> Orden de 17 de marzo de 2015<\/a>, por la que se desarrolla el curr\u00edculo correspondiente a la educaci\u00f3n Primaria en Andaluc\u00eda)<\/p>\n","protected":false},"excerpt":{"rendered":"<p>Art\u00edstica_2\u00ba_Ciclo Ciencias_Naturales_2\u00ba_Ciclo Ciencias_Sociales_2\u00ba_Ciclo Educaci\u00f3n_F\u00edsica_2\u00ba_Ciclo Franc\u00e9s_2\u00ba_Ciclo Ingl\u00e9s_2\u00ba_Ciclo Lengua_2\u00ba_Ciclo Matem\u00e1ticas_2\u00ba_Ciclo Valores_Sociales_y_C\u00edvicos_2\u00ba_Ciclo Religi\u00f3n_2\u00ba_Ciclo (Extra\u00eddo de la Orden de 17 de marzo de 2015, por la que se desarrolla&hellip;<\/p>\n","protected":false},"author":1,"featured_media":0,"parent":0,"menu_order":0,"comment_status":"closed","ping_status":"open","template":"","meta":{"ngg_post_thumbnail":0,"footnotes":"","_mc_calendar":[]},"aioseo_notices":[],"_links":{"self":[{"href":"https:\/\/blogsaverroes.juntadeandalucia.es\/grancapitan\/wp-json\/wp\/v2\/pages\/434"}],"collection":[{"href":"https:\/\/blogsaverroes.juntadeandalucia.es\/grancapitan\/wp-json\/wp\/v2\/pages"}],"about":[{"href":"https:\/\/blogsaverroes.juntadeandalucia.es\/grancapitan\/wp-json\/wp\/v2\/types\/page"}],"author":[{"embeddable":true,"href":"https:\/\/blogsaverroes.juntadeandalucia.es\/grancapitan\/wp-json\/wp\/v2\/users\/1"}],"replies":[{"embeddable":true,"href":"https:\/\/blogsaverroes.juntadeandalucia.es\/grancapitan\/wp-json\/wp\/v2\/comments?post=434"}],"version-history":[{"count":5,"href":"https:\/\/blogsaverroes.juntadeandalucia.es\/grancapitan\/wp-json\/wp\/v2\/pages\/434\/revisions"}],"predecessor-version":[{"id":14393,"href":"https:\/\/blogsaverroes.juntadeandalucia.es\/grancapitan\/wp-json\/wp\/v2\/pages\/434\/revisions\/14393"}],"wp:attachment":[{"href":"https:\/\/blogsaverroes.juntadeandalucia.es\/grancapitan\/wp-json\/wp\/v2\/media?parent=434"}],"curies":[{"name":"wp","href":"https:\/\/api.w.org\/{rel}","templated":true}]}}