{"id":869,"date":"2024-09-01T19:48:52","date_gmt":"2024-09-01T17:48:52","guid":{"rendered":"http:\/\/blogsaverroes.juntadeandalucia.es\/pre\/ceip\/?page_id=84"},"modified":"2025-08-16T19:42:03","modified_gmt":"2025-08-16T17:42:03","slug":"calendario-escolar","status":"publish","type":"page","link":"https:\/\/blogsaverroes.juntadeandalucia.es\/grancapitan\/calendario-escolar\/","title":{"rendered":"Calendario escolar"},"content":{"rendered":"<p style=\"text-align: left\"><strong>Calendario escolar 2025\/2026 para Montilla.<br \/>\n<\/strong><\/p>\n<h4 style=\"text-align: center\"><strong>D\u00edas lectivos y festivos de la localidad.<\/strong><\/h4>\n<p style=\"text-align: center\"><a href=\"https:\/\/blogsaverroes.juntadeandalucia.es\/grancapitan\/files\/2025\/08\/CALENDARIO-MONTILLA-2025-2026b.png\"><img loading=\"lazy\" decoding=\"async\" class=\"alignnone wp-image-22175 size-full\" src=\"https:\/\/blogsaverroes.juntadeandalucia.es\/grancapitan\/files\/2025\/08\/CALENDARIO-MONTILLA-2025-2026b.png\" alt=\"\" width=\"992\" height=\"1403\" srcset=\"https:\/\/blogsaverroes.juntadeandalucia.es\/grancapitan\/files\/2025\/08\/CALENDARIO-MONTILLA-2025-2026b.png 992w, https:\/\/blogsaverroes.juntadeandalucia.es\/grancapitan\/files\/2025\/08\/CALENDARIO-MONTILLA-2025-2026b-212x300.png 212w, https:\/\/blogsaverroes.juntadeandalucia.es\/grancapitan\/files\/2025\/08\/CALENDARIO-MONTILLA-2025-2026b-724x1024.png 724w, https:\/\/blogsaverroes.juntadeandalucia.es\/grancapitan\/files\/2025\/08\/CALENDARIO-MONTILLA-2025-2026b-768x1086.png 768w\" sizes=\"(max-width: 992px) 100vw, 992px\" \/><\/a><\/p>\n<p><a href=\"https:\/\/blogsaverroes.juntadeandalucia.es\/grancapitan\/files\/2025\/08\/Resolucion-Calendario-2025_2026.pdf\">Resoluci\u00f3n Calendario Escolar C\u00f3rdoba 2025\/26<\/a><\/p>\n","protected":false},"excerpt":{"rendered":"<p>Calendario escolar 2025\/2026 para Montilla. D\u00edas lectivos y festivos de la localidad. Resoluci\u00f3n Calendario Escolar C\u00f3rdoba 2025\/26<\/p>\n","protected":false},"author":1,"featured_media":0,"parent":0,"menu_order":0,"comment_status":"closed","ping_status":"open","template":"","meta":{"ngg_post_thumbnail":0,"footnotes":"","_mc_calendar":{"weekends":"true","shortcode":"[my_calendar weekends=&quot;true&quot;]","append":""}},"aioseo_notices":[],"_links":{"self":[{"href":"https:\/\/blogsaverroes.juntadeandalucia.es\/grancapitan\/wp-json\/wp\/v2\/pages\/869"}],"collection":[{"href":"https:\/\/blogsaverroes.juntadeandalucia.es\/grancapitan\/wp-json\/wp\/v2\/pages"}],"about":[{"href":"https:\/\/blogsaverroes.juntadeandalucia.es\/grancapitan\/wp-json\/wp\/v2\/types\/page"}],"author":[{"embeddable":true,"href":"https:\/\/blogsaverroes.juntadeandalucia.es\/grancapitan\/wp-json\/wp\/v2\/users\/1"}],"replies":[{"embeddable":true,"href":"https:\/\/blogsaverroes.juntadeandalucia.es\/grancapitan\/wp-json\/wp\/v2\/comments?post=869"}],"version-history":[{"count":22,"href":"https:\/\/blogsaverroes.juntadeandalucia.es\/grancapitan\/wp-json\/wp\/v2\/pages\/869\/revisions"}],"predecessor-version":[{"id":22177,"href":"https:\/\/blogsaverroes.juntadeandalucia.es\/grancapitan\/wp-json\/wp\/v2\/pages\/869\/revisions\/22177"}],"wp:attachment":[{"href":"https:\/\/blogsaverroes.juntadeandalucia.es\/grancapitan\/wp-json\/wp\/v2\/media?parent=869"}],"curies":[{"name":"wp","href":"https:\/\/api.w.org\/{rel}","templated":true}]}}

<p style="text-align: left"><strong>Calendario escolar 2025/2026 para Montilla.<br />
</strong></p>
<h4 style="text-align: center"><strong>Días lectivos y festivos de la localidad.</strong></h4>
<p style="text-align: center"><a href="https://blogsaverroes.juntadeandalucia.es/grancapitan/files/2025/08/CALENDARIO-MONTILLA-2025-2026b.png"><img loading="lazy" decoding="async" class="alignnone wp-image-22175 size-full" src="https://blogsaverroes.juntadeandalucia.es/grancapitan/files/2025/08/CALENDARIO-MONTILLA-2025-2026b.png" alt="" width="992" height="1403" srcset="https://blogsaverroes.juntadeandalucia.es/grancapitan/files/2025/08/CALENDARIO-MONTILLA-2025-2026b.png 992w, https://blogsaverroes.juntadeandalucia.es/grancapitan/files/2025/08/CALENDARIO-MONTILLA-2025-2026b-212x300.png 212w, https://blogsaverroes.juntadeandalucia.es/grancapitan/files/2025/08/CALENDARIO-MONTILLA-2025-2026b-724x1024.png 724w, https://blogsaverroes.juntadeandalucia.es/grancapitan/files/2025/08/CALENDARIO-MONTILLA-2025-2026b-768x1086.png 768w" sizes="(max-width: 992px) 100vw, 992px" /></a></p>
<p><a href="https://blogsaverroes.juntadeandalucia.es/grancapitan/files/2025/08/Resolucion-Calendario-2025_2026.pdf">Resolución Calendario Escolar Córdoba 2025/26</a></p>

<p>Calendario escolar 2025/2026 para Montilla. Días lectivos y festivos de la localidad. Resolución Calendario Escolar Córdoba 2025/26</p>
