{"id":2791,"date":"2018-04-12T21:08:36","date_gmt":"2018-04-12T21:08:36","guid":{"rendered":"https:\/\/granosdarena.wordpress.com\/?page_id=97"},"modified":"2018-04-12T21:08:36","modified_gmt":"2018-04-12T21:08:36","slug":"2o-bach-he","status":"publish","type":"page","link":"https:\/\/blogsaverroes.juntadeandalucia.es\/granosdarena\/2o-bach-he\/","title":{"rendered":"2\u00ba BACH-H\u00ba ESP"},"content":{"rendered":"<h2><\/h2>\n<div>\n<div>\n<div id=\"content_view\">\n<ul>\n<li>\n<h2><a name=\"x-.BIBLIOGRAF\u00cdA UTILIZADA PARA LA CONFECCI\u00d3N DE APUNTES Y DE INTER\u00c9S PARA CONSULTAR\"><\/a><a href=\"http:\/\/wikihisgear.wikispaces.com\/file\/view\/BIBLIOGRAF%C3%8DA%20APUNTES%20H%C2%AA%20ESP.%202%C2%BA%20BTO.doc\/240696953\/BIBLIOGRAF%C3%8DA%20APUNTES%20H%C2%AA%20ESP.%202%C2%BA%20BTO.doc\" target=\"_blank\" rel=\"noopener noreferrer\">-.BIBLIOGRAF\u00cdA UTILIZADA PARA LA CONFECCI\u00d3N DE APUNTES Y DE INTER\u00c9S PARA CONSULTAR<\/a><\/h2>\n<\/li>\n<li>\n<h2><a name=\"INFORMACI\u00d3N SELECTIVIDAD\"><\/a><a href=\"http:\/\/wikihisgear.wikispaces.com\/-.INFORMACI%C3%93N%20SELECTIVIDAD\">INFORMACI\u00d3N SELECTIVIDAD<\/a><\/h2>\n<\/li>\n<li>\n<h2><a name=\"APUNTES H\u00aa ESPA\u00d1A\"><\/a><a href=\"http:\/\/wikihisgear.wikispaces.com\/-.APUNTES%20H%C2%AA%20ESPA%C3%91A\">APUNTES H\u00aa ESPA\u00d1A<\/a><\/h2>\n<\/li>\n<li>\n<h2><a name=\"RES\u00daMENES H\u00aa ESPA\u00d1A\"><\/a><a href=\"http:\/\/wikihisgear.wikispaces.com\/-.RES%C3%9AMENES\">RES\u00daMENES H\u00aa ESPA\u00d1A<\/a><\/h2>\n<\/li>\n<li>\n<h2 id=\"toc4\"><a name=\"ESQUEMAS H\u00aa ESPA\u00d1A\"><\/a><a href=\"http:\/\/wikihisgear.wikispaces.com\/ESQUEMAS%202%C2%BA%20BACH.%20HISTORIA\">ESQUEMAS H\u00aa ESPA\u00d1A<\/a><\/h2>\n<\/li>\n<li>\n<h2 id=\"toc5\"><a name=\"ESQUEMAS H\u00aa ESPA\u00d1A--ACTIVIDADES\"><\/a><a href=\"http:\/\/wikihisgear.wikispaces.com\/ACTIVIDADES%20HISTORIA%20DE%20ESPA%C3%91A\">ACTIVIDADES<\/a><\/h2>\n<\/li>\n<li>\n<h2 id=\"toc6\"><a name=\"MATERIALES COMPLEMENTARIOS H\u00aa DE ESPA\u00d1A\"><\/a><a href=\"http:\/\/wikihisgear.wikispaces.com\/-.MATERIALES%20COMPLEMENTARIOS%20H%C2%AA%20DE%20ESPA%C3%91A\">MATERIALES COMPLEMENTARIOS H\u00aa DE ESPA\u00d1A<\/a><\/h2>\n<\/li>\n<li>\n<h2 id=\"toc7\"><a name=\"ESQUEMAS PARA COMENTAR FUENTES HIST\u00d3RICAS\"><\/a><a href=\"http:\/\/wikihisgear.wikispaces.com\/T%C3%89CNICAS%20DE%20TRABAJO-ESTUDIO%20PARA%20LA%20HISTORIA%20Y%20ARTE%202%C2%BA%20DE%20BACHILLERATO\" target=\"_blank\" rel=\"noopener noreferrer\">ESQUEMAS PARA COMENTAR FUENTES HIST\u00d3RICAS<\/a><\/h2>\n<\/li>\n<li>\n<h2 id=\"toc8\"><a name=\"T\u00c9CNICAS DE TRABAJO-ESTUDIO\"><\/a><a href=\"http:\/\/wikihisgear.wikispaces.com\/T%C3%89CNICAS%20DE%20TRABAJO-ESTUDIO%20PARA%20LA%20HISTORIA%20Y%20ARTE%202%C2%BA%20DE%20BACHILLERATO\">T\u00c9CNICAS DE TRABAJO-ESTUDIO<\/a><\/h2>\n<\/li>\n<\/ul>\n<h2 id=\"toc9\"><a name=\"VIDEOTECA\"><\/a>-. VIDEOTECA<\/h2>\n<ul>\n<li><span style=\"color:#000000\"><a class=\"wiki_link\" style=\"color:#000000\" href=\"https:\/\/granosdarena.wordpress.com\/2018\/07\/02\/videoteca-la-prehistoria\/\"><strong>Fragmentos para repasar la Prehistoria<\/strong><\/a><\/span><\/li>\n<li><span style=\"color:#000000\"><strong><a class=\"wiki_link\" style=\"color:#000000\" href=\"https:\/\/granosdarena.wordpress.com\/2018\/07\/08\/videoteca-la-europa-medieval\/\">Fragmentos para repasar la Edad Media en P. Ib\u00e9rica<\/a><\/strong><\/span><\/li>\n<li><span style=\"color:#000000\"><strong><a class=\"wiki_link\" style=\"color:#000000\" href=\"https:\/\/granosdarena.wordpress.com\/2018\/07\/08\/videoteca-reinos-cristianos\/\">Fragmentos para repasar la Reconquista<\/a><\/strong><\/span><\/li>\n<li><span style=\"color:#000000\"><strong><a class=\"wiki_link\" style=\"color:#000000\" href=\"https:\/\/granosdarena.wordpress.com\/2018\/07\/09\/videoteca-estado-moderno\/\">Fragmentos para repasar la Historia Moderna espa\u00f1ola<\/a><\/strong><\/span><\/li>\n<li><span style=\"color:#000000\"><strong><a class=\"wiki_link\" style=\"color:#000000\" href=\"https:\/\/granosdarena.wordpress.com\/2018\/07\/08\/videoteca-descubrimientos\/\">Fragmentos para repasar el descubrimiento y conquista de Am\u00e9rica. Pueblos precolombinos<\/a><\/strong><\/span><\/li>\n<li><span style=\"color:#000000\"><strong><a class=\"wiki_link\" style=\"color:#000000\" href=\"https:\/\/granosdarena.wordpress.com\/2018\/07\/09\/videoteca-estado-moderno\/\">Fragmentos para repasar el s. XVII espa\u00f1ol<\/a><\/strong><\/span><\/li>\n<li><span style=\"color:#000000\"><strong><a class=\"wiki_link\" style=\"color:#000000\" href=\"http:\/\/wikihisgear.wikispaces.com\/-.Fragmentos%20para%20repasar%20el%20siglo%20XVIII%20espa%C3%B1ol\">Fragmentos para repasar el siglo XVIII espa\u00f1ol<\/a><\/strong><\/span><\/li>\n<li><span style=\"color:#000000\"><strong><a class=\"wiki_link\" style=\"color:#000000\" href=\"https:\/\/granosdarena.wordpress.com\/2018\/07\/30\/videoteca-espana-s-xix\/\">Fragmentos para repasar el siglo XIX espa\u00f1ol<\/a><\/strong><\/span><\/li>\n<li><span style=\"color:#000000\"><strong><a class=\"wiki_link\" style=\"color:#000000\" href=\"https:\/\/granosdarena.wordpress.com\/2018\/07\/30\/videoteca-alfonso-xiii\/\">Fragmentos para repasar el Reinado de Alfonso XIII<\/a><\/strong><\/span><\/li>\n<li><span style=\"color:#000000\"><strong><a class=\"wiki_link\" style=\"color:#000000\" href=\"\/-.Fragmentos%20para%20repasar%20la%20II%20Rep%C3%BAblica\">Fragmentos para repasar la II Rep\u00fablica<\/a><\/strong><\/span><\/li>\n<li><a href=\"https:\/\/granosdarena.wordpress.com\/2018\/07\/30\/videoteca-guerra-civil\/\"><span style=\"color:#000000\"><strong>Fragmentos para repasar la Guerra Civil Espa\u00f1ola<\/strong><\/span><\/a><\/li>\n<li><span style=\"color:#000000\"><strong><a class=\"wiki_link\" style=\"color:#000000\" href=\"https:\/\/granosdarena.wordpress.com\/2018\/07\/30\/videoteca-dictadura-franquista\/\">Fragmentos para repasar la dictadura franquista<\/a><\/strong><\/span><\/li>\n<li><span style=\"color:#000000\"><strong><a class=\"wiki_link\" style=\"color:#000000\" href=\"https:\/\/granosdarena.wordpress.com\/2018\/07\/30\/videoteca-transicion\/\">Fragmentos para repasar la transici\u00f3n<\/a><\/strong><\/span><\/li>\n<\/ul>\n<\/div>\n<\/div>\n<\/div>\n","protected":false},"excerpt":{"rendered":"<p>-.BIBLIOGRAF\u00cdA UTILIZADA PARA LA CONFECCI\u00d3N DE APUNTES Y DE INTER\u00c9S PARA CONSULTAR INFORMACI\u00d3N SELECTIVIDAD APUNTES H\u00aa ESPA\u00d1A RES\u00daMENES H\u00aa ESPA\u00d1A ESQUEMAS H\u00aa ESPA\u00d1A ACTIVIDADES MATERIALES&hellip;<\/p>\n","protected":false},"author":7964,"featured_media":0,"parent":0,"menu_order":0,"comment_status":"closed","ping_status":"closed","template":"","meta":{"ngg_post_thumbnail":0,"footnotes":""},"aioseo_notices":[],"_links":{"self":[{"href":"https:\/\/blogsaverroes.juntadeandalucia.es\/granosdarena\/wp-json\/wp\/v2\/pages\/2791"}],"collection":[{"href":"https:\/\/blogsaverroes.juntadeandalucia.es\/granosdarena\/wp-json\/wp\/v2\/pages"}],"about":[{"href":"https:\/\/blogsaverroes.juntadeandalucia.es\/granosdarena\/wp-json\/wp\/v2\/types\/page"}],"author":[{"embeddable":true,"href":"https:\/\/blogsaverroes.juntadeandalucia.es\/granosdarena\/wp-json\/wp\/v2\/users\/7964"}],"replies":[{"embeddable":true,"href":"https:\/\/blogsaverroes.juntadeandalucia.es\/granosdarena\/wp-json\/wp\/v2\/comments?post=2791"}],"version-history":[{"count":0,"href":"https:\/\/blogsaverroes.juntadeandalucia.es\/granosdarena\/wp-json\/wp\/v2\/pages\/2791\/revisions"}],"wp:attachment":[{"href":"https:\/\/blogsaverroes.juntadeandalucia.es\/granosdarena\/wp-json\/wp\/v2\/media?parent=2791"}],"curies":[{"name":"wp","href":"https:\/\/api.w.org\/{rel}","templated":true}]}}