{"id":17,"date":"2021-02-03T16:28:55","date_gmt":"2021-02-03T16:28:55","guid":{"rendered":"https:\/\/blogsaverroes.juntadeandalucia.es\/havenglish\/?page_id=17"},"modified":"2021-02-03T16:36:29","modified_gmt":"2021-02-03T16:36:29","slug":"criterios","status":"publish","type":"page","link":"https:\/\/blogsaverroes.juntadeandalucia.es\/havenglish\/criterios\/","title":{"rendered":"Criterios"},"content":{"rendered":"<p>Para asignar a cada alumno\/a la calificaci\u00f3n correspondiente de cada trimestre, la<br \/>\nevaluaci\u00f3n sedesarrollar\u00e1 a dos niveles:<br \/>\n1) Corresponder\u00e1 al 80% de la nota y se llevar\u00e1 a cabo a partir de los resultados<br \/>\nque seobtengan en las diferentes pruebas objetivas o ex\u00e1menes que se realicen. La no<br \/>\nasistencia a una prueba escrita debe ser obligatoriamente justificada de cara<br \/>\na unaposible repetici\u00f3n, para ello se requiere el correspondiente justificante m\u00e9dico o<br \/>\nen su defecto,que el padre\/madre se ponga en contacto con el profesor, personal o<br \/>\ntelef\u00f3nicamente.<br \/>\n2) Corresponder\u00e1 al 20% restante de la nota y se llevar\u00e1 a cabo a partir de la observaci\u00f3n<br \/>\ny revisi\u00f3n sistem\u00e1tica<\/p>\n","protected":false},"excerpt":{"rendered":"<p>Para asignar a cada alumno\/a la calificaci\u00f3n correspondiente de cada trimestre, la evaluaci\u00f3n sedesarrollar\u00e1 a dos niveles: 1) Corresponder\u00e1 al 80% de la nota y se llevar\u00e1 a cabo a partir de los resultados&#46;&#46;&#46;<\/p>\n","protected":false},"author":12166,"featured_media":0,"parent":0,"menu_order":0,"comment_status":"closed","ping_status":"closed","template":"","meta":{"ngg_post_thumbnail":0,"footnotes":""},"aioseo_notices":[],"_links":{"self":[{"href":"https:\/\/blogsaverroes.juntadeandalucia.es\/havenglish\/wp-json\/wp\/v2\/pages\/17"}],"collection":[{"href":"https:\/\/blogsaverroes.juntadeandalucia.es\/havenglish\/wp-json\/wp\/v2\/pages"}],"about":[{"href":"https:\/\/blogsaverroes.juntadeandalucia.es\/havenglish\/wp-json\/wp\/v2\/types\/page"}],"author":[{"embeddable":true,"href":"https:\/\/blogsaverroes.juntadeandalucia.es\/havenglish\/wp-json\/wp\/v2\/users\/12166"}],"replies":[{"embeddable":true,"href":"https:\/\/blogsaverroes.juntadeandalucia.es\/havenglish\/wp-json\/wp\/v2\/comments?post=17"}],"version-history":[{"count":2,"href":"https:\/\/blogsaverroes.juntadeandalucia.es\/havenglish\/wp-json\/wp\/v2\/pages\/17\/revisions"}],"predecessor-version":[{"id":27,"href":"https:\/\/blogsaverroes.juntadeandalucia.es\/havenglish\/wp-json\/wp\/v2\/pages\/17\/revisions\/27"}],"wp:attachment":[{"href":"https:\/\/blogsaverroes.juntadeandalucia.es\/havenglish\/wp-json\/wp\/v2\/media?parent=17"}],"curies":[{"name":"wp","href":"https:\/\/api.w.org\/{rel}","templated":true}]}}