{"id":4205,"date":"2024-11-13T11:47:24","date_gmt":"2024-11-13T10:47:24","guid":{"rendered":"https:\/\/blogsaverroes.juntadeandalucia.es\/hercan\/?page_id=4205"},"modified":"2024-11-13T12:01:17","modified_gmt":"2024-11-13T11:01:17","slug":"programaciones-didacticas","status":"publish","type":"page","link":"https:\/\/blogsaverroes.juntadeandalucia.es\/hercan\/programaciones-didacticas\/","title":{"rendered":"PROGRAMACIONES DID\u00c1CTICAS"},"content":{"rendered":"<p>Aqu\u00ed puede consultar las Programaciones Did\u00e1cticas para el Curso 2024\/25.<\/p>\n<p><a href=\"https:\/\/drive.google.com\/drive\/folders\/1cngBZ9iWxGlPKdGtI0Bu1g7n9EU0Q9lh?usp=sharing\"><strong>INFANTIL<\/strong><\/a><\/p>\n<p><a href=\"https:\/\/drive.google.com\/drive\/folders\/1sOo-17DY-VCnSeq8DKrbV2m7a8FREziF?usp=sharing\"><strong>PRIMARIA<\/strong><\/a><\/p>\n","protected":false},"excerpt":{"rendered":"<p>Aqu\u00ed puede consultar las Programaciones Did\u00e1cticas para el Curso 2024\/25. INFANTIL PRIMARIA<\/p>\n","protected":false},"author":1447,"featured_media":0,"parent":0,"menu_order":0,"comment_status":"closed","ping_status":"closed","template":"","meta":{"ngg_post_thumbnail":0,"footnotes":""},"aioseo_notices":[],"_links":{"self":[{"href":"https:\/\/blogsaverroes.juntadeandalucia.es\/hercan\/wp-json\/wp\/v2\/pages\/4205"}],"collection":[{"href":"https:\/\/blogsaverroes.juntadeandalucia.es\/hercan\/wp-json\/wp\/v2\/pages"}],"about":[{"href":"https:\/\/blogsaverroes.juntadeandalucia.es\/hercan\/wp-json\/wp\/v2\/types\/page"}],"author":[{"embeddable":true,"href":"https:\/\/blogsaverroes.juntadeandalucia.es\/hercan\/wp-json\/wp\/v2\/users\/1447"}],"replies":[{"embeddable":true,"href":"https:\/\/blogsaverroes.juntadeandalucia.es\/hercan\/wp-json\/wp\/v2\/comments?post=4205"}],"version-history":[{"count":3,"href":"https:\/\/blogsaverroes.juntadeandalucia.es\/hercan\/wp-json\/wp\/v2\/pages\/4205\/revisions"}],"predecessor-version":[{"id":4211,"href":"https:\/\/blogsaverroes.juntadeandalucia.es\/hercan\/wp-json\/wp\/v2\/pages\/4205\/revisions\/4211"}],"wp:attachment":[{"href":"https:\/\/blogsaverroes.juntadeandalucia.es\/hercan\/wp-json\/wp\/v2\/media?parent=4205"}],"curies":[{"name":"wp","href":"https:\/\/api.w.org\/{rel}","templated":true}]}}

PROGRAMACIONES DIDÁCTICAS

<p>Aquí puede consultar las Programaciones Didácticas para el Curso 2024/25.</p>
<p><a href="https://drive.google.com/drive/folders/1cngBZ9iWxGlPKdGtI0Bu1g7n9EU0Q9lh?usp=sharing"><strong>INFANTIL</strong></a></p>
<p><a href="https://drive.google.com/drive/folders/1sOo-17DY-VCnSeq8DKrbV2m7a8FREziF?usp=sharing"><strong>PRIMARIA</strong></a></p>

<p>Aquí puede consultar las Programaciones Didácticas para el Curso 2024/25. INFANTIL PRIMARIA</p>
