{"id":162,"date":"2021-09-16T18:34:38","date_gmt":"2021-09-16T18:34:38","guid":{"rendered":"https:\/\/blogsaverroes.juntadeandalucia.es\/herramientasmultimedia\/?page_id=162"},"modified":"2021-09-16T18:34:38","modified_gmt":"2021-09-16T18:34:38","slug":"biblioteca-escolar","status":"publish","type":"page","link":"https:\/\/blogsaverroes.juntadeandalucia.es\/herramientasmultimedia\/biblioteca-escolar\/","title":{"rendered":"biblioteca escolar"},"content":{"rendered":"<p style=\"text-align: center\"><span style=\"font-family: comic sans ms,sans-serif\"><span style=\"background-color: #339966\"><img loading=\"lazy\" decoding=\"async\" src=\"http:\/\/www.juntadeandalucia.es\/averroes\/centros-tic\/04005594\/helvia\/sitio\/upload\/img\/pez11.gif\" width=\"385\" height=\"132\" border=\"0\"><\/span><\/span><\/p>\n<p style=\"text-align: center\"><span style=\"font-family: comic sans ms,sans-serif\"><span style=\"background-color: #339966\"><strong><span style=\"background-color: #008000\"><span style=\"color: #ffffff\"><span style=\"font-size: 14pt\">&nbsp;&nbsp; BIBLIOTECA ESCOLAR&nbsp;&nbsp;<\/span><\/span><\/span><\/strong><\/span><\/span><\/p>\n<p style=\"text-align: center\">\n<object data=\"http:\/\/www.juntadeandalucia.es\/averroes\/centros-tic\/04005594\/helvia\/sitio\/upload\/img\/can13.swf\" type=\"application\/x-shockwave-flash\" width=\"13\" height=\"9\"><param name=\"data\" value=\"http:\/\/www.juntadeandalucia.es\/averroes\/centros-tic\/04005594\/helvia\/sitio\/upload\/img\/can13.swf\"><param name=\"src\" value=\"http:\/\/www.juntadeandalucia.es\/averroes\/centros-tic\/04005594\/helvia\/sitio\/upload\/img\/can13.swf\"><param name=\"wmode\" value=\"transparent\"><param name=\"quality\" value=\"high\"><param name=\"menu\" value=\"false\"><\/object><br \/>\n<img loading=\"lazy\" decoding=\"async\" src=\"http:\/\/www.juntadeandalucia.es\/averroes\/centros-tic\/04005594\/helvia\/sitio\/upload\/img\/biblomov.gif\" width=\"170\" height=\"217\" border=\"0\"><img loading=\"lazy\" decoding=\"async\" src=\"http:\/\/www.juntadeandalucia.es\/averroes\/centros-tic\/04005594\/helvia\/sitio\/upload\/img\/libros.gif\" width=\"87\" height=\"192\" border=\"0\"><\/p>\n<p style=\"text-align: justify\">&nbsp;<span style=\"font-family: comic sans ms,sans-serif\"><span style=\"background-color: #ffffff\"><span style=\"font-size: 12pt;line-height: 107%\">\u00a1Hola! Mi nombre es <strong><span style=\"color: #800080\">Lector\u00edn<\/span><\/strong> y soy un rat\u00f3n que vive en&nbsp;<span style=\"text-decoration: underline\"><strong><span style=\"color: #808000\">la<\/span><span style=\"color: #808000\"> biblioteca <\/span><\/strong><\/span>del C.E.I.P. Arco Iris. Me gusta mucho leer libros y que los ni\u00f1os y ni\u00f1as del colegio vengan a visitarme. Aunque si hacen mucho ruido me asusto un poco y me escondo. <\/span><\/span><\/span><\/p>\n<p class=\"MsoNormal\" style=\"text-align: justify;margin: 0cm 0cm 8pt\"><span style=\"font-size: 12pt;line-height: 107%\"><span style=\"font-family: comic sans ms,sans-serif\">En la biblioteca hay un mont\u00f3n de libros de piratas, castillos, hadas, princesas, animales que hablan\u2026 en fin muchas aventuras. Para los m\u00e1s mayores hay libros que te trasportan a unos mundos incre\u00edbles con sus historias, otros que te cuentan historias reales, otros de personajes fant\u00e1sticos o de terror\u2026 <strong><span style=\"color: #800000\">\u00a1Incluso tenemos libros en Ingl\u00e9s!<\/span><\/strong><\/span><\/span><\/p>\n<p class=\"MsoNormal\" style=\"text-align: justify;margin: 0cm 0cm 8pt\"><span style=\"font-size: 12pt;line-height: 107%\"><span style=\"font-family: comic sans ms,sans-serif\">Adem\u00e1s, cuando alguna maestra o maestro manda un trabajo los ni\u00f1os vienen a la biblioteca a buscar informaci\u00f3n. Tenemos libros: de historia, plantas, animales, cient\u00edficos, enciclopedias\u2026 para que puedan hacer trabajos preciosos.<\/span><\/span><\/p>\n<p class=\"MsoNormal\" style=\"text-align: justify;margin: 0cm 0cm 8pt\"><span style=\"font-size: 12pt;line-height: 107%\"><span style=\"font-family: comic sans ms,sans-serif\">Entre todos intentamos que la biblioteca est\u00e9 lo m\u00e1s bonita posible, en el pasillo se cuelgan algunos trabajos de los alumnos del colegio para que todo el mundo los pueda ver. <span style=\"color: #800000\"><strong>\u00a1Cada d\u00eda est\u00e1 m\u00e1s bonito!<\/strong><\/span><\/span><\/span><\/p>\n<p class=\"MsoNormal\" style=\"text-align: justify;margin: 0cm 0cm 8pt\"><span style=\"font-size: 12pt;line-height: 107%\"><span style=\"font-family: comic sans ms,sans-serif\">Todos los ni\u00f1os y ni\u00f1as del colegio tienen <strong><span style=\"color: #ff6600\">\u00ab<\/span><\/strong><span style=\"color: #ff6600\"><strong>un carn\u00e9\u00bb<\/strong> <\/span>para poder llevarse libros y la verdad que estoy muy contento porque cada recreo vienen muchos ni\u00f1os y ni\u00f1as a visitarme y llevarse sus libros. <\/span><a name=\"_GoBack\"><\/a><\/span><\/p>\n<p class=\"MsoNormal\" style=\"text-align: justify;margin: 0cm 0cm 8pt\"><span style=\"font-size: 12pt;line-height: 107%\"><span style=\"font-family: comic sans ms,sans-serif\">Los viernes realizan actividades como cuentacuentos y me lo paso genial viendo a los ni\u00f1os actuar. Tambi\u00e9n hemos realizado una Feria del Libro y lo pasamos genial.<\/span><\/span><\/p>\n<p class=\"MsoNormal\" style=\"text-align: justify;margin: 0cm 0cm 8pt\"><span style=\"font-size: 12pt;line-height: 107%\"><span style=\"font-family: comic sans ms,sans-serif\">Tenemos&nbsp;un <span style=\"background-color: #800000\"><span style=\"color: #ffffff\">&nbsp;\u00abBlog\u00bb<\/span><\/span> para que pod\u00e1is ver todo lo que hacemos en la biblioteca en el que ponemos fotograf\u00edas y videos de las actividades que realizamos, recomendamos libros, te puedes informar de los libros nuevos que llegan a nuestra biblioteca o tener informaci\u00f3n sobre la lectura para los pap\u00e1s.<\/span><\/span><\/p>\n<p class=\"MsoNormal\" style=\"text-align: center;margin: 0cm 0cm 8pt\"><span><span style=\"font-family: comic sans ms,sans-serif\">&nbsp;&nbsp;&nbsp;&nbsp;<\/span><\/span><strong><span style=\"font-size: 16pt;line-height: 107%\"><span style=\"font-family: comic sans ms,sans-serif\"><span style=\"color: #800000\">\u00a1No olvides visitarnos con frecuencia!<\/span> <\/span><\/span><\/strong><\/p>\n<p class=\"MsoNormal\" style=\"text-align: center;margin: 0cm 0cm 8pt\"><span style=\"font-size: 16pt;line-height: 107%\"><span style=\"font-family: comic sans ms,sans-serif\">\u00a1\u00a1\u00a1Abrimos en octubre!!!<\/span><\/span><\/p>\n<p class=\"MsoNormal\" style=\"text-align: center;margin: 0cm 0cm 8pt\"><span style=\"font-size: 16pt;line-height: 107%\"><span style=\"font-family: comic sans ms,sans-serif\">HORARIO BIBLIOTECA<\/span><\/span><\/p>\n<p class=\"MsoNormal\" style=\"text-align: center;margin: 0cm 0cm 8pt\"><span style=\"font-size: 16pt;line-height: 107%\"><span style=\"font-family: comic sans ms,sans-serif\"><img decoding=\"async\" src=\"http:\/\/www.juntadeandalucia.es\/averroes\/centros-tic\/04005594\/helvia\/sitio\/upload\/img\/horariobiblio_1.png\" border=\"0\"><\/span><\/span><\/p>\n<p class=\"MsoNormal\" style=\"text-align: center;margin: 0cm 0cm 8pt\"><span style=\"font-size: 12pt\"><span style=\"line-height: 107%\"><span style=\"font-family: comic sans ms,sans-serif\"><span style=\"background-color: #ffff99\">NOTA<\/span>: <span style=\"color: #ff0000\">SUSPENDIDO EL PRESTAMO DE LIBROS DURANTE EL CURSO 20-21&nbsp;<\/span><\/span><\/span><span style=\"color: #ff0000\">(por la situaci\u00f3n Covid-19) como medida de seguridad<\/span>.<\/span><\/p>\n<p style=\"text-align: center\"><span style=\"font-family: comic sans ms,sans-serif\"><span style=\"background-color: #ffffff\"><span style=\"font-family: comic sans ms,sans-serif\"><strong><span style=\"font-size: 10pt\"><span style=\"background-color: #800000\"><span style=\"color: #ffffff\"><span style=\"background-color: #ffffff\"><span style=\"background-color: #800000\"><span style=\"font-size: 12pt\">&nbsp; BLOG BIBLIOTECA ESCOLAR&nbsp;&nbsp;<span style=\"background-color: #ffffff\">&nbsp;<\/span><\/span><\/span><\/span><\/span><\/span><\/span><\/strong><\/span><\/span><\/span><\/p>\n<p style=\"text-align: center\"><span style=\"font-family: comic sans ms,sans-serif\"><span style=\"background-color: #ffffff\"><span style=\"font-family: comic sans ms,sans-serif\"><strong><span style=\"font-size: 10pt\"><span style=\"background-color: #800000\"><span style=\"color: #ffffff\"><span style=\"background-color: #ffffff\"><span style=\"background-color: #800000\"><span style=\"background-color: #ffffff\">&nbsp;<\/span><\/span><img loading=\"lazy\" decoding=\"async\" src=\"http:\/\/www.juntadeandalucia.es\/averroes\/centros-tic\/04005594\/helvia\/sitio\/upload\/img\/biblomov.gif\" width=\"60\" height=\"69\" border=\"0\"><\/span><\/span><\/span> &gt;&gt;&gt; <\/span><\/strong><\/span><a href=\"http:\/\/lectorin2013.blogspot.com.es\/\"><span style=\"font-family: comic sans ms,sans-serif\"><span style=\"font-size: 12pt\"><span style=\"background-color: #800000\"><span style=\"color: #ffffff\"><strong><span style=\"font-size: 10pt\">http:\/\/lectorin2013.blogspot.com.es\/<\/span><\/strong><\/span><\/span><\/span><\/span><\/a><\/span><\/span><\/p>\n<p style=\"text-align: center\"><span style=\"font-family: comic sans ms,sans-serif\"><span style=\"background-color: #ffffff\">&gt;&gt;&gt; <a href=\"http:\/\/www.juntadeandalucia.es\/averroes\/centros-tic\/04005594\/biblioweb\"><span style=\"color: #ffffff\"><span style=\"background-color: #993300\">biblioWeb<\/span><\/span><\/a><br \/>\n<\/span><\/span><\/p>\n","protected":false},"excerpt":{"rendered":"<p>&nbsp;&nbsp; BIBLIOTECA ESCOLAR&nbsp;&nbsp; &nbsp;\u00a1Hola! Mi nombre es Lector\u00edn y soy un rat\u00f3n que vive en&nbsp;la biblioteca del C.E.I.P. Arco Iris. Me gusta mucho leer libros y que los ni\u00f1os y ni\u00f1as del colegio vengan&#46;&#46;&#46;<\/p>\n","protected":false},"author":2254,"featured_media":0,"parent":0,"menu_order":0,"comment_status":"closed","ping_status":"closed","template":"","meta":{"ngg_post_thumbnail":0,"footnotes":""},"aioseo_notices":[],"_links":{"self":[{"href":"https:\/\/blogsaverroes.juntadeandalucia.es\/herramientasmultimedia\/wp-json\/wp\/v2\/pages\/162"}],"collection":[{"href":"https:\/\/blogsaverroes.juntadeandalucia.es\/herramientasmultimedia\/wp-json\/wp\/v2\/pages"}],"about":[{"href":"https:\/\/blogsaverroes.juntadeandalucia.es\/herramientasmultimedia\/wp-json\/wp\/v2\/types\/page"}],"author":[{"embeddable":true,"href":"https:\/\/blogsaverroes.juntadeandalucia.es\/herramientasmultimedia\/wp-json\/wp\/v2\/users\/2254"}],"replies":[{"embeddable":true,"href":"https:\/\/blogsaverroes.juntadeandalucia.es\/herramientasmultimedia\/wp-json\/wp\/v2\/comments?post=162"}],"version-history":[{"count":1,"href":"https:\/\/blogsaverroes.juntadeandalucia.es\/herramientasmultimedia\/wp-json\/wp\/v2\/pages\/162\/revisions"}],"predecessor-version":[{"id":163,"href":"https:\/\/blogsaverroes.juntadeandalucia.es\/herramientasmultimedia\/wp-json\/wp\/v2\/pages\/162\/revisions\/163"}],"wp:attachment":[{"href":"https:\/\/blogsaverroes.juntadeandalucia.es\/herramientasmultimedia\/wp-json\/wp\/v2\/media?parent=162"}],"curies":[{"name":"wp","href":"https:\/\/api.w.org\/{rel}","templated":true}]}}

<p style="text-align: center"><span style="font-family: comic sans ms,sans-serif"><span style="background-color: #339966"><img loading="lazy" decoding="async" src="http://www.juntadeandalucia.es/averroes/centros-tic/04005594/helvia/sitio/upload/img/pez11.gif" width="385" height="132" border="0"></span></span></p>
<p style="text-align: center"><span style="font-family: comic sans ms,sans-serif"><span style="background-color: #339966"><strong><span style="background-color: #008000"><span style="color: #ffffff"><span style="font-size: 14pt">&nbsp;&nbsp; BIBLIOTECA ESCOLAR&nbsp;&nbsp;</span></span></span></strong></span></span></p>
<p style="text-align: center">
<object data="http://www.juntadeandalucia.es/averroes/centros-tic/04005594/helvia/sitio/upload/img/can13.swf" type="application/x-shockwave-flash" width="13" height="9"><param name="data" value="http://www.juntadeandalucia.es/averroes/centros-tic/04005594/helvia/sitio/upload/img/can13.swf"><param name="src" value="http://www.juntadeandalucia.es/averroes/centros-tic/04005594/helvia/sitio/upload/img/can13.swf"><param name="wmode" value="transparent"><param name="quality" value="high"><param name="menu" value="false"></object><br />
<img loading="lazy" decoding="async" src="http://www.juntadeandalucia.es/averroes/centros-tic/04005594/helvia/sitio/upload/img/biblomov.gif" width="170" height="217" border="0"><img loading="lazy" decoding="async" src="http://www.juntadeandalucia.es/averroes/centros-tic/04005594/helvia/sitio/upload/img/libros.gif" width="87" height="192" border="0"></p>
<p style="text-align: justify">&nbsp;<span style="font-family: comic sans ms,sans-serif"><span style="background-color: #ffffff"><span style="font-size: 12pt;line-height: 107%">¡Hola! Mi nombre es <strong><span style="color: #800080">Lectorín</span></strong> y soy un ratón que vive en&nbsp;<span style="text-decoration: underline"><strong><span style="color: #808000">la</span><span style="color: #808000"> biblioteca </span></strong></span>del C.E.I.P. Arco Iris. Me gusta mucho leer libros y que los niños y niñas del colegio vengan a visitarme. Aunque si hacen mucho ruido me asusto un poco y me escondo. </span></span></span></p>
<p class="MsoNormal" style="text-align: justify;margin: 0cm 0cm 8pt"><span style="font-size: 12pt;line-height: 107%"><span style="font-family: comic sans ms,sans-serif">En la biblioteca hay un montón de libros de piratas, castillos, hadas, princesas, animales que hablan… en fin muchas aventuras. Para los más mayores hay libros que te trasportan a unos mundos increíbles con sus historias, otros que te cuentan historias reales, otros de personajes fantásticos o de terror… <strong><span style="color: #800000">¡Incluso tenemos libros en Inglés!</span></strong></span></span></p>
<p class="MsoNormal" style="text-align: justify;margin: 0cm 0cm 8pt"><span style="font-size: 12pt;line-height: 107%"><span style="font-family: comic sans ms,sans-serif">Además, cuando alguna maestra o maestro manda un trabajo los niños vienen a la biblioteca a buscar información. Tenemos libros: de historia, plantas, animales, científicos, enciclopedias… para que puedan hacer trabajos preciosos.</span></span></p>
<p class="MsoNormal" style="text-align: justify;margin: 0cm 0cm 8pt"><span style="font-size: 12pt;line-height: 107%"><span style="font-family: comic sans ms,sans-serif">Entre todos intentamos que la biblioteca esté lo más bonita posible, en el pasillo se cuelgan algunos trabajos de los alumnos del colegio para que todo el mundo los pueda ver. <span style="color: #800000"><strong>¡Cada día está más bonito!</strong></span></span></span></p>
<p class="MsoNormal" style="text-align: justify;margin: 0cm 0cm 8pt"><span style="font-size: 12pt;line-height: 107%"><span style="font-family: comic sans ms,sans-serif">Todos los niños y niñas del colegio tienen <strong><span style="color: #ff6600">«</span></strong><span style="color: #ff6600"><strong>un carné»</strong> </span>para poder llevarse libros y la verdad que estoy muy contento porque cada recreo vienen muchos niños y niñas a visitarme y llevarse sus libros. </span><a name="_GoBack"></a></span></p>
<p class="MsoNormal" style="text-align: justify;margin: 0cm 0cm 8pt"><span style="font-size: 12pt;line-height: 107%"><span style="font-family: comic sans ms,sans-serif">Los viernes realizan actividades como cuentacuentos y me lo paso genial viendo a los niños actuar. También hemos realizado una Feria del Libro y lo pasamos genial.</span></span></p>
<p class="MsoNormal" style="text-align: justify;margin: 0cm 0cm 8pt"><span style="font-size: 12pt;line-height: 107%"><span style="font-family: comic sans ms,sans-serif">Tenemos&nbsp;un <span style="background-color: #800000"><span style="color: #ffffff">&nbsp;«Blog»</span></span> para que podáis ver todo lo que hacemos en la biblioteca en el que ponemos fotografías y videos de las actividades que realizamos, recomendamos libros, te puedes informar de los libros nuevos que llegan a nuestra biblioteca o tener información sobre la lectura para los papás.</span></span></p>
<p class="MsoNormal" style="text-align: center;margin: 0cm 0cm 8pt"><span><span style="font-family: comic sans ms,sans-serif">&nbsp;&nbsp;&nbsp;&nbsp;</span></span><strong><span style="font-size: 16pt;line-height: 107%"><span style="font-family: comic sans ms,sans-serif"><span style="color: #800000">¡No olvides visitarnos con frecuencia!</span> </span></span></strong></p>
<p class="MsoNormal" style="text-align: center;margin: 0cm 0cm 8pt"><span style="font-size: 16pt;line-height: 107%"><span style="font-family: comic sans ms,sans-serif">¡¡¡Abrimos en octubre!!!</span></span></p>
<p class="MsoNormal" style="text-align: center;margin: 0cm 0cm 8pt"><span style="font-size: 16pt;line-height: 107%"><span style="font-family: comic sans ms,sans-serif">HORARIO BIBLIOTECA</span></span></p>
<p class="MsoNormal" style="text-align: center;margin: 0cm 0cm 8pt"><span style="font-size: 16pt;line-height: 107%"><span style="font-family: comic sans ms,sans-serif"><img decoding="async" src="http://www.juntadeandalucia.es/averroes/centros-tic/04005594/helvia/sitio/upload/img/horariobiblio_1.png" border="0"></span></span></p>
<p class="MsoNormal" style="text-align: center;margin: 0cm 0cm 8pt"><span style="font-size: 12pt"><span style="line-height: 107%"><span style="font-family: comic sans ms,sans-serif"><span style="background-color: #ffff99">NOTA</span>: <span style="color: #ff0000">SUSPENDIDO EL PRESTAMO DE LIBROS DURANTE EL CURSO 20-21&nbsp;</span></span></span><span style="color: #ff0000">(por la situación Covid-19) como medida de seguridad</span>.</span></p>
<p style="text-align: center"><span style="font-family: comic sans ms,sans-serif"><span style="background-color: #ffffff"><span style="font-family: comic sans ms,sans-serif"><strong><span style="font-size: 10pt"><span style="background-color: #800000"><span style="color: #ffffff"><span style="background-color: #ffffff"><span style="background-color: #800000"><span style="font-size: 12pt">&nbsp; BLOG BIBLIOTECA ESCOLAR&nbsp;&nbsp;<span style="background-color: #ffffff">&nbsp;</span></span></span></span></span></span></span></strong></span></span></span></p>
<p style="text-align: center"><span style="font-family: comic sans ms,sans-serif"><span style="background-color: #ffffff"><span style="font-family: comic sans ms,sans-serif"><strong><span style="font-size: 10pt"><span style="background-color: #800000"><span style="color: #ffffff"><span style="background-color: #ffffff"><span style="background-color: #800000"><span style="background-color: #ffffff">&nbsp;</span></span><img loading="lazy" decoding="async" src="http://www.juntadeandalucia.es/averroes/centros-tic/04005594/helvia/sitio/upload/img/biblomov.gif" width="60" height="69" border="0"></span></span></span> &gt;&gt;&gt; </span></strong></span><a href="http://lectorin2013.blogspot.com.es/"><span style="font-family: comic sans ms,sans-serif"><span style="font-size: 12pt"><span style="background-color: #800000"><span style="color: #ffffff"><strong><span style="font-size: 10pt">http://lectorin2013.blogspot.com.es/</span></strong></span></span></span></span></a></span></span></p>
<p style="text-align: center"><span style="font-family: comic sans ms,sans-serif"><span style="background-color: #ffffff">&gt;&gt;&gt; <a href="http://www.juntadeandalucia.es/averroes/centros-tic/04005594/biblioweb"><span style="color: #ffffff"><span style="background-color: #993300">biblioWeb</span></span></a><br />
</span></span></p>

<p>&nbsp;&nbsp; BIBLIOTECA ESCOLAR&nbsp;&nbsp; &nbsp;¡Hola! Mi nombre es Lectorín y soy un ratón que vive en&nbsp;la biblioteca del C.E.I.P. Arco Iris. Me gusta mucho leer libros y que los niños y niñas del colegio vengan&#46;&#46;&#46;</p>
