{"id":2097,"date":"2023-02-09T18:54:58","date_gmt":"2023-02-09T18:54:58","guid":{"rendered":"http:\/\/blogsaverroes.juntadeandalucia.es\/hudeca1\/?page_id=2097"},"modified":"2023-02-12T20:12:52","modified_gmt":"2023-02-12T20:12:52","slug":"p-e-l-o","status":"publish","type":"page","link":"https:\/\/blogsaverroes.juntadeandalucia.es\/hudeca1\/p-e-l-o\/","title":{"rendered":"| P.E.L.O. |"},"content":{"rendered":"<p>El programa de Estimulaci\u00f3n del Lenguaje Oral &nbsp;tiene como finalidad &nbsp;el desarrollo del lenguaje y la prevenci\u00f3n de dificultades. La adquisici\u00f3n y desarrollo del lenguaje es quiz\u00e1s el aprendizaje m\u00e1s importante que deben realizar los ni\u00f1os y ni\u00f1as en sus primeros a\u00f1os de vida. De c\u00f3mo se estimule y progrese este aprendizaje depender\u00e1n las interacciones sociales que el ni\u00f1o\/a&nbsp; establezca y de \u00e9stas, a su vez, una mayor y mejor estimulaci\u00f3n y comprensi\u00f3n del mundo que le rodea, convirti\u00e9ndose as\u00ed en un pilar fundamental del aprendizaje.<\/p>\n","protected":false},"excerpt":{"rendered":"<p>El programa de Estimulaci\u00f3n del Lenguaje Oral &nbsp;tiene como finalidad &nbsp;el desarrollo del lenguaje y la prevenci\u00f3n de dificultades. La adquisici\u00f3n y desarrollo del lenguaje es quiz\u00e1s el aprendizaje m\u00e1s importante que deben realizar los ni\u00f1os y ni\u00f1as en sus primeros a\u00f1os de vida. De c\u00f3mo se estimule y progrese este aprendizaje depender\u00e1n las interacciones &hellip; <\/p>\n<p class=\"link-more\"><a href=\"https:\/\/blogsaverroes.juntadeandalucia.es\/hudeca1\/p-e-l-o\/\" class=\"more-link\">Continuar leyendo<span class=\"screen-reader-text\"> \u00ab| P.E.L.O. |\u00bb<\/span><\/a><\/p>\n","protected":false},"author":5309,"featured_media":0,"parent":0,"menu_order":0,"comment_status":"closed","ping_status":"closed","template":"","meta":{"ngg_post_thumbnail":0,"footnotes":""},"aioseo_notices":[],"_links":{"self":[{"href":"https:\/\/blogsaverroes.juntadeandalucia.es\/hudeca1\/wp-json\/wp\/v2\/pages\/2097"}],"collection":[{"href":"https:\/\/blogsaverroes.juntadeandalucia.es\/hudeca1\/wp-json\/wp\/v2\/pages"}],"about":[{"href":"https:\/\/blogsaverroes.juntadeandalucia.es\/hudeca1\/wp-json\/wp\/v2\/types\/page"}],"author":[{"embeddable":true,"href":"https:\/\/blogsaverroes.juntadeandalucia.es\/hudeca1\/wp-json\/wp\/v2\/users\/5309"}],"replies":[{"embeddable":true,"href":"https:\/\/blogsaverroes.juntadeandalucia.es\/hudeca1\/wp-json\/wp\/v2\/comments?post=2097"}],"version-history":[{"count":2,"href":"https:\/\/blogsaverroes.juntadeandalucia.es\/hudeca1\/wp-json\/wp\/v2\/pages\/2097\/revisions"}],"predecessor-version":[{"id":2100,"href":"https:\/\/blogsaverroes.juntadeandalucia.es\/hudeca1\/wp-json\/wp\/v2\/pages\/2097\/revisions\/2100"}],"wp:attachment":[{"href":"https:\/\/blogsaverroes.juntadeandalucia.es\/hudeca1\/wp-json\/wp\/v2\/media?parent=2097"}],"curies":[{"name":"wp","href":"https:\/\/api.w.org\/{rel}","templated":true}]}}