{"id":2628,"date":"2026-02-04T12:14:44","date_gmt":"2026-02-04T12:14:44","guid":{"rendered":"https:\/\/blogsaverroes.juntadeandalucia.es\/hudeca1\/?page_id=2628"},"modified":"2026-02-04T12:14:44","modified_gmt":"2026-02-04T12:14:44","slug":"actividades-ampa","status":"publish","type":"page","link":"https:\/\/blogsaverroes.juntadeandalucia.es\/hudeca1\/actividades-ampa\/","title":{"rendered":"|ACTIVIDADES AMPA|"},"content":{"rendered":"<p><span style=\"font-family: 'comic sans ms', sans-serif\">Ven con nosotr@s a celebrar el D\u00eda de La PAZ, con el Desayuno Solidario que organiza nuestra AMPA.<\/span><\/p>\n<p><a href=\"https:\/\/blogsaverroes.juntadeandalucia.es\/hudeca1\/files\/2026\/01\/desayuno-paz.jpg\"><img loading=\"lazy\" decoding=\"async\" class=\"aligncenter wp-image-2582 size-full\" src=\"https:\/\/blogsaverroes.juntadeandalucia.es\/hudeca1\/files\/2026\/01\/desayuno-paz.jpg\" alt=\"\" width=\"1131\" height=\"1600\" srcset=\"https:\/\/blogsaverroes.juntadeandalucia.es\/hudeca1\/files\/2026\/01\/desayuno-paz.jpg 1131w, https:\/\/blogsaverroes.juntadeandalucia.es\/hudeca1\/files\/2026\/01\/desayuno-paz-212x300.jpg 212w, https:\/\/blogsaverroes.juntadeandalucia.es\/hudeca1\/files\/2026\/01\/desayuno-paz-724x1024.jpg 724w, https:\/\/blogsaverroes.juntadeandalucia.es\/hudeca1\/files\/2026\/01\/desayuno-paz-768x1086.jpg 768w, https:\/\/blogsaverroes.juntadeandalucia.es\/hudeca1\/files\/2026\/01\/desayuno-paz-1086x1536.jpg 1086w\" sizes=\"(max-width: 767px) 89vw, (max-width: 1000px) 54vw, (max-width: 1071px) 543px, 580px\" \/><\/a><\/p>\n<p><span style=\"font-family: 'comic sans ms', sans-serif\">Las familias de nuestro \u00abCole\u00bb organizan una gran despedida de curso en el PARQUE DEL ALAMILLO. <\/span><\/p>\n<p><span style=\"font-family: 'comic sans ms', sans-serif\">\u00a1No te lo pierdas!<\/span><\/p>\n<p><a href=\"https:\/\/blogsaverroes.juntadeandalucia.es\/hudeca1\/files\/2024\/06\/Fiesta-Fin-Curso-AMPA.jpg\"><img loading=\"lazy\" decoding=\"async\" class=\"aligncenter wp-image-2415 size-full\" src=\"https:\/\/blogsaverroes.juntadeandalucia.es\/hudeca1\/files\/2024\/06\/Fiesta-Fin-Curso-AMPA.jpg\" alt=\"\" width=\"1130\" height=\"1600\" srcset=\"https:\/\/blogsaverroes.juntadeandalucia.es\/hudeca1\/files\/2024\/06\/Fiesta-Fin-Curso-AMPA.jpg 1130w, https:\/\/blogsaverroes.juntadeandalucia.es\/hudeca1\/files\/2024\/06\/Fiesta-Fin-Curso-AMPA-212x300.jpg 212w, https:\/\/blogsaverroes.juntadeandalucia.es\/hudeca1\/files\/2024\/06\/Fiesta-Fin-Curso-AMPA-723x1024.jpg 723w, https:\/\/blogsaverroes.juntadeandalucia.es\/hudeca1\/files\/2024\/06\/Fiesta-Fin-Curso-AMPA-768x1087.jpg 768w, https:\/\/blogsaverroes.juntadeandalucia.es\/hudeca1\/files\/2024\/06\/Fiesta-Fin-Curso-AMPA-1085x1536.jpg 1085w, https:\/\/blogsaverroes.juntadeandalucia.es\/hudeca1\/files\/2024\/06\/Fiesta-Fin-Curso-AMPA-17x24.jpg 17w, https:\/\/blogsaverroes.juntadeandalucia.es\/hudeca1\/files\/2024\/06\/Fiesta-Fin-Curso-AMPA-25x36.jpg 25w, https:\/\/blogsaverroes.juntadeandalucia.es\/hudeca1\/files\/2024\/06\/Fiesta-Fin-Curso-AMPA-34x48.jpg 34w\" sizes=\"(max-width: 767px) 89vw, (max-width: 1000px) 54vw, (max-width: 1071px) 543px, 580px\" \/><\/a><\/p>\n<p><span style=\"font-family: 'comic sans ms', sans-serif\">Las familias de nuestro centro organizan, un a\u00f1o m\u00e1s, un MERCADILLO NAVIDE\u00d1O, para recaudar fondos para el viaje del alumnado de SEXTO.<\/span><\/p>\n<p><a href=\"https:\/\/blogsaverroes.juntadeandalucia.es\/hudeca1\/files\/2023\/11\/mercadillo-23.jpg\"><img loading=\"lazy\" decoding=\"async\" class=\"aligncenter wp-image-2323 size-full\" src=\"https:\/\/blogsaverroes.juntadeandalucia.es\/hudeca1\/files\/2023\/11\/mercadillo-23.jpg\" alt=\"\" width=\"709\" height=\"1028\" srcset=\"https:\/\/blogsaverroes.juntadeandalucia.es\/hudeca1\/files\/2023\/11\/mercadillo-23.jpg 709w, https:\/\/blogsaverroes.juntadeandalucia.es\/hudeca1\/files\/2023\/11\/mercadillo-23-207x300.jpg 207w, https:\/\/blogsaverroes.juntadeandalucia.es\/hudeca1\/files\/2023\/11\/mercadillo-23-706x1024.jpg 706w, https:\/\/blogsaverroes.juntadeandalucia.es\/hudeca1\/files\/2023\/11\/mercadillo-23-17x24.jpg 17w, https:\/\/blogsaverroes.juntadeandalucia.es\/hudeca1\/files\/2023\/11\/mercadillo-23-25x36.jpg 25w, https:\/\/blogsaverroes.juntadeandalucia.es\/hudeca1\/files\/2023\/11\/mercadillo-23-33x48.jpg 33w\" sizes=\"(max-width: 709px) 100vw, 709px\" \/><\/a><\/p>\n<p><span style=\"font-family: 'comic sans ms', sans-serif\">El AMPA est\u00e1 preparando una fiesta de HALLOWEEN de lo m\u00e1s alucinante.<\/span><\/p>\n<p><span style=\"font-family: 'comic sans ms', sans-serif\">Habr\u00e1 actividades varias y venta de zumos y batidos. Se solicita LLEVAR MERIENDA PARA COMPARTIR.<\/span><\/p>\n<p><span style=\"font-family: 'comic sans ms', sans-serif\">\u00a1Seguro que lo pasamos genial!<\/span><\/p>\n<p><a href=\"https:\/\/blogsaverroes.juntadeandalucia.es\/hudeca1\/files\/2023\/10\/Halloween23.jpg\"><img loading=\"lazy\" decoding=\"async\" class=\"aligncenter wp-image-2276 size-full\" src=\"https:\/\/blogsaverroes.juntadeandalucia.es\/hudeca1\/files\/2023\/10\/Halloween23.jpg\" alt=\"\" width=\"1131\" height=\"1600\" srcset=\"https:\/\/blogsaverroes.juntadeandalucia.es\/hudeca1\/files\/2023\/10\/Halloween23.jpg 1131w, https:\/\/blogsaverroes.juntadeandalucia.es\/hudeca1\/files\/2023\/10\/Halloween23-212x300.jpg 212w, https:\/\/blogsaverroes.juntadeandalucia.es\/hudeca1\/files\/2023\/10\/Halloween23-724x1024.jpg 724w, https:\/\/blogsaverroes.juntadeandalucia.es\/hudeca1\/files\/2023\/10\/Halloween23-768x1086.jpg 768w, https:\/\/blogsaverroes.juntadeandalucia.es\/hudeca1\/files\/2023\/10\/Halloween23-1086x1536.jpg 1086w, https:\/\/blogsaverroes.juntadeandalucia.es\/hudeca1\/files\/2023\/10\/Halloween23-17x24.jpg 17w, https:\/\/blogsaverroes.juntadeandalucia.es\/hudeca1\/files\/2023\/10\/Halloween23-25x36.jpg 25w, https:\/\/blogsaverroes.juntadeandalucia.es\/hudeca1\/files\/2023\/10\/Halloween23-34x48.jpg 34w\" sizes=\"(max-width: 767px) 89vw, (max-width: 1000px) 54vw, (max-width: 1071px) 543px, 580px\" \/><\/a><\/p>\n<p><span style=\"font-family: 'comic sans ms', sans-serif\">Las familias organizan una gran despedida de curso en el PARQUE DEL ALAMILLO.&nbsp;<\/span><\/p>\n<p><span style=\"font-family: 'comic sans ms', sans-serif\">\u00a1No te lo pierdas!<\/span><\/p>\n<p><a href=\"https:\/\/blogsaverroes.juntadeandalucia.es\/hudeca1\/files\/2023\/06\/Fiesta-AMPA-Fin-curso.jpg\"><img loading=\"lazy\" decoding=\"async\" class=\"aligncenter wp-image-2211 size-full\" src=\"https:\/\/blogsaverroes.juntadeandalucia.es\/hudeca1\/files\/2023\/06\/Fiesta-AMPA-Fin-curso.jpg\" alt=\"\" width=\"1130\" height=\"1600\" srcset=\"https:\/\/blogsaverroes.juntadeandalucia.es\/hudeca1\/files\/2023\/06\/Fiesta-AMPA-Fin-curso.jpg 1130w, https:\/\/blogsaverroes.juntadeandalucia.es\/hudeca1\/files\/2023\/06\/Fiesta-AMPA-Fin-curso-212x300.jpg 212w, https:\/\/blogsaverroes.juntadeandalucia.es\/hudeca1\/files\/2023\/06\/Fiesta-AMPA-Fin-curso-724x1024.jpg 724w, https:\/\/blogsaverroes.juntadeandalucia.es\/hudeca1\/files\/2023\/06\/Fiesta-AMPA-Fin-curso-768x1087.jpg 768w, https:\/\/blogsaverroes.juntadeandalucia.es\/hudeca1\/files\/2023\/06\/Fiesta-AMPA-Fin-curso-1085x1536.jpg 1085w, https:\/\/blogsaverroes.juntadeandalucia.es\/hudeca1\/files\/2023\/06\/Fiesta-AMPA-Fin-curso-17x24.jpg 17w, https:\/\/blogsaverroes.juntadeandalucia.es\/hudeca1\/files\/2023\/06\/Fiesta-AMPA-Fin-curso-25x36.jpg 25w, https:\/\/blogsaverroes.juntadeandalucia.es\/hudeca1\/files\/2023\/06\/Fiesta-AMPA-Fin-curso-34x48.jpg 34w\" sizes=\"(max-width: 767px) 89vw, (max-width: 1000px) 54vw, (max-width: 1071px) 543px, 580px\" \/><\/a><\/p>\n","protected":false},"excerpt":{"rendered":"<p>Ven con nosotr@s a celebrar el D\u00eda de La PAZ, con el Desayuno Solidario que organiza nuestra AMPA. Las familias de nuestro \u00abCole\u00bb organizan una gran despedida de curso en el PARQUE DEL ALAMILLO. \u00a1No te lo pierdas! Las familias de nuestro centro organizan, un a\u00f1o m\u00e1s, un MERCADILLO NAVIDE\u00d1O, para recaudar fondos para el &hellip; <\/p>\n<p class=\"link-more\"><a href=\"https:\/\/blogsaverroes.juntadeandalucia.es\/hudeca1\/actividades-ampa\/\" class=\"more-link\">Continuar leyendo<span class=\"screen-reader-text\"> \u00ab|ACTIVIDADES AMPA|\u00bb<\/span><\/a><\/p>\n","protected":false},"author":5309,"featured_media":0,"parent":0,"menu_order":0,"comment_status":"closed","ping_status":"closed","template":"","meta":{"ngg_post_thumbnail":0,"footnotes":""},"aioseo_notices":[],"_links":{"self":[{"href":"https:\/\/blogsaverroes.juntadeandalucia.es\/hudeca1\/wp-json\/wp\/v2\/pages\/2628"}],"collection":[{"href":"https:\/\/blogsaverroes.juntadeandalucia.es\/hudeca1\/wp-json\/wp\/v2\/pages"}],"about":[{"href":"https:\/\/blogsaverroes.juntadeandalucia.es\/hudeca1\/wp-json\/wp\/v2\/types\/page"}],"author":[{"embeddable":true,"href":"https:\/\/blogsaverroes.juntadeandalucia.es\/hudeca1\/wp-json\/wp\/v2\/users\/5309"}],"replies":[{"embeddable":true,"href":"https:\/\/blogsaverroes.juntadeandalucia.es\/hudeca1\/wp-json\/wp\/v2\/comments?post=2628"}],"version-history":[{"count":1,"href":"https:\/\/blogsaverroes.juntadeandalucia.es\/hudeca1\/wp-json\/wp\/v2\/pages\/2628\/revisions"}],"predecessor-version":[{"id":2629,"href":"https:\/\/blogsaverroes.juntadeandalucia.es\/hudeca1\/wp-json\/wp\/v2\/pages\/2628\/revisions\/2629"}],"wp:attachment":[{"href":"https:\/\/blogsaverroes.juntadeandalucia.es\/hudeca1\/wp-json\/wp\/v2\/media?parent=2628"}],"curies":[{"name":"wp","href":"https:\/\/api.w.org\/{rel}","templated":true}]}}

<p><span style="font-family: 'comic sans ms', sans-serif">Ven con nosotr@s a celebrar el Día de La PAZ, con el Desayuno Solidario que organiza nuestra AMPA.</span></p>
<p><a href="https://blogsaverroes.juntadeandalucia.es/hudeca1/files/2026/01/desayuno-paz.jpg"><img loading="lazy" decoding="async" class="aligncenter wp-image-2582 size-full" src="https://blogsaverroes.juntadeandalucia.es/hudeca1/files/2026/01/desayuno-paz.jpg" alt="" width="1131" height="1600" srcset="https://blogsaverroes.juntadeandalucia.es/hudeca1/files/2026/01/desayuno-paz.jpg 1131w, https://blogsaverroes.juntadeandalucia.es/hudeca1/files/2026/01/desayuno-paz-212x300.jpg 212w, https://blogsaverroes.juntadeandalucia.es/hudeca1/files/2026/01/desayuno-paz-724x1024.jpg 724w, https://blogsaverroes.juntadeandalucia.es/hudeca1/files/2026/01/desayuno-paz-768x1086.jpg 768w, https://blogsaverroes.juntadeandalucia.es/hudeca1/files/2026/01/desayuno-paz-1086x1536.jpg 1086w" sizes="(max-width: 767px) 89vw, (max-width: 1000px) 54vw, (max-width: 1071px) 543px, 580px" /></a></p>
<p><span style="font-family: 'comic sans ms', sans-serif">Las familias de nuestro «Cole» organizan una gran despedida de curso en el PARQUE DEL ALAMILLO. </span></p>
<p><span style="font-family: 'comic sans ms', sans-serif">¡No te lo pierdas!</span></p>
<p><a href="https://blogsaverroes.juntadeandalucia.es/hudeca1/files/2024/06/Fiesta-Fin-Curso-AMPA.jpg"><img loading="lazy" decoding="async" class="aligncenter wp-image-2415 size-full" src="https://blogsaverroes.juntadeandalucia.es/hudeca1/files/2024/06/Fiesta-Fin-Curso-AMPA.jpg" alt="" width="1130" height="1600" srcset="https://blogsaverroes.juntadeandalucia.es/hudeca1/files/2024/06/Fiesta-Fin-Curso-AMPA.jpg 1130w, https://blogsaverroes.juntadeandalucia.es/hudeca1/files/2024/06/Fiesta-Fin-Curso-AMPA-212x300.jpg 212w, https://blogsaverroes.juntadeandalucia.es/hudeca1/files/2024/06/Fiesta-Fin-Curso-AMPA-723x1024.jpg 723w, https://blogsaverroes.juntadeandalucia.es/hudeca1/files/2024/06/Fiesta-Fin-Curso-AMPA-768x1087.jpg 768w, https://blogsaverroes.juntadeandalucia.es/hudeca1/files/2024/06/Fiesta-Fin-Curso-AMPA-1085x1536.jpg 1085w, https://blogsaverroes.juntadeandalucia.es/hudeca1/files/2024/06/Fiesta-Fin-Curso-AMPA-17x24.jpg 17w, https://blogsaverroes.juntadeandalucia.es/hudeca1/files/2024/06/Fiesta-Fin-Curso-AMPA-25x36.jpg 25w, https://blogsaverroes.juntadeandalucia.es/hudeca1/files/2024/06/Fiesta-Fin-Curso-AMPA-34x48.jpg 34w" sizes="(max-width: 767px) 89vw, (max-width: 1000px) 54vw, (max-width: 1071px) 543px, 580px" /></a></p>
<p><span style="font-family: 'comic sans ms', sans-serif">Las familias de nuestro centro organizan, un año más, un MERCADILLO NAVIDEÑO, para recaudar fondos para el viaje del alumnado de SEXTO.</span></p>
<p><a href="https://blogsaverroes.juntadeandalucia.es/hudeca1/files/2023/11/mercadillo-23.jpg"><img loading="lazy" decoding="async" class="aligncenter wp-image-2323 size-full" src="https://blogsaverroes.juntadeandalucia.es/hudeca1/files/2023/11/mercadillo-23.jpg" alt="" width="709" height="1028" srcset="https://blogsaverroes.juntadeandalucia.es/hudeca1/files/2023/11/mercadillo-23.jpg 709w, https://blogsaverroes.juntadeandalucia.es/hudeca1/files/2023/11/mercadillo-23-207x300.jpg 207w, https://blogsaverroes.juntadeandalucia.es/hudeca1/files/2023/11/mercadillo-23-706x1024.jpg 706w, https://blogsaverroes.juntadeandalucia.es/hudeca1/files/2023/11/mercadillo-23-17x24.jpg 17w, https://blogsaverroes.juntadeandalucia.es/hudeca1/files/2023/11/mercadillo-23-25x36.jpg 25w, https://blogsaverroes.juntadeandalucia.es/hudeca1/files/2023/11/mercadillo-23-33x48.jpg 33w" sizes="(max-width: 709px) 100vw, 709px" /></a></p>
<p><span style="font-family: 'comic sans ms', sans-serif">El AMPA está preparando una fiesta de HALLOWEEN de lo más alucinante.</span></p>
<p><span style="font-family: 'comic sans ms', sans-serif">Habrá actividades varias y venta de zumos y batidos. Se solicita LLEVAR MERIENDA PARA COMPARTIR.</span></p>
<p><span style="font-family: 'comic sans ms', sans-serif">¡Seguro que lo pasamos genial!</span></p>
<p><a href="https://blogsaverroes.juntadeandalucia.es/hudeca1/files/2023/10/Halloween23.jpg"><img loading="lazy" decoding="async" class="aligncenter wp-image-2276 size-full" src="https://blogsaverroes.juntadeandalucia.es/hudeca1/files/2023/10/Halloween23.jpg" alt="" width="1131" height="1600" srcset="https://blogsaverroes.juntadeandalucia.es/hudeca1/files/2023/10/Halloween23.jpg 1131w, https://blogsaverroes.juntadeandalucia.es/hudeca1/files/2023/10/Halloween23-212x300.jpg 212w, https://blogsaverroes.juntadeandalucia.es/hudeca1/files/2023/10/Halloween23-724x1024.jpg 724w, https://blogsaverroes.juntadeandalucia.es/hudeca1/files/2023/10/Halloween23-768x1086.jpg 768w, https://blogsaverroes.juntadeandalucia.es/hudeca1/files/2023/10/Halloween23-1086x1536.jpg 1086w, https://blogsaverroes.juntadeandalucia.es/hudeca1/files/2023/10/Halloween23-17x24.jpg 17w, https://blogsaverroes.juntadeandalucia.es/hudeca1/files/2023/10/Halloween23-25x36.jpg 25w, https://blogsaverroes.juntadeandalucia.es/hudeca1/files/2023/10/Halloween23-34x48.jpg 34w" sizes="(max-width: 767px) 89vw, (max-width: 1000px) 54vw, (max-width: 1071px) 543px, 580px" /></a></p>
<p><span style="font-family: 'comic sans ms', sans-serif">Las familias organizan una gran despedida de curso en el PARQUE DEL ALAMILLO.&nbsp;</span></p>
<p><span style="font-family: 'comic sans ms', sans-serif">¡No te lo pierdas!</span></p>
<p><a href="https://blogsaverroes.juntadeandalucia.es/hudeca1/files/2023/06/Fiesta-AMPA-Fin-curso.jpg"><img loading="lazy" decoding="async" class="aligncenter wp-image-2211 size-full" src="https://blogsaverroes.juntadeandalucia.es/hudeca1/files/2023/06/Fiesta-AMPA-Fin-curso.jpg" alt="" width="1130" height="1600" srcset="https://blogsaverroes.juntadeandalucia.es/hudeca1/files/2023/06/Fiesta-AMPA-Fin-curso.jpg 1130w, https://blogsaverroes.juntadeandalucia.es/hudeca1/files/2023/06/Fiesta-AMPA-Fin-curso-212x300.jpg 212w, https://blogsaverroes.juntadeandalucia.es/hudeca1/files/2023/06/Fiesta-AMPA-Fin-curso-724x1024.jpg 724w, https://blogsaverroes.juntadeandalucia.es/hudeca1/files/2023/06/Fiesta-AMPA-Fin-curso-768x1087.jpg 768w, https://blogsaverroes.juntadeandalucia.es/hudeca1/files/2023/06/Fiesta-AMPA-Fin-curso-1085x1536.jpg 1085w, https://blogsaverroes.juntadeandalucia.es/hudeca1/files/2023/06/Fiesta-AMPA-Fin-curso-17x24.jpg 17w, https://blogsaverroes.juntadeandalucia.es/hudeca1/files/2023/06/Fiesta-AMPA-Fin-curso-25x36.jpg 25w, https://blogsaverroes.juntadeandalucia.es/hudeca1/files/2023/06/Fiesta-AMPA-Fin-curso-34x48.jpg 34w" sizes="(max-width: 767px) 89vw, (max-width: 1000px) 54vw, (max-width: 1071px) 543px, 580px" /></a></p>

<p>Ven con nosotr@s a celebrar el Día de La PAZ, con el Desayuno Solidario que organiza nuestra AMPA. Las familias de nuestro «Cole» organizan una gran despedida de curso en el PARQUE DEL ALAMILLO. ¡No te lo pierdas! Las familias de nuestro centro organizan, un año más, un MERCADILLO NAVIDEÑO, para recaudar fondos para el &hellip; </p>
<p class="link-more"><a href="https://blogsaverroes.juntadeandalucia.es/hudeca1/actividades-ampa/" class="more-link">Continuar leyendo<span class="screen-reader-text"> «|ACTIVIDADES AMPA|»</span></a></p>
