{"id":215,"date":"2019-02-08T21:04:33","date_gmt":"2019-02-08T21:04:33","guid":{"rendered":"http:\/\/blogsaverroes.juntadeandalucia.es\/hudeca1\/?page_id=215"},"modified":"2019-02-08T21:04:33","modified_gmt":"2019-02-08T21:04:33","slug":"wisibilizalas","status":"publish","type":"page","link":"https:\/\/blogsaverroes.juntadeandalucia.es\/hudeca3\/wisibilizalas\/","title":{"rendered":"Wisibil\u00edzalas"},"content":{"rendered":"<p style=\"text-align: center\"><strong><a href=\"https:\/\/blogsaverroes.juntadeandalucia.es\/hudeca3\/files\/2019\/02\/Captura-de-pantalla-2019-02-08-a-las-17.02.05.png\"><img loading=\"lazy\" decoding=\"async\" class=\" wp-image-216 alignleft\" src=\"https:\/\/blogsaverroes.juntadeandalucia.es\/hudeca3\/files\/2019\/02\/Captura-de-pantalla-2019-02-08-a-las-17.02.05-266x300.png\" alt=\"\" width=\"88\" height=\"99\" srcset=\"https:\/\/blogsaverroes.juntadeandalucia.es\/hudeca3\/files\/2019\/02\/Captura-de-pantalla-2019-02-08-a-las-17.02.05-266x300.png 266w, https:\/\/blogsaverroes.juntadeandalucia.es\/hudeca3\/files\/2019\/02\/Captura-de-pantalla-2019-02-08-a-las-17.02.05.png 576w\" sizes=\"(max-width: 88px) 100vw, 88px\" \/><\/a><\/strong><\/p>\n<p><img loading=\"lazy\" decoding=\"async\" class=\"wp-image-155 alignright\" src=\"https:\/\/blogsaverroes.juntadeandalucia.es\/hudeca3\/files\/2015\/10\/cropped-logo-1-300x300.jpg\" alt=\"\" width=\"77\" height=\"77\" srcset=\"https:\/\/blogsaverroes.juntadeandalucia.es\/hudeca3\/files\/2015\/10\/cropped-logo-1-300x300.jpg 300w, https:\/\/blogsaverroes.juntadeandalucia.es\/hudeca3\/files\/2015\/10\/cropped-logo-1-150x150.jpg 150w, https:\/\/blogsaverroes.juntadeandalucia.es\/hudeca3\/files\/2015\/10\/cropped-logo-1-80x80.jpg 80w, https:\/\/blogsaverroes.juntadeandalucia.es\/hudeca3\/files\/2015\/10\/cropped-logo-1-320x320.jpg 320w, https:\/\/blogsaverroes.juntadeandalucia.es\/hudeca3\/files\/2015\/10\/cropped-logo-1.jpg 512w\" sizes=\"(max-width: 77px) 100vw, 77px\" \/><\/p>\n<p style=\"text-align: center\"><strong>Wisibil\u00edzalas 5\u00aa Edici\u00f3n&nbsp;<\/strong><\/p>\n<p style=\"text-align: center\">(Octubre 2020- Junio 2021)<\/p>\n<p style=\"text-align: center\">Este curso volvemos a participar en el concurso, con el alumnado de 6\u00ba curso, este a\u00f1o tenemos la suerte de tener dos grupos: 6\u00ba A y 6\u00ba B<\/p>\n<p style=\"text-align: center\">P\u00e1gina de 6\u00ba A: <a href=\"https:\/\/sites.google.com\/hudeca.site\/w6a\/inicio\" target=\"_blank\" rel=\"noopener noreferrer\">Ser\u00e1s STEM como ellas<\/a><\/p>\n<p style=\"text-align: center\">P\u00e1gina de 6\u00ba B: <a href=\"https:\/\/sites.google.com\/hudeca.site\/w6b\/inicio\" target=\"_blank\" rel=\"noopener noreferrer\">T\u00fa tambi\u00e9n Puedes<\/a><\/p>\n<p style=\"text-align: center\"><strong>Wisibil\u00edzalas 4\u00aa Edici\u00f3n&nbsp;<\/strong><\/p>\n<p style=\"text-align: center\">(Octubre 2019- Junio 2020)<\/p>\n<p>Este curso volvemos a participar en el concurso, con el alumnado de 6\u00ba curso.&nbsp;<span style=\"font-size: large\">Mujeres importantes de&nbsp;<b><span style=\"color: #9900ff\">hoy<\/span><\/b>, a las que agradecemos enormemente su colaboraci\u00f3n, con referentes del&nbsp;<b><span style=\"color: #9900ff\">ayer<\/span><\/b>, que con su experiencia seguro ayudar\u00e1n a crear inter\u00e9s por estas profesiones rompiendo las barreras que generan los estereotipos de g\u00e9nero en nuestras ni\u00f1as,&nbsp; que ser\u00e1n las mujeres STEM del&nbsp;<b><span style=\"color: #9900ff\">ma\u00f1ana<\/span><\/b>.&nbsp; Con este prop\u00f3sito justificamos el t\u00edtulo de nuestro proyecto<\/span><\/p>\n<div><span style=\"font-size: large\">&nbsp;<\/span><\/div>\n<div style=\"text-align: center\"><a href=\"https:\/\/sites.google.com\/a\/hudeca.site\/wisibilizalas\/bienvenida\" target=\"_blank\" rel=\"noopener noreferrer\"><b><span style=\"color: #9900ff;font-size: large\">\u00abDesde el ayer y el hoy, hacia el ma\u00f1ana\u00bb<\/span><\/b><\/a><\/div>\n<p>Os recomendamos que explor\u00e9is los diferentes apartados de la p\u00e1gina Web. Esperamos que os guste.&nbsp;<\/p>\n<p><a href=\"https:\/\/sites.google.com\/a\/hudeca.site\/wisibilizalas\/bienvenida\" target=\"_blank\" rel=\"noopener noreferrer\"><img loading=\"lazy\" decoding=\"async\" class=\"aligncenter size-medium wp-image-1178\" src=\"https:\/\/blogsaverroes.juntadeandalucia.es\/hudeca3\/files\/2020\/05\/Captura-de-pantalla-2020-05-20-a-las-21.18.20-300x146.png\" alt=\"\" width=\"300\" height=\"146\" srcset=\"https:\/\/blogsaverroes.juntadeandalucia.es\/hudeca3\/files\/2020\/05\/Captura-de-pantalla-2020-05-20-a-las-21.18.20-300x146.png 300w, https:\/\/blogsaverroes.juntadeandalucia.es\/hudeca3\/files\/2020\/05\/Captura-de-pantalla-2020-05-20-a-las-21.18.20-1024x498.png 1024w, https:\/\/blogsaverroes.juntadeandalucia.es\/hudeca3\/files\/2020\/05\/Captura-de-pantalla-2020-05-20-a-las-21.18.20-768x373.png 768w, https:\/\/blogsaverroes.juntadeandalucia.es\/hudeca3\/files\/2020\/05\/Captura-de-pantalla-2020-05-20-a-las-21.18.20-1536x747.png 1536w, https:\/\/blogsaverroes.juntadeandalucia.es\/hudeca3\/files\/2020\/05\/Captura-de-pantalla-2020-05-20-a-las-21.18.20.png 1600w\" sizes=\"(max-width: 300px) 100vw, 300px\" \/><\/a><\/p>\n<p><strong>Nuestro centro ha sido galardonado con el Primer Premio en esta cuarta edici\u00f3n:<\/strong><\/p>\n<p><a href=\"https:\/\/www.upf.edu\/web\/wisibilizalas\/4-edicion-2019-2020\" target=\"_blank\" rel=\"noopener noreferrer\"><img loading=\"lazy\" decoding=\"async\" class=\"aligncenter wp-image-1345 size-full\" src=\"https:\/\/blogsaverroes.juntadeandalucia.es\/hudeca3\/files\/2020\/06\/Captura-de-pantalla-2020-06-26-a-las-19.52.22.png\" alt=\"\" width=\"1600\" height=\"986\" srcset=\"https:\/\/blogsaverroes.juntadeandalucia.es\/hudeca3\/files\/2020\/06\/Captura-de-pantalla-2020-06-26-a-las-19.52.22.png 1600w, https:\/\/blogsaverroes.juntadeandalucia.es\/hudeca3\/files\/2020\/06\/Captura-de-pantalla-2020-06-26-a-las-19.52.22-300x185.png 300w, https:\/\/blogsaverroes.juntadeandalucia.es\/hudeca3\/files\/2020\/06\/Captura-de-pantalla-2020-06-26-a-las-19.52.22-1024x631.png 1024w, https:\/\/blogsaverroes.juntadeandalucia.es\/hudeca3\/files\/2020\/06\/Captura-de-pantalla-2020-06-26-a-las-19.52.22-768x473.png 768w, https:\/\/blogsaverroes.juntadeandalucia.es\/hudeca3\/files\/2020\/06\/Captura-de-pantalla-2020-06-26-a-las-19.52.22-1536x947.png 1536w\" sizes=\"(max-width: 767px) 89vw, (max-width: 1000px) 54vw, (max-width: 1071px) 543px, 580px\" \/><\/a><\/p>\n<p style=\"text-align: center\"><span style=\"color: #3366ff\">(Si quieres m\u00e1s informaci\u00f3n pulsa sobre la imagen)<\/span><\/p>\n<p style=\"text-align: center\"><strong>Wisibil\u00edzalas 3\u00aa Edici\u00f3n&nbsp;<\/strong><\/p>\n<p style=\"text-align: center\">(Octubre 2018- Marzo 2019)<\/p>\n<p>Concurso organizado&nbsp; por la Universidad Pompeu Fabra de Barcelona, dirigido a colegios e institutos de Espa\u00f1a y Latinoam\u00e9rica, cuyo objetivo principal es dar visibilidad a mujeres que trabajan en el \u00e1mbito de las TIC.&nbsp;<\/p>\n<p>Si quieres m\u00e1s&nbsp; informaci\u00f3n visita su p\u00e1gina:&nbsp;<\/p>\n<p style=\"text-align: center\"><a href=\"https:\/\/www.upf.edu\/web\/wisibilizalas\" target=\"_blank\" rel=\"noopener noreferrer\">Pagina de la Universidad<\/a><\/p>\n<p>&nbsp;<\/p>\n<p>El alumnado de 5\u00ba curso ha participado en la creaci\u00f3n y elaboraci\u00f3n de los diversos contenidos de la Web. Durante este curso hemos contactado con seis maravillosas mujeres y les hemos dado visibilidad, la idea es seguir alimentando la Web cada a\u00f1o e ir contactando con m\u00e1s personas que est\u00e9n ligadas al mundo de las tecnolog\u00edas.&nbsp;<\/p>\n<p style=\"text-align: center\"><a href=\"https:\/\/sites.google.com\/site\/wisibilizalashdc\/home\" target=\"_blank\" rel=\"noopener noreferrer\">Nuestra Web<\/a><\/p>\n<p><a href=\"https:\/\/sites.google.com\/site\/wisibilizalashdc\/home\" target=\"_blank\" rel=\"noopener noreferrer\"><img loading=\"lazy\" decoding=\"async\" class=\"aligncenter size-medium wp-image-218\" src=\"https:\/\/blogsaverroes.juntadeandalucia.es\/hudeca3\/files\/2019\/02\/Captura-de-pantalla-2019-02-08-a-las-7.48.47-300x127.png\" alt=\"\" width=\"300\" height=\"127\" srcset=\"https:\/\/blogsaverroes.juntadeandalucia.es\/hudeca3\/files\/2019\/02\/Captura-de-pantalla-2019-02-08-a-las-7.48.47-300x127.png 300w, https:\/\/blogsaverroes.juntadeandalucia.es\/hudeca3\/files\/2019\/02\/Captura-de-pantalla-2019-02-08-a-las-7.48.47-1024x434.png 1024w, https:\/\/blogsaverroes.juntadeandalucia.es\/hudeca3\/files\/2019\/02\/Captura-de-pantalla-2019-02-08-a-las-7.48.47-768x325.png 768w, https:\/\/blogsaverroes.juntadeandalucia.es\/hudeca3\/files\/2019\/02\/Captura-de-pantalla-2019-02-08-a-las-7.48.47-1536x651.png 1536w, https:\/\/blogsaverroes.juntadeandalucia.es\/hudeca3\/files\/2019\/02\/Captura-de-pantalla-2019-02-08-a-las-7.48.47.png 1600w\" sizes=\"(max-width: 300px) 100vw, 300px\" \/><\/a><\/p>\n<p>Igual alg\u00fan d\u00eda, en un futuro no muy lejano, contactaremos con alguna de nuestras alumnas para incluirlas en esta Web. Nos sentir\u00edamos muy orgullosas de conseguirlo. Pues ese es el motor que nos ha impulsado a&nbsp; participar en este concurso.<\/p>\n<p>&nbsp;<\/p>\n<p><strong>Hemos conseguido el segundo premio en el concurso. Nos sentimos muy orgullosos de nuestro alumnado:<\/strong><\/p>\n<p><a href=\"https:\/\/www.upf.edu\/web\/wisibilizalas\/3-edicion\" target=\"_blank\" rel=\"noopener noreferrer\"><img loading=\"lazy\" decoding=\"async\" class=\"aligncenter wp-image-225 size-large\" src=\"https:\/\/blogsaverroes.juntadeandalucia.es\/hudeca3\/files\/2019\/02\/Sin-t\u00edtulo-1024x580.jpg\" alt=\"\" width=\"1024\" height=\"580\" srcset=\"https:\/\/blogsaverroes.juntadeandalucia.es\/hudeca3\/files\/2019\/02\/Sin-t\u00edtulo-1024x580.jpg 1024w, https:\/\/blogsaverroes.juntadeandalucia.es\/hudeca3\/files\/2019\/02\/Sin-t\u00edtulo-300x170.jpg 300w, https:\/\/blogsaverroes.juntadeandalucia.es\/hudeca3\/files\/2019\/02\/Sin-t\u00edtulo-768x435.jpg 768w, https:\/\/blogsaverroes.juntadeandalucia.es\/hudeca3\/files\/2019\/02\/Sin-t\u00edtulo.jpg 1239w\" sizes=\"(max-width: 767px) 89vw, (max-width: 1000px) 54vw, (max-width: 1071px) 543px, 580px\" \/><\/a><\/p>\n<p style=\"text-align: center\"><span style=\"color: #3366ff\">(Si quieres m\u00e1s informaci\u00f3n pulsa sobre la imagen)<\/span><\/p>\n","protected":false},"excerpt":{"rendered":"<p>Wisibil\u00edzalas 5\u00aa Edici\u00f3n&nbsp; (Octubre 2020- Junio 2021) Este curso volvemos a participar en el concurso, con el alumnado de 6\u00ba curso, este a\u00f1o tenemos la suerte de tener dos grupos: 6\u00ba A y 6\u00ba B P\u00e1gina de 6\u00ba A: Ser\u00e1s STEM como ellas P\u00e1gina de 6\u00ba B: T\u00fa tambi\u00e9n Puedes Wisibil\u00edzalas 4\u00aa Edici\u00f3n&nbsp; (Octubre 2019- &hellip; <\/p>\n<p class=\"link-more\"><a href=\"https:\/\/blogsaverroes.juntadeandalucia.es\/hudeca3\/wisibilizalas\/\" class=\"more-link\">Continuar leyendo<span class=\"screen-reader-text\"> \u00abWisibil\u00edzalas\u00bb<\/span><\/a><\/p>\n","protected":false},"author":5309,"featured_media":0,"parent":0,"menu_order":0,"comment_status":"closed","ping_status":"closed","template":"","meta":{"ngg_post_thumbnail":0,"footnotes":""},"aioseo_notices":[],"_links":{"self":[{"href":"https:\/\/blogsaverroes.juntadeandalucia.es\/hudeca3\/wp-json\/wp\/v2\/pages\/215"}],"collection":[{"href":"https:\/\/blogsaverroes.juntadeandalucia.es\/hudeca3\/wp-json\/wp\/v2\/pages"}],"about":[{"href":"https:\/\/blogsaverroes.juntadeandalucia.es\/hudeca3\/wp-json\/wp\/v2\/types\/page"}],"author":[{"embeddable":true,"href":"https:\/\/blogsaverroes.juntadeandalucia.es\/hudeca3\/wp-json\/wp\/v2\/users\/5309"}],"replies":[{"embeddable":true,"href":"https:\/\/blogsaverroes.juntadeandalucia.es\/hudeca3\/wp-json\/wp\/v2\/comments?post=215"}],"version-history":[{"count":0,"href":"https:\/\/blogsaverroes.juntadeandalucia.es\/hudeca3\/wp-json\/wp\/v2\/pages\/215\/revisions"}],"wp:attachment":[{"href":"https:\/\/blogsaverroes.juntadeandalucia.es\/hudeca3\/wp-json\/wp\/v2\/media?parent=215"}],"curies":[{"name":"wp","href":"https:\/\/api.w.org\/{rel}","templated":true}]}}

Wisibilízalas

<p style="text-align: center"><strong><a href="https://blogsaverroes.juntadeandalucia.es/hudeca3/files/2019/02/Captura-de-pantalla-2019-02-08-a-las-17.02.05.png"><img loading="lazy" decoding="async" class=" wp-image-216 alignleft" src="https://blogsaverroes.juntadeandalucia.es/hudeca3/files/2019/02/Captura-de-pantalla-2019-02-08-a-las-17.02.05-266x300.png" alt="" width="88" height="99" srcset="https://blogsaverroes.juntadeandalucia.es/hudeca3/files/2019/02/Captura-de-pantalla-2019-02-08-a-las-17.02.05-266x300.png 266w, https://blogsaverroes.juntadeandalucia.es/hudeca3/files/2019/02/Captura-de-pantalla-2019-02-08-a-las-17.02.05.png 576w" sizes="(max-width: 88px) 100vw, 88px" /></a></strong></p>
<p><img loading="lazy" decoding="async" class="wp-image-155 alignright" src="https://blogsaverroes.juntadeandalucia.es/hudeca3/files/2015/10/cropped-logo-1-300x300.jpg" alt="" width="77" height="77" srcset="https://blogsaverroes.juntadeandalucia.es/hudeca3/files/2015/10/cropped-logo-1-300x300.jpg 300w, https://blogsaverroes.juntadeandalucia.es/hudeca3/files/2015/10/cropped-logo-1-150x150.jpg 150w, https://blogsaverroes.juntadeandalucia.es/hudeca3/files/2015/10/cropped-logo-1-80x80.jpg 80w, https://blogsaverroes.juntadeandalucia.es/hudeca3/files/2015/10/cropped-logo-1-320x320.jpg 320w, https://blogsaverroes.juntadeandalucia.es/hudeca3/files/2015/10/cropped-logo-1.jpg 512w" sizes="(max-width: 77px) 100vw, 77px" /></p>
<p style="text-align: center"><strong>Wisibilízalas 5ª Edición&nbsp;</strong></p>
<p style="text-align: center">(Octubre 2020- Junio 2021)</p>
<p style="text-align: center">Este curso volvemos a participar en el concurso, con el alumnado de 6º curso, este año tenemos la suerte de tener dos grupos: 6º A y 6º B</p>
<p style="text-align: center">Página de 6º A: <a href="https://sites.google.com/hudeca.site/w6a/inicio" target="_blank" rel="noopener noreferrer">Serás STEM como ellas</a></p>
<p style="text-align: center">Página de 6º B: <a href="https://sites.google.com/hudeca.site/w6b/inicio" target="_blank" rel="noopener noreferrer">Tú también Puedes</a></p>
<p style="text-align: center"><strong>Wisibilízalas 4ª Edición&nbsp;</strong></p>
<p style="text-align: center">(Octubre 2019- Junio 2020)</p>
<p>Este curso volvemos a participar en el concurso, con el alumnado de 6º curso.&nbsp;<span style="font-size: large">Mujeres importantes de&nbsp;<b><span style="color: #9900ff">hoy</span></b>, a las que agradecemos enormemente su colaboración, con referentes del&nbsp;<b><span style="color: #9900ff">ayer</span></b>, que con su experiencia seguro ayudarán a crear interés por estas profesiones rompiendo las barreras que generan los estereotipos de género en nuestras niñas,&nbsp; que serán las mujeres STEM del&nbsp;<b><span style="color: #9900ff">mañana</span></b>.&nbsp; Con este propósito justificamos el título de nuestro proyecto</span></p>
<div><span style="font-size: large">&nbsp;</span></div>
<div style="text-align: center"><a href="https://sites.google.com/a/hudeca.site/wisibilizalas/bienvenida" target="_blank" rel="noopener noreferrer"><b><span style="color: #9900ff;font-size: large">«Desde el ayer y el hoy, hacia el mañana»</span></b></a></div>
<p>Os recomendamos que exploréis los diferentes apartados de la página Web. Esperamos que os guste.&nbsp;</p>
<p><a href="https://sites.google.com/a/hudeca.site/wisibilizalas/bienvenida" target="_blank" rel="noopener noreferrer"><img loading="lazy" decoding="async" class="aligncenter size-medium wp-image-1178" src="https://blogsaverroes.juntadeandalucia.es/hudeca3/files/2020/05/Captura-de-pantalla-2020-05-20-a-las-21.18.20-300x146.png" alt="" width="300" height="146" srcset="https://blogsaverroes.juntadeandalucia.es/hudeca3/files/2020/05/Captura-de-pantalla-2020-05-20-a-las-21.18.20-300x146.png 300w, https://blogsaverroes.juntadeandalucia.es/hudeca3/files/2020/05/Captura-de-pantalla-2020-05-20-a-las-21.18.20-1024x498.png 1024w, https://blogsaverroes.juntadeandalucia.es/hudeca3/files/2020/05/Captura-de-pantalla-2020-05-20-a-las-21.18.20-768x373.png 768w, https://blogsaverroes.juntadeandalucia.es/hudeca3/files/2020/05/Captura-de-pantalla-2020-05-20-a-las-21.18.20-1536x747.png 1536w, https://blogsaverroes.juntadeandalucia.es/hudeca3/files/2020/05/Captura-de-pantalla-2020-05-20-a-las-21.18.20.png 1600w" sizes="(max-width: 300px) 100vw, 300px" /></a></p>
<p><strong>Nuestro centro ha sido galardonado con el Primer Premio en esta cuarta edición:</strong></p>
<p><a href="https://www.upf.edu/web/wisibilizalas/4-edicion-2019-2020" target="_blank" rel="noopener noreferrer"><img loading="lazy" decoding="async" class="aligncenter wp-image-1345 size-full" src="https://blogsaverroes.juntadeandalucia.es/hudeca3/files/2020/06/Captura-de-pantalla-2020-06-26-a-las-19.52.22.png" alt="" width="1600" height="986" srcset="https://blogsaverroes.juntadeandalucia.es/hudeca3/files/2020/06/Captura-de-pantalla-2020-06-26-a-las-19.52.22.png 1600w, https://blogsaverroes.juntadeandalucia.es/hudeca3/files/2020/06/Captura-de-pantalla-2020-06-26-a-las-19.52.22-300x185.png 300w, https://blogsaverroes.juntadeandalucia.es/hudeca3/files/2020/06/Captura-de-pantalla-2020-06-26-a-las-19.52.22-1024x631.png 1024w, https://blogsaverroes.juntadeandalucia.es/hudeca3/files/2020/06/Captura-de-pantalla-2020-06-26-a-las-19.52.22-768x473.png 768w, https://blogsaverroes.juntadeandalucia.es/hudeca3/files/2020/06/Captura-de-pantalla-2020-06-26-a-las-19.52.22-1536x947.png 1536w" sizes="(max-width: 767px) 89vw, (max-width: 1000px) 54vw, (max-width: 1071px) 543px, 580px" /></a></p>
<p style="text-align: center"><span style="color: #3366ff">(Si quieres más información pulsa sobre la imagen)</span></p>
<p style="text-align: center"><strong>Wisibilízalas 3ª Edición&nbsp;</strong></p>
<p style="text-align: center">(Octubre 2018- Marzo 2019)</p>
<p>Concurso organizado&nbsp; por la Universidad Pompeu Fabra de Barcelona, dirigido a colegios e institutos de España y Latinoamérica, cuyo objetivo principal es dar visibilidad a mujeres que trabajan en el ámbito de las TIC.&nbsp;</p>
<p>Si quieres más&nbsp; información visita su página:&nbsp;</p>
<p style="text-align: center"><a href="https://www.upf.edu/web/wisibilizalas" target="_blank" rel="noopener noreferrer">Pagina de la Universidad</a></p>
<p>&nbsp;</p>
<p>El alumnado de 5º curso ha participado en la creación y elaboración de los diversos contenidos de la Web. Durante este curso hemos contactado con seis maravillosas mujeres y les hemos dado visibilidad, la idea es seguir alimentando la Web cada año e ir contactando con más personas que estén ligadas al mundo de las tecnologías.&nbsp;</p>
<p style="text-align: center"><a href="https://sites.google.com/site/wisibilizalashdc/home" target="_blank" rel="noopener noreferrer">Nuestra Web</a></p>
<p><a href="https://sites.google.com/site/wisibilizalashdc/home" target="_blank" rel="noopener noreferrer"><img loading="lazy" decoding="async" class="aligncenter size-medium wp-image-218" src="https://blogsaverroes.juntadeandalucia.es/hudeca3/files/2019/02/Captura-de-pantalla-2019-02-08-a-las-7.48.47-300x127.png" alt="" width="300" height="127" srcset="https://blogsaverroes.juntadeandalucia.es/hudeca3/files/2019/02/Captura-de-pantalla-2019-02-08-a-las-7.48.47-300x127.png 300w, https://blogsaverroes.juntadeandalucia.es/hudeca3/files/2019/02/Captura-de-pantalla-2019-02-08-a-las-7.48.47-1024x434.png 1024w, https://blogsaverroes.juntadeandalucia.es/hudeca3/files/2019/02/Captura-de-pantalla-2019-02-08-a-las-7.48.47-768x325.png 768w, https://blogsaverroes.juntadeandalucia.es/hudeca3/files/2019/02/Captura-de-pantalla-2019-02-08-a-las-7.48.47-1536x651.png 1536w, https://blogsaverroes.juntadeandalucia.es/hudeca3/files/2019/02/Captura-de-pantalla-2019-02-08-a-las-7.48.47.png 1600w" sizes="(max-width: 300px) 100vw, 300px" /></a></p>
<p>Igual algún día, en un futuro no muy lejano, contactaremos con alguna de nuestras alumnas para incluirlas en esta Web. Nos sentiríamos muy orgullosas de conseguirlo. Pues ese es el motor que nos ha impulsado a&nbsp; participar en este concurso.</p>
<p>&nbsp;</p>
<p><strong>Hemos conseguido el segundo premio en el concurso. Nos sentimos muy orgullosos de nuestro alumnado:</strong></p>
<p><a href="https://www.upf.edu/web/wisibilizalas/3-edicion" target="_blank" rel="noopener noreferrer"><img loading="lazy" decoding="async" class="aligncenter wp-image-225 size-large" src="https://blogsaverroes.juntadeandalucia.es/hudeca3/files/2019/02/Sin-título-1024x580.jpg" alt="" width="1024" height="580" srcset="https://blogsaverroes.juntadeandalucia.es/hudeca3/files/2019/02/Sin-título-1024x580.jpg 1024w, https://blogsaverroes.juntadeandalucia.es/hudeca3/files/2019/02/Sin-título-300x170.jpg 300w, https://blogsaverroes.juntadeandalucia.es/hudeca3/files/2019/02/Sin-título-768x435.jpg 768w, https://blogsaverroes.juntadeandalucia.es/hudeca3/files/2019/02/Sin-título.jpg 1239w" sizes="(max-width: 767px) 89vw, (max-width: 1000px) 54vw, (max-width: 1071px) 543px, 580px" /></a></p>
<p style="text-align: center"><span style="color: #3366ff">(Si quieres más información pulsa sobre la imagen)</span></p>

<p>Wisibilízalas 5ª Edición&nbsp; (Octubre 2020- Junio 2021) Este curso volvemos a participar en el concurso, con el alumnado de 6º curso, este año tenemos la suerte de tener dos grupos: 6º A y 6º B Página de 6º A: Serás STEM como ellas Página de 6º B: Tú también Puedes Wisibilízalas 4ª Edición&nbsp; (Octubre 2019- &hellip; </p>
<p class="link-more"><a href="https://blogsaverroes.juntadeandalucia.es/hudeca3/wisibilizalas/" class="more-link">Continuar leyendo<span class="screen-reader-text"> «Wisibilízalas»</span></a></p>
