{"id":30,"date":"2015-10-08T23:46:20","date_gmt":"2015-10-08T23:46:20","guid":{"rendered":"http:\/\/blogsaverroes.juntadeandalucia.es\/hudeca1\/?page_id=30"},"modified":"2023-02-05T12:32:12","modified_gmt":"2023-02-05T12:32:12","slug":"alumnado","status":"publish","type":"page","link":"https:\/\/blogsaverroes.juntadeandalucia.es\/hudeca3\/alumnado\/","title":{"rendered":"Alumnado"},"content":{"rendered":"<p>Si quieres conocernos visualiza el siguiente v\u00eddeo:<\/p>\n<p><iframe loading=\"lazy\" src=\"https:\/\/www.youtube.com\/embed\/na4Xgd4w2Ao\" width=\"560\" height=\"315\" frameborder=\"0\"><\/iframe><\/p>\n<p>Para verlo en pantalla completa debes ir a Youtube pulsando sobre el nombre del v\u00eddeo: Presentaci\u00f3n Nueva Pangea<\/p>\n","protected":false},"excerpt":{"rendered":"<p>Si quieres conocernos visualiza el siguiente v\u00eddeo: Para verlo en pantalla completa debes ir a Youtube pulsando sobre el nombre del v\u00eddeo: Presentaci\u00f3n Nueva Pangea<\/p>\n","protected":false},"author":5309,"featured_media":0,"parent":0,"menu_order":0,"comment_status":"closed","ping_status":"closed","template":"","meta":{"ngg_post_thumbnail":0,"footnotes":""},"aioseo_notices":[],"_links":{"self":[{"href":"https:\/\/blogsaverroes.juntadeandalucia.es\/hudeca3\/wp-json\/wp\/v2\/pages\/30"}],"collection":[{"href":"https:\/\/blogsaverroes.juntadeandalucia.es\/hudeca3\/wp-json\/wp\/v2\/pages"}],"about":[{"href":"https:\/\/blogsaverroes.juntadeandalucia.es\/hudeca3\/wp-json\/wp\/v2\/types\/page"}],"author":[{"embeddable":true,"href":"https:\/\/blogsaverroes.juntadeandalucia.es\/hudeca3\/wp-json\/wp\/v2\/users\/5309"}],"replies":[{"embeddable":true,"href":"https:\/\/blogsaverroes.juntadeandalucia.es\/hudeca3\/wp-json\/wp\/v2\/comments?post=30"}],"version-history":[{"count":1,"href":"https:\/\/blogsaverroes.juntadeandalucia.es\/hudeca3\/wp-json\/wp\/v2\/pages\/30\/revisions"}],"predecessor-version":[{"id":1799,"href":"https:\/\/blogsaverroes.juntadeandalucia.es\/hudeca3\/wp-json\/wp\/v2\/pages\/30\/revisions\/1799"}],"wp:attachment":[{"href":"https:\/\/blogsaverroes.juntadeandalucia.es\/hudeca3\/wp-json\/wp\/v2\/media?parent=30"}],"curies":[{"name":"wp","href":"https:\/\/api.w.org\/{rel}","templated":true}]}}