{"id":1653,"date":"2025-10-30T18:27:55","date_gmt":"2025-10-30T17:27:55","guid":{"rendered":"https:\/\/blogsaverroes.juntadeandalucia.es\/ies-arcelacis-santaella\/?page_id=1653"},"modified":"2025-10-31T17:10:17","modified_gmt":"2025-10-31T16:10:17","slug":"oferta-educativa","status":"publish","type":"page","link":"https:\/\/blogsaverroes.juntadeandalucia.es\/ies-arcelacis-santaella\/oferta-educativa\/","title":{"rendered":"OFERTA EDUCATIVA"},"content":{"rendered":"<p>[et_pb_section fb_built=&#8221;1&#8243; admin_label=&#8221;Blog&#8221; _builder_version=&#8221;4.21.0&#8243; _module_preset=&#8221;default&#8221; background_color=&#8221;gcid-dc7481a9-d70d-4c29-b152-17b0ba30940e&#8221; custom_padding=&#8221;4px||0px|||&#8221; locked=&#8221;off&#8221; collapsed=&#8221;on&#8221; global_colors_info=&#8221;{%22gcid-dc7481a9-d70d-4c29-b152-17b0ba30940e%22:%91%22background_color%22%93}&#8221;][et_pb_row _builder_version=&#8221;4.24.2&#8243; _module_preset=&#8221;default&#8221;][et_pb_column _builder_version=&#8221;4.24.2&#8243; _module_preset=&#8221;default&#8221; type=&#8221;4_4&#8243;][et_pb_text _builder_version=&#8221;4.24.2&#8243; _module_preset=&#8221;default&#8221; hover_enabled=&#8221;0&#8243; sticky_enabled=&#8221;0&#8243;]<\/p>\n<p data-start=\"193\" data-end=\"501\" style=\"text-align: justify\">Nuestro centro ofrece una formaci\u00f3n integral y de calidad, adaptada a las necesidades y aspiraciones de su alumnado.<\/p>\n<h3 data-start=\"503\" data-end=\"548\" style=\"text-align: justify\">Educaci\u00f3n Secundaria Obligatoria (ESO)<\/h3>\n<p data-start=\"549\" data-end=\"846\" style=\"text-align: justify\">Impartimos los <strong data-start=\"564\" data-end=\"603\">cuatro cursos de la ESO<\/strong>, donde el alumnado adquiere una s\u00f3lida base en las distintas \u00e1reas del conocimiento. Durante esta etapa se potencia el aprendizaje competencial, el trabajo en equipo y la orientaci\u00f3n hacia los distintos itinerarios formativos o profesionales.<\/p>\n<h3 data-start=\"848\" data-end=\"867\" style=\"text-align: justify\">Bachillerato<\/h3>\n<p data-start=\"868\" data-end=\"1149\" style=\"text-align: justify\">Ofrecemos el <strong data-start=\"881\" data-end=\"897\">Bachillerato<\/strong> en las siguientes modalidades: Ciencias y Tecnolog\u00eda y Ciencias Sociales y Humanidades, preparando al alumnado para el acceso a estudios superiores, tanto universitarios como de formaci\u00f3n profesional de grado superior.<\/p>\n<h3 data-start=\"1151\" data-end=\"1189\" style=\"text-align: justify\">Ciclo Formativo de Grado B\u00e1sico<\/h3>\n<p data-start=\"1190\" data-end=\"1505\" style=\"text-align: justify\">Contamos tambi\u00e9n con un <strong data-start=\"1214\" data-end=\"1249\">Ciclo Formativo de Grado B\u00e1sico de Electr\u00f3nica y Electricidad<\/strong>, dirigido a estudiantes que buscan una formaci\u00f3n m\u00e1s pr\u00e1ctica y orientada al mundo laboral. Este ciclo combina la formaci\u00f3n general con la espec\u00edfica de un \u00e1mbito profesional, facilitando la inserci\u00f3n en el empleo o la continuidad en estudios posteriores.<\/p>\n<p>[\/et_pb_text][\/et_pb_column][\/et_pb_row][et_pb_row _builder_version=&#8221;4.21.0&#8243; _module_preset=&#8221;default&#8221; custom_margin=&#8221;-3px|auto||auto||&#8221; global_colors_info=&#8221;{}&#8221;][et_pb_column type=&#8221;4_4&#8243; _builder_version=&#8221;4.21.0&#8243; _module_preset=&#8221;default&#8221; global_colors_info=&#8221;{}&#8221;][et_pb_image src=&#8221;https:\/\/blogsaverroes.juntadeandalucia.es\/ies-arcelacis-santaella\/files\/2025\/10\/book-store-62.png&#8221; title_text=&#8221;book-store-62&#8243; align=&#8221;center&#8221; _builder_version=&#8221;4.22.0&#8243; _module_preset=&#8221;default&#8221; max_width=&#8221;80px&#8221; max_height=&#8221;140px&#8221; custom_margin=&#8221;||6px|||&#8221; global_colors_info=&#8221;{}&#8221;][\/et_pb_image][et_pb_text _builder_version=&#8221;4.24.2&#8243; _module_preset=&#8221;default&#8221; background_color=&#8221;#3a3e8f&#8221; link_option_url=&#8221;https:\/\/blogsaverroes.juntadeandalucia.es\/ies-arcelacis-santaella\/inicio\/&#8221; global_colors_info=&#8221;{}&#8221;]<\/p>\n<p style=\"text-align: center\"><strong><span style=\"color: #ffffff\">Inicio<\/span><\/strong><\/p>\n<p>[\/et_pb_text][\/et_pb_column][\/et_pb_row][\/et_pb_section]<\/p>\n","protected":false},"excerpt":{"rendered":"<p>Nuestro centro ofrece una formaci\u00f3n integral y de calidad, adaptada a las necesidades y aspiraciones de su alumnado. Educaci\u00f3n Secundaria Obligatoria (ESO) Impartimos los cuatro cursos de la ESO, donde el alumnado adquiere una s\u00f3lida base en las distintas \u00e1reas del conocimiento. Durante esta etapa se potencia el aprendizaje competencial, el trabajo en equipo y [&hellip;]<\/p>\n","protected":false},"author":21101,"featured_media":0,"parent":0,"menu_order":0,"comment_status":"closed","ping_status":"closed","template":"","meta":{"_et_pb_use_builder":"on","_et_pb_old_content":"","_et_gb_content_width":"","ngg_post_thumbnail":0,"footnotes":""},"aioseo_notices":[],"_links":{"self":[{"href":"https:\/\/blogsaverroes.juntadeandalucia.es\/ies-arcelacis-santaella\/wp-json\/wp\/v2\/pages\/1653"}],"collection":[{"href":"https:\/\/blogsaverroes.juntadeandalucia.es\/ies-arcelacis-santaella\/wp-json\/wp\/v2\/pages"}],"about":[{"href":"https:\/\/blogsaverroes.juntadeandalucia.es\/ies-arcelacis-santaella\/wp-json\/wp\/v2\/types\/page"}],"author":[{"embeddable":true,"href":"https:\/\/blogsaverroes.juntadeandalucia.es\/ies-arcelacis-santaella\/wp-json\/wp\/v2\/users\/21101"}],"replies":[{"embeddable":true,"href":"https:\/\/blogsaverroes.juntadeandalucia.es\/ies-arcelacis-santaella\/wp-json\/wp\/v2\/comments?post=1653"}],"version-history":[{"count":8,"href":"https:\/\/blogsaverroes.juntadeandalucia.es\/ies-arcelacis-santaella\/wp-json\/wp\/v2\/pages\/1653\/revisions"}],"predecessor-version":[{"id":1815,"href":"https:\/\/blogsaverroes.juntadeandalucia.es\/ies-arcelacis-santaella\/wp-json\/wp\/v2\/pages\/1653\/revisions\/1815"}],"wp:attachment":[{"href":"https:\/\/blogsaverroes.juntadeandalucia.es\/ies-arcelacis-santaella\/wp-json\/wp\/v2\/media?parent=1653"}],"curies":[{"name":"wp","href":"https:\/\/api.w.org\/{rel}","templated":true}]}}